{"id":1141,"date":"2019-05-27T15:55:04","date_gmt":"2019-05-27T13:55:04","guid":{"rendered":"https:\/\/puycapel.fr\/?page_id=1141"},"modified":"2024-12-18T21:08:49","modified_gmt":"2024-12-18T20:08:49","slug":"les-equipements","status":"publish","type":"page","link":"https:\/\/puycapel.fr\/index.php\/les-equipements\/","title":{"rendered":"Equipements et loisirs"},"content":{"rendered":"\n<p>Toutes les infos touristiques&nbsp;: CALVINET&nbsp;: agence postale, MOURJOU&nbsp;: m\u00e9diath\u00e8que ou <a href=\"https:\/\/chataigneraie-cantal.com\/\">https:\/\/chataigneraie-cantal.com\/<\/a> <\/p>\n\n\n\n<p><strong>Bornes wifi<\/strong>&nbsp;: CALVINET&nbsp;: agence\npostale, MOURJOU parking devant la mairie et salle d\u2019activit\u00e9s<\/p>\n\n\n\n<p><strong>Terrains de sport<\/strong> \u00e0 Calvinet et Mourjou<\/p>\n\n\n\n<p><strong>Salles des f\u00eates<\/strong> \u00e0 Calvinet et Mourjou (grande capacit\u00e9). R\u00e9servation des salles aupr\u00e8s de la mairie. <\/p>\n\n\n\n<p>Tarifs : * habitants de la commune (et descendants directs) : 200\u20ac   *habitants ext\u00e9rieurs: 400\u20ac. Gratuit\u00e9 pour les associations communales et intercommunales. CAUTION: 500\u20ac (mat\u00e9riel) et 100\u20ac (m\u00e9nage).<\/p>\n\n\n\n<h4 class=\"wp-block-heading\">*Camping (aire naturelle -ouvert du 1er juillet au 31 ao\u00fbt):<\/h4>\n\n\n\n<p>Situ\u00e9e \u00e0 proximit\u00e9 du terrain de foot, l\u2019aire naturelle de Calvinet vous permettra de vous d\u00e9tendre en toute tranquillit\u00e9. Cette aire dispose de plusieurs emplacements, d\u2019un local avec les sanitaires.<\/p>\n\n\n\n<p>Tarifs&nbsp;: campeur 2 \u20ac \/&nbsp;v\u00e9hicule 1\u20ac \/ tente 1\u20ac\n\/caravane ou camping car 2\u20ac \/ branchement \u00e9lectrique 2\u20ac \/&nbsp;Renseignements\n:&nbsp;04 71 49 94 32.<\/p>\n\n\n\n<h4 class=\"wp-block-heading\">* Baignade :<\/h4>\n\n\n\n<p class=\"has-luminous-vivid-orange-background-color has-background\">La baignade communale de l\u2019Estanquiol restera ferm\u00e9e cette ann\u00e9e 2024, et les activit\u00e9s de p\u00eache seront prohib\u00e9es, en raison d\u2019analyses d\u00e9montrant la permanence d\u2019un niveau trop \u00e9lev\u00e9 de cyanobact\u00e9ries.<\/p>\n\n\n\n<p>La commune a engag\u00e9 depuis l\u2019ann\u00e9e derni\u00e8re une r\u00e9flexion avec le syndicat mixte C\u00e9l\u00e9-Lot m\u00e9dian, qui a pris la mesure du probl\u00e8me, qui existe dans de nombreux lacs et baignades dans les d\u00e9partements du Cantal, du Lot et de l\u2019Aveyron.<\/p>\n\n\n\n<p>Une solution p\u00e9renne, respectueuse du milieu naturel et de la biodiversit\u00e9 devrait \u00eatre propos\u00e9e suite aux conclusions de l\u2019\u00e9tude r\u00e9alis\u00e9e par le syndicat, et de son aide pour la recherche de financements.<\/p>\n\n\n\n<p><\/p>\n\n\n<figure class=\"wp-block-image alignright is-resized\"><img data-recalc-dims=\"1\" loading=\"lazy\" decoding=\"async\" width=\"259\" height=\"194\" data-attachment-id=\"1140\" data-permalink=\"https:\/\/puycapel.fr\/eau-calvinet\/\" data-orig-file=\"https:\/\/i0.wp.com\/puycapel.fr\/wp-content\/uploads\/2019\/05\/eau-calvinet.jpg?fit=259%2C194&amp;ssl=1\" data-orig-size=\"259,194\" data-comments-opened=\"0\" data-image-meta=\"{&quot;aperture&quot;:&quot;0&quot;,&quot;credit&quot;:&quot;&quot;,&quot;camera&quot;:&quot;&quot;,&quot;caption&quot;:&quot;&quot;,&quot;created_timestamp&quot;:&quot;0&quot;,&quot;copyright&quot;:&quot;&quot;,&quot;focal_length&quot;:&quot;0&quot;,&quot;iso&quot;:&quot;0&quot;,&quot;shutter_speed&quot;:&quot;0&quot;,&quot;title&quot;:&quot;&quot;,&quot;orientation&quot;:&quot;0&quot;}\" data-image-title=\"eau-calvinet\" data-image-description=\"\" data-image-caption=\"\" data-large-file=\"https:\/\/i0.wp.com\/puycapel.fr\/wp-content\/uploads\/2019\/05\/eau-calvinet.jpg?fit=259%2C194&amp;ssl=1\" src=\"https:\/\/i0.wp.com\/puycapel.fr\/wp-content\/uploads\/2019\/05\/eau-calvinet.jpg?resize=259%2C194&#038;ssl=1\" alt=\"\" class=\"wp-image-1140\" style=\"width:221px;height:166px\"\/><\/figure>\n\n\n<p><strong>    <\/strong><a href=\"http:\/\/www.calvinet.fr\/wp-content\/uploads\/2015\/04\/etang-5.jpg\"><\/a><\/p>\n\n\n\n<h4 class=\"wp-block-heading\">*Tennis<\/h4>\n\n\n\n<p>1 court de tennis est  \u00e0 votre disposition pr\u00e8s du terrain de sport de Calvinet. Des cours de mini-tennis&nbsp;sont dispens\u00e9s chaque ann\u00e9e ainsi que des stages de perfectionnement. Renseignements compl\u00e9mentaires aupr\u00e8s de l\u2019association du tennis club de la ch\u00e2taigneraie.&nbsp; R\u00e9servation des courts au Caf\u00e9 des Sports, place Jean de Bonnefon \u00e0 Calvinet&nbsp;: t\u00e9l. 04 71 49 97 61&nbsp;. <\/p>\n\n\n\n<h4 class=\"wp-block-heading\">*Terrain multisport<\/h4>\n\n\n\n<p>Le terrain de tennis n\u00b02 \u00e0 Calvinet a \u00e9t\u00e9 transform\u00e9 en terrain multisport. D\u00e9sormais vous disposez d&rsquo;une surface en gazon synth\u00e9tique sableux, de poteaux de basket sur une largeur, de buts de mini hand et d&rsquo;un filet ajustable en hauteur. Il est donc possible d&rsquo;y jouer au basket, tennis, hand, foot, badmington, volley ou encore taper quelques balles contre le mur de tennis en solo ou \u00e0 plusieurs. <a href=\"https:\/\/puycapel.fr\/wp-content\/uploads\/2021\/07\/reglement-terrain-mutli.pdf\">R\u00e8glement d&rsquo;utilisation.<\/a><\/p>\n\n\n\n<h4 class=\"wp-block-heading\">*Ping Pong<\/h4>\n\n\n\n<p>Des tables de tennis de table sont en acc\u00e9s libre au terrain de sport de Calvinet et sous la salle des f\u00eates de Mourjou <\/p>\n\n\n\n<h4 class=\"wp-block-heading\">*P\u00eache<\/h4>\n\n\n\n<p>OUVERTURE de fin juin \u00e0 d\u00e9but septembre (date disponibles\nen mairie) de 7 heures du matin \u00e0 19 heures, les autorisations seront accord\u00e9es\naux p\u00eacheurs qui en feront la demande et qui auront acquitt\u00e9 le prix du ticket\nfix\u00e9 par le conseil Municipal dans sa d\u00e9lib\u00e9ration du 1er septembre 2009.<\/p>\n\n\n\n<p>Le ticket d\u2019une valeur de 6 euros, tarif D, autorise de\np\u00eacher \u00e0 l\u2019aide d\u2019une ligne ordinaire pourvue ou non d\u2019un moulinet pour la\njourn\u00e9e, et celui de 40 euros, tarif E, pendant la saison.<\/p>\n\n\n\n<p>Les autorisations de p\u00eacher sont personnelles. Elles ne\nsont donc valables que pour la personne d\u00e9sign\u00e9e sur le ticket. Un p\u00eacheur ne\npourra se servir que d\u2019une seule ligne.<\/p>\n\n\n\n<p>Le p\u00eacheur devra \u00eatre en possession du ticket et le\npr\u00e9senter \u00e0 toute r\u00e9quisition.<\/p>\n\n\n\n<p>Les autorisations sont strictement r\u00e9serv\u00e9es aux amateurs.\nIl est donc formellement interdit d\u2019app\u00e2ter les poissons.<\/p>\n\n\n\n<p>Les prises sont limit\u00e9es \u00e0 5 par jour pour la truite.<\/p>\n\n\n\n<p>La p\u00eache aux \u00e9crevisses est formellement interdite. Les\ndimensions r\u00e9glementaires du poisson doivent \u00eatre respect\u00e9es. En cons\u00e9quence\nles truites mesurant moins de 20\n cm, ainsi que les carpes et les tanches mesurant moins\nde 12 cm\ndoivent \u00eatre rejet\u00e9es. Il n\u2019est pas prescrit de dimensions pour les gardons,\nles goujons et les vairons.<\/p>\n\n\n\n<p><strong>Les tickets sont en vente \u00e0 l&rsquo;AGENCE POSTALE COMMUNALE (lundi \u00e0 samedi de 9h00\/12h00)<\/strong><\/p>\n\n\n\n<p class=\"has-vivid-red-color has-text-color\"><\/p>\n","protected":false},"excerpt":{"rendered":"<p>Toutes les infos touristiques&nbsp;: CALVINET&nbsp;: agence postale, MOURJOU&nbsp;: m\u00e9diath\u00e8que ou https:\/\/chataigneraie-cantal.com\/ Bornes wifi&nbsp;: CALVINET&nbsp;: agence postale, MOURJOU parking devant la mairie et salle d\u2019activit\u00e9s Terrains de sport \u00e0 Calvinet et Mourjou Salles des f\u00eates \u00e0 Calvinet et Mourjou (grande capacit\u00e9). R\u00e9servation des salles aupr\u00e8s de la mairie. Tarifs : * habitants de la commune (et [&hellip;]<\/p>\n","protected":false},"author":2,"featured_media":0,"parent":0,"menu_order":0,"comment_status":"closed","ping_status":"closed","template":"","meta":{"_exactmetrics_skip_tracking":false,"_exactmetrics_sitenote_active":false,"_exactmetrics_sitenote_note":"","_exactmetrics_sitenote_category":0,"jetpack_post_was_ever_published":false,"footnotes":""},"class_list":["post-1141","page","type-page","status-publish","hentry"],"jetpack_sharing_enabled":true,"jetpack_shortlink":"https:\/\/wp.me\/PaADkW-ip","jetpack-related-posts":[{"id":9786,"url":"https:\/\/puycapel.fr\/index.php\/contacts-renseignements\/","url_meta":{"origin":1141,"position":0},"title":"Contacts &amp; renseignements","author":"Mairie Puycapel","date":"17 f\u00e9vrier 2025","format":false,"excerpt":"ADRESSES POSTALES MAIRIES Mairie si\u00e8ge CALVINET, 1 place Jean de Bonnefon CALVINET 15340 PUYCAPELMairie d\u00e9l\u00e9gu\u00e9e MOURJOU, Rue du P\u00e9lou MOURJOU 15340 PUYCAPEL HORAIRES D'OUVERTURE AU PUBLIC des MAIRIES: CALVINET : mardi, jeudi, vendredi 13h30 \u00e0 16h30 - T\u00e9l\u00e9phone: 04 71 49 94 32 MOURJOU : mardi, jeudi, vendredi 9h00 \u00e0\u2026","rel":"","context":"Article similaire","block_context":{"text":"Article similaire","link":""},"img":{"alt_text":"","src":"","width":0,"height":0},"classes":[]},{"id":656,"url":"https:\/\/puycapel.fr\/index.php\/les-bonnes-adresses\/commerces-et-services\/","url_meta":{"origin":1141,"position":1},"title":"Commerces et services","author":"Mairie Puycapel","date":"18 mars 2019","format":false,"excerpt":"Agriculture Proxiel \u2013 aliment b\u00e9tail, engrais\u00a0: Rue du Colombier CALVINET Alimentation EPICERIE\u00a0: SARL ROUQUIER Sup\u00e9rette 8 \u00e0 8: Alimentation g\u00e9n\u00e9rale, produits r\u00e9gionaux et locaux, presse, fruits et l\u00e9gumes, fromage \u00e0 la coupe, charcuterie etc. \u2013 Rue de la Ch\u00e2taigneraie CALVINET T\u00e9l : \u00a004 71 49 91 65 ou sarl.rouquier@orange.fr BOULANGERIE:\u2026","rel":"","context":"Article similaire","block_context":{"text":"Article similaire","link":""},"img":{"alt_text":"","src":"","width":0,"height":0},"classes":[]},{"id":3412,"url":"https:\/\/puycapel.fr\/index.php\/services-municipaux\/","url_meta":{"origin":1141,"position":2},"title":"Services municipaux","author":"Mairie Puycapel","date":"18 janvier 2021","format":false,"excerpt":"Tatiana MARIE agent administratif affect\u00e9 au secr\u00e9tariat de Mairie Nathalie ROBERT-MALVEZIN Agent administratif affect\u00e9 au secr\u00e9tariat de mairie, animation, communication Christian CHARMES Agent technique Hubert MOLENAT Agent technique Brigitte BRU - animation des TAP et gestion de la m\u00e9diath\u00e8que Claudine LACASSAGNE -ATSEM Sandrine MAURY-LASSERONAgent administratif affect\u00e9 \u00e0 l'Agence Postale et\u2026","rel":"","context":"Article similaire","block_context":{"text":"Article similaire","link":""},"img":{"alt_text":"","src":"https:\/\/i0.wp.com\/puycapel.fr\/wp-content\/uploads\/2021\/01\/nath-scaled.jpg?resize=350%2C200&ssl=1","width":350,"height":200,"srcset":"https:\/\/i0.wp.com\/puycapel.fr\/wp-content\/uploads\/2021\/01\/nath-scaled.jpg?resize=350%2C200&ssl=1 1x, https:\/\/i0.wp.com\/puycapel.fr\/wp-content\/uploads\/2021\/01\/nath-scaled.jpg?resize=525%2C300&ssl=1 1.5x, https:\/\/i0.wp.com\/puycapel.fr\/wp-content\/uploads\/2021\/01\/nath-scaled.jpg?resize=700%2C400&ssl=1 2x, https:\/\/i0.wp.com\/puycapel.fr\/wp-content\/uploads\/2021\/01\/nath-scaled.jpg?resize=1050%2C600&ssl=1 3x, https:\/\/i0.wp.com\/puycapel.fr\/wp-content\/uploads\/2021\/01\/nath-scaled.jpg?resize=1400%2C800&ssl=1 4x"},"classes":[]},{"id":1761,"url":"https:\/\/puycapel.fr\/index.php\/calvinet-au-moyen-age\/","url_meta":{"origin":1141,"position":3},"title":"Calvinet au moyen Age","author":"Antoine Puech","date":"24 novembre 2019","format":false,"excerpt":"La charte des habitants de Calvinet au Moyen Age Ci dessous, disponible en t\u00e9l\u00e9chargement, un expos\u00e9 de la \u00ab\u00a0Charte des habitants de calvinet\u00a0\u00bb qui a \u00e9t\u00e9 pr\u00e9sent\u00e9e\u00a0par Guy Ouillade le 7 Juillet 2017 \u00e0 la salle des f\u00eates de Calvinet. Calvinet-au-XIII-pr\u00e9sentation-imprimableT\u00e9l\u00e9charger Conf\u00e9rence sur Calvinet au Moyen Age Le support de\u2026","rel":"","context":"Article similaire","block_context":{"text":"Article similaire","link":""},"img":{"alt_text":"","src":"https:\/\/i0.wp.com\/www.calvinet.fr\/wp-content\/uploads\/2016\/10\/mail-Antoine-2-1-300x178.jpg?resize=350%2C200","width":350,"height":200},"classes":[]},{"id":828,"url":"https:\/\/puycapel.fr\/","url_meta":{"origin":1141,"position":4},"title":"Bienvenue sur le site internet de Puycapel","author":"Mairie Puycapel","date":"18 avril 2019","format":false,"excerpt":"Bienvenue sur le site officiel de la commune de Puycapel. N\u00e9e du regroupement des communes de Calvinet et de Mourjou, Puycapel, situ\u00e9e en Ch\u00e2taigneraie cantalienne, canton de Maurs, est une commune nouvelle (depuis le 1er janvier 2019) qui rassemble pr\u00e8s de 800 habitants. Sur ce site internet retrouvez toutes les\u2026","rel":"","context":"Article similaire","block_context":{"text":"Article similaire","link":""},"img":{"alt_text":"","src":"https:\/\/i0.wp.com\/puycapel.fr\/wp-content\/uploads\/2021\/12\/image-neige-village.jpg?resize=350%2C200&ssl=1","width":350,"height":200,"srcset":"https:\/\/i0.wp.com\/puycapel.fr\/wp-content\/uploads\/2021\/12\/image-neige-village.jpg?resize=350%2C200&ssl=1 1x, https:\/\/i0.wp.com\/puycapel.fr\/wp-content\/uploads\/2021\/12\/image-neige-village.jpg?resize=525%2C300&ssl=1 1.5x, https:\/\/i0.wp.com\/puycapel.fr\/wp-content\/uploads\/2021\/12\/image-neige-village.jpg?resize=700%2C400&ssl=1 2x, https:\/\/i0.wp.com\/puycapel.fr\/wp-content\/uploads\/2021\/12\/image-neige-village.jpg?resize=1050%2C600&ssl=1 3x, https:\/\/i0.wp.com\/puycapel.fr\/wp-content\/uploads\/2021\/12\/image-neige-village.jpg?resize=1400%2C800&ssl=1 4x"},"classes":[]},{"id":2370,"url":"https:\/\/puycapel.fr\/index.php\/location-de-vacances-a-puycapel\/","url_meta":{"origin":1141,"position":5},"title":"Locations de vacances \u00e0 Puycapel","author":"Antoine Puech","date":"7 avril 2020","format":false,"excerpt":"Chambres d'h\u00e9bergement: Auberge communale - Mourjou: 4 chambres d\u2019h\u00f4tes -dont 1 pour personnes \u00e0 mobilit\u00e9 r\u00e9duite et 1 familiale. Renseignements au 04 71 48 25 47 (https:\/\/www.facebook.com\/aubergedemourjou) G\u00eetes et meubl\u00e9s par ordre alphab\u00e9tique: trouvez dans ce tableau les liens email , sites web et t\u00e9l\u00e9phone lorsque disponibles Propri\u00e9taires - emailLocalisationSite\u2026","rel":"","context":"Article similaire","block_context":{"text":"Article similaire","link":""},"img":{"alt_text":"","src":"","width":0,"height":0},"classes":[]}],"_links":{"self":[{"href":"https:\/\/puycapel.fr\/index.php\/wp-json\/wp\/v2\/pages\/1141","targetHints":{"allow":["GET"]}}],"collection":[{"href":"https:\/\/puycapel.fr\/index.php\/wp-json\/wp\/v2\/pages"}],"about":[{"href":"https:\/\/puycapel.fr\/index.php\/wp-json\/wp\/v2\/types\/page"}],"author":[{"embeddable":true,"href":"https:\/\/puycapel.fr\/index.php\/wp-json\/wp\/v2\/users\/2"}],"replies":[{"embeddable":true,"href":"https:\/\/puycapel.fr\/index.php\/wp-json\/wp\/v2\/comments?post=1141"}],"version-history":[{"count":16,"href":"https:\/\/puycapel.fr\/index.php\/wp-json\/wp\/v2\/pages\/1141\/revisions"}],"predecessor-version":[{"id":9677,"href":"https:\/\/puycapel.fr\/index.php\/wp-json\/wp\/v2\/pages\/1141\/revisions\/9677"}],"wp:attachment":[{"href":"https:\/\/puycapel.fr\/index.php\/wp-json\/wp\/v2\/media?parent=1141"}],"curies":[{"name":"wp","href":"https:\/\/api.w.org\/{rel}","templated":true}]}}