{"id":145,"date":"2019-01-16T21:36:50","date_gmt":"2019-01-16T20:36:50","guid":{"rendered":"https:\/\/puycapel.fr\/?page_id=145"},"modified":"2026-01-26T21:49:14","modified_gmt":"2026-01-26T20:49:14","slug":"formalites-administratives","status":"publish","type":"page","link":"https:\/\/puycapel.fr\/index.php\/accueil\/contactez-nous\/formalites-administratives\/","title":{"rendered":"Formalit\u00e9s administratives"},"content":{"rendered":"\n<h2 class=\"wp-block-heading\">SECRETARIAT DE MAIRIE<\/h2>\n\n\n\n<p>Tatiana MARIE et Nathalie ROBERT-MALVEZIN vous accueillent au secr\u00e9tariat \u00e0 Mourjou les matins de 9h00 \u00e0 12h00 (mardi, jeudi et vendredi) &#8211; T 04 71 49 96 37 et \u00e0 Calvinet les apr\u00e8s-midi de 13h30 \u00e0 16h30 (mardi, jeudi et vendredi) &#8211; T 04 71 49 94 32. Courriel: <a href=\"mailto:mairie@puycapel.fr\" data-type=\"mailto\" data-id=\"mailto:mairie@puycapel.fr\">mairie@puycapel.fr<\/a><\/p>\n\n\n\n<h2 class=\"wp-block-heading\">AGENCE POSTALE DE CALVINET<\/h2>\n\n\n\n<p>Ouverture du lundi au samedi de 9h \u00e0 12h <\/p>\n\n\n\n<h2 class=\"wp-block-heading\">LIVRET DE FAMILLE<\/h2>\n\n\n\n<p>Document d\u00e9livr\u00e9 en Mairie lors du mariage.<br>Pour les parents c\u00e9libataires, il est d\u00e9livr\u00e9 par la Mairie du lieu de naissance du 1er enfant.<br>En cas de perte, demander un duplicata \u00e0 la Mairie qui vous l\u2019a d\u00e9livr\u00e9 la 1\u00e8re fois. Fournir l\u2019\u00e9tat civil des personnes inscrites dessus. Gratuit.<\/p>\n\n\n\n<h2 class=\"wp-block-heading\">\u00c9TAT CIVIL<\/h2>\n\n\n\n<h3 class=\"wp-block-heading\">Mariage<\/h3>\n\n\n\n<p>Dossier \u00e0 retirer en Mairie le plus t\u00f4t possible et \u00e0 remplir.<\/p>\n\n\n\n<p>Fournir :<\/p>\n\n\n\n<ul class=\"wp-block-list\">\n<li>une copie int\u00e9grale d\u2019acte de naissance datant de moins de 3 mois (1 pour chaque \u00e9poux) \u00e0 demander \u00e0 la mairie de naissance.<\/li>\n\n\n\n<li>Photocopie de la pi\u00e8ce d\u2019identit\u00e9 pour chacun des \u00e9poux.<\/li>\n\n\n\n<li>Chacun une attestation de domicile ou de r\u00e9sidence (joindre justificatif).<\/li>\n\n\n\n<li>Si contrat de mariage, le certificat de contrat de mariage remis par le notaire.<\/li>\n\n\n\n<li>Copie de la carte nationale d\u2019identit\u00e9 plus un justificatif de domicile pour chaque t\u00e9moin (2 maximum chacun).<\/li>\n<\/ul>\n\n\n\n<p>D\u00e9p\u00f4t de tout le dossier 2 mois minimum avant la date du mariage.<\/p>\n\n\n\n<p>Si un des \u00e9poux est n\u00e9 \u00e0 l\u2019\u00e9tranger pr\u00e9voir la traduction des documents en fran\u00e7ais par un traducteur d\u00e9sign\u00e9 par la pr\u00e9fecture. Fournir un certificat de c\u00e9libat et un certificat de coutume. Pr\u00e9voir le d\u00e9p\u00f4t du dossier au plus t\u00f4t selon coutume du pays.<\/p>\n\n\n\n<h3 class=\"wp-block-heading\">D\u00e9c\u00e8s<\/h3>\n\n\n\n<p>Pour d\u00e9clarer un d\u00e9c\u00e8s, se pr\u00e9senter \u00e0 la Mairie du lieu de d\u00e9c\u00e8s dans les 24h avec le livret de famille du d\u00e9funt et le certificat m\u00e9dical constatant le d\u00e9c\u00e8s.<\/p>\n\n\n\n<h3 class=\"wp-block-heading\">Reconnaissance anticip\u00e9e<\/h3>\n\n\n\n<p>Pour les parents non mari\u00e9s, le futur papa doit venir en Mairie avec sa carte d\u2019identit\u00e9 et un justificatif de domicile et ceux de la future maman.<\/p>\n\n\n\n<h2 class=\"wp-block-heading\"><a href=\"https:\/\/www.service-public.gouv.fr\/particuliers\/vosdroits\/N359\" target=\"_blank\" rel=\"noreferrer noopener\">EXTRAIT D\u2019ACTE D\u2019\u00c9TAT CIVIL<\/a><\/h2>\n\n\n\n<h3 class=\"wp-block-heading\">Extrait d\u2019acte de naissance<\/h3>\n\n\n\n<ul class=\"wp-block-list\">\n<li>S\u2019adresser \u00e0 la Mairie du lieu de naissance.<\/li>\n\n\n\n<li>Faire une demande \u00e9crite en pr\u00e9cisant votre nom et date de naissance, joindre une enveloppe timbr\u00e9e.<\/li>\n<\/ul>\n\n\n\n<p>Pour les Mairies les plus importantes, la demande peut se faire sur internet.<\/p>\n\n\n\n<h3 class=\"wp-block-heading\">Extrait d\u2019acte de mariage<\/h3>\n\n\n\n<ul class=\"wp-block-list\">\n<li>S\u2019adresser \u00e0 la Mairie du lieu de mariage.<\/li>\n\n\n\n<li>une demande \u00e9crite en pr\u00e9cisant le nom des \u00e9poux et date du mariage, joindre une enveloppe timbr\u00e9e.<\/li>\n<\/ul>\n\n\n\n<h3 class=\"wp-block-heading\">Extrait d\u2019acte de d\u00e9c\u00e8s<\/h3>\n\n\n\n<ul class=\"wp-block-list\">\n<li>S\u2019adresser \u00e0 la Mairie du lieu de d\u00e9c\u00e8s ou \u00e0 la Mairie du lieu de r\u00e9sidence du d\u00e9funt.<\/li>\n\n\n\n<li>Faire une demande \u00e9crite en pr\u00e9cisant le nom du d\u00e9funt et date du d\u00e9c\u00e8s, joindre une enveloppe timbr\u00e9e.<\/li>\n<\/ul>\n\n\n\n<h2 class=\"wp-block-heading\">CITOYENNET\u00c9<\/h2>\n\n\n\n<h3 class=\"wp-block-heading\"><a href=\"https:\/\/www.service-public.gouv.fr\/particuliers\/vosdroits\/R16024\" target=\"_blank\" rel=\"noreferrer noopener\">Inscriptions sur les listes \u00e9lectorales<\/a><\/h3>\n\n\n\n<ul class=\"wp-block-list\">\n<li>Avoir 18 ans et \u00eatre de nationalit\u00e9 fran\u00e7aise.<\/li>\n\n\n\n<li>S\u2019adresser&nbsp;<a href=\"https:\/\/mdel.mon.service-public.fr\/inscription-listes-electorales.html\" target=\"_blank\" rel=\"noreferrer noopener\">ici<\/a>&nbsp;ou \u00e0 la Mairie du domicile avec sa carte d\u2019identit\u00e9 et un justificatif de domicile.<\/li>\n<\/ul>\n\n\n\n<p>Inscription toute l\u2019ann\u00e9e.<\/p>\n\n\n\n<h3 class=\"wp-block-heading\"><a href=\"https:\/\/www.service-public.gouv.fr\/particuliers\/vosdroits\/R2054\" target=\"_blank\" rel=\"noreferrer noopener\">Recensement militaire (recensement citoyen)<\/a><\/h3>\n\n\n\n<p>Fournir :<\/p>\n\n\n\n<ul class=\"wp-block-list\">\n<li>le livret de famille des parents<\/li>\n\n\n\n<li>carte d\u2019identit\u00e9<\/li>\n\n\n\n<li>justificatif de domicile<\/li>\n<\/ul>\n\n\n\n<p>Fournir \u00e9galement la carte d\u2019identit\u00e9 des parents s\u2019ils sont n\u00e9s \u00e0 l\u2019\u00e9tranger.<\/p>\n\n\n\n<p>Apr\u00e8s avoir proc\u00e9d\u00e9 au recensement, le jeune devra accomplir, sur un site militaire, une journ\u00e9e d\u00e9fense et citoyennet\u00e9 (JDC).<\/p>\n\n\n\n<h2 class=\"wp-block-heading\">DOCUMENTS OFFICIELS D\u2019IDENTIT\u00c9<\/h2>\n\n\n\n<h3 class=\"wp-block-heading\">Carte nationale d\u2019identit\u00e9 (CNI)<\/h3>\n\n\n\n<p>S\u2019adresser aux mairies d\u2019Aurillac, Maurs et Arpajon sur rendez-vous.<\/p>\n\n\n\n<p>Depuis le 1er janvier 2014, la dur\u00e9e de validit\u00e9 des cartes nationales d\u2019identit\u00e9 (CNI) d\u00e9livr\u00e9es aux personnes majeures est pass\u00e9e de 10 \u00e0 15 ans. Attention, cette prolongation ne concerne pas les CNI d\u00e9livr\u00e9es aux mineurs qui resteront toujours valables 10 ans.<\/p>\n\n\n\n<p>Cet allongement de 5 ans concerne \u00e0 la fois :<\/p>\n\n\n\n<ul class=\"wp-block-list\">\n<li>les nouvelles CNI d\u00e9livr\u00e9es \u00e0 partir du 1er janvier 2014,<\/li>\n\n\n\n<li>les CNI d\u00e9livr\u00e9es entre le 2 janvier 2004 et le 31 d\u00e9cembre 2013.<\/li>\n<\/ul>\n\n\n\n<p>Pour les CNI d\u00e9livr\u00e9es entre le 2 janvier 2004 et le 31 d\u00e9cembre 2013, cette prolongation de 5 ans n\u2019implique aucune d\u00e9marche particuli\u00e8re de la part des usagers, la date de validit\u00e9 inscrite sur le titre n\u2019\u00e9tant pas modifi\u00e9e.<\/p>\n\n\n\n<p>S\u2019adresser dans les mairies d\u2019Aurillac, Maurs et Arpajon sur rendez-vous. D\u00e9lai 1 mois.<\/p>\n\n\n\n<p>Renouvellement d\u2019une carte p\u00e9rim\u00e9e plastifi\u00e9e : ancienne carte d\u2019identit\u00e9, justificatif de domicile (moins de 6 mois), 2 photos sur fond clair (ne pas d\u00e9couper). Empreinte et signature (d\u00e8s 13 ans) au d\u00e9p\u00f4t du dossier. Gratuit.<\/p>\n\n\n\n<p>Renouvellement d\u2019une carte p\u00e9rim\u00e9e cartonn\u00e9e : m\u00eames pi\u00e8ces et extrait d\u2019acte de naissance avec filiation de moins de 3 mois.<\/p>\n\n\n\n<p>En cas de perte ou vol : m\u00eames pi\u00e8ces, attestation de perte\/vol et 25 \u20ac en timbre fiscal.<\/p>\n\n\n\n<p>Pour les mineurs : copie de la carte d\u2019identit\u00e9 du parent qui d\u00e9pose la demande.<\/p>\n\n\n\n<h3 class=\"wp-block-heading\">Passeport<\/h3>\n\n\n\n<p>\nS\u2019adresser dans les mairies d\u2019Aurillac, Maurs et Arpajon sur rendez-vous.\n\n<\/p>\n\n\n\n<h2 class=\"wp-block-heading\">SORTIE DE TERRITOIRE<\/h2>\n\n\n\n<p>Ce document qui permettait \u00e0 un enfant de circuler dans certains pays sans \u00eatre accompagn\u00e9 de ses parents, est supprim\u00e9 depuis le 1er janvier 2013.<\/p>\n\n\n\n<p>D\u00e9sormais, l\u2019enfant \u2013 qu\u2019il soit accompagn\u00e9 ou non \u2013 peut voyager \u00e0 l\u2019\u00e9tranger avec :<\/p>\n\n\n\n<ul class=\"wp-block-list\">\n<li>soit sa carte nationale d\u2019identit\u00e9 seulement (notamment pour les pays de l\u2019Union europ\u00e9enne, de l\u2019espace Schengen, et la Suisse).<\/li>\n\n\n\n<li>soit son passeport<\/li>\n\n\n\n<li>soit son passeport accompagn\u00e9 d\u2019un visa.<\/li>\n<\/ul>\n\n\n\n<p>Il convient de se renseigner au pr\u00e9alable sur les documents exig\u00e9s par le pays de destination.<\/p>\n\n\n\n<h2 class=\"wp-block-heading\">CERTIFICAT DE NATIONALIT\u00c9<\/h2>\n\n\n\n<p>S\u2019adresser au greffe du Tribunal d\u2019instance du domicile, muni du livret de famille et de toute pi\u00e8ce prouvant sa nationalit\u00e9.<\/p>\n\n\n\n<h2 class=\"wp-block-heading\">CASIER JUDICIAIRE<\/h2>\n\n\n\n<p>S\u2019adresser 107 rue Landreau 44079 Nantes Cedex.<br>Indiquer son \u00e9tat civil.<br>Les personnes n\u00e9es \u00e0 l\u2019\u00e9tranger doivent s\u2019adresser au service central du casier judiciaire de Nantes, sauf pour les personnes n\u00e9es dans les Dom-Tom.<\/p>\n\n\n\n<h2 class=\"wp-block-heading\">PACTE CIVIL DE SOLIDARIT\u00c9 (PACS)<\/h2>\n\n\n\n<p>Le PACS est un contrat. Il est conclu entre deux personnes physiques pour organiser leur vie commune (remplace le certificat de concubinage). S\u2019adresser \u00e0 la mairie de r\u00e9sidence.<\/p>\n\n\n\n<h2 class=\"wp-block-heading\">PARRAINAGE CIVIL<\/h2>\n\n\n\n<p>Fournir l\u2019acte de naissance de moins de 3 mois de l\u2019enfant, un justificatif de domicile, le livret de famille des parents, la carte d\u2019identit\u00e9 et un justificatif de domicile des parrain et marraine. D\u00e9p\u00f4t de tout le dossier 1 mois minimum avant la date du parrainage.<\/p>\n\n\n\n<p>Le bapt\u00eame civil n\u2019\u00e9tant pr\u00e9vu par aucun texte l\u00e9gislatif, les maires ne sont donc pas tenus de le c\u00e9l\u00e9brer. Les certificats d\u00e9livr\u00e9s pour l\u2019occasion ne pr\u00e9sentent aucune valeur juridique.<\/p>\n\n\n\n<h2 class=\"wp-block-heading\">CHIENS DANGEREUX<\/h2>\n\n\n\n<p>Les propri\u00e9taires ou les d\u00e9tenteurs de chiens de 1\u00e8re cat\u00e9gorie (chiens d\u2019attaque : Pitbull, Boer bull et les chiens d\u2019apparence Tosa-Inu) ou 2\u00e8me cat\u00e9gorie (chiens de garde et de d\u00e9fense : Staffordshire bull terrier, American Staffordshire terrier, Rottweiler et Tosa-Inu) ou encore des chiens consid\u00e9r\u00e9s comme dangereux car susceptibles de pr\u00e9senter un risque pour les habitants ou les animaux domestiques, doivent disposer d\u2019un permis de d\u00e9tention obligatoire. Il est remis \u00e0 l\u2019issue d\u2019une formation que doit suivre le propri\u00e9taire ou le d\u00e9tenteur du chien et d\u2019une \u00e9valuation comportementale de l\u2019animal.<\/p>\n\n\n\n<p>Tout fait de morsure d\u2019une personne par un chien doit \u00eatre d\u00e9clar\u00e9 \u00e0 la mairie de la commune de r\u00e9sidence du propri\u00e9taire ou d\u00e9tenteur.<\/p>\n\n\n\n<h2 class=\"wp-block-heading\">OP\u00c9RATION TRANQUILLIT\u00c9 VACANCES<\/h2>\n\n\n\n<p>Lorsque vous vous absentez, les services de police ou de gendarmerie peuvent, \u00e0 votre demande, surveiller votre domicile ou votre commerce au cours de leurs patrouilles quotidiennes.<\/p>\n\n\n\n<p><a href=\"https:\/\/www.gendarmerie.interieur.gouv.fr\/conseils\/habitation\/proteger-mon-domicile-quand-je-pars-en-vacances\">Avant votre d\u00e9part, inscrivez-vous aupr\u00e8s de la brigade de gendarmerie ou du commissariat de police en suivant ce lien<\/a>. Ils effectueront des passages r\u00e9guliers \u00e0 votre domicile en votre absence.<\/p>\n\n\n\n<p>Renseignements au\u00a0<a href=\"tel:04%2071%2049%2020%2004\" target=\"_blank\" rel=\"noreferrer noopener\">04 71 49 20 04<\/a>\u00a0et sur le site Internet de la\u00a0Pr\u00e9fecture du Cantal.<\/p>\n\n\n\n<h2 class=\"wp-block-heading\">CERTIFICAT D&rsquo;IMMATRICULATION<\/h2>\n\n\n\n<p>Depuis novembre 2017, les demandes li\u00e9es au certificat d&rsquo;immatriculation (ex carte grise), ne se font plus en Pr\u00e9fectures ni Sous-Pr\u00e9fectures.<br>Il convient dor\u00e9navant de faire les demandes :<br>\u2022 En ligne, sur le site de officiel de l&rsquo;ANTS : <a href=\"https:\/\/immatriculation.ants.gouv.fr\/\">https:\/\/immatriculation.ants.gouv.fr\/<\/a><br>\u2022 Aupr\u00e8s d&rsquo;un garagiste agr\u00e9\u00e9 au SIV (Syst\u00e8me d&rsquo;Immatriculation des V\u00e9hicules) : Garagistes dans le d\u00e9partement du Cantal<br>Pour en savoir sur le prix du certificat d&rsquo;immatriculation et \u00e9viter les arnaques, vous pouvez consulter ce guide pratique.<\/p>\n\n\n\n<p>N.B.: Pendant la p\u00e9riode d\u2019\u00e9tat d\u2019urgence sanitaire, les d\u00e9lais de traitement de ces demandes sont plus longs qu\u2019habituellement.<\/p>\n\n\n\n<h3 class=\"wp-block-heading\">Lien du Service Public<\/h3>\n\n\n\n<p><a href=\"https:\/\/www.service-public.fr\/\">http:\/\/www.service-public.fr\/<\/a><\/p>\n","protected":false},"excerpt":{"rendered":"<p>SECRETARIAT DE MAIRIE Tatiana MARIE et Nathalie ROBERT-MALVEZIN vous accueillent au secr\u00e9tariat \u00e0 Mourjou les matins de 9h00 \u00e0 12h00 (mardi, jeudi et vendredi) &#8211; T 04 71 49 96 37 et \u00e0 Calvinet les apr\u00e8s-midi de 13h30 \u00e0 16h30 (mardi, jeudi et vendredi) &#8211; T 04 71 49 94 32. Courriel: mairie@puycapel.fr AGENCE POSTALE [&hellip;]<\/p>\n","protected":false},"author":3,"featured_media":0,"parent":83,"menu_order":0,"comment_status":"closed","ping_status":"closed","template":"","meta":{"_exactmetrics_skip_tracking":false,"_exactmetrics_sitenote_active":false,"_exactmetrics_sitenote_note":"","_exactmetrics_sitenote_category":0,"jetpack_post_was_ever_published":false,"footnotes":""},"class_list":["post-145","page","type-page","status-publish","hentry"],"jetpack_sharing_enabled":true,"jetpack_shortlink":"https:\/\/wp.me\/PaADkW-2l","jetpack-related-posts":[{"id":83,"url":"https:\/\/puycapel.fr\/index.php\/accueil\/contactez-nous\/","url_meta":{"origin":145,"position":0},"title":"La municipalit\u00e9","author":"admin5620","date":"2 janvier 2019","format":false,"excerpt":"Tatiana et Nathalie vous accueillent aux secr\u00e9tariats de Mairie Calvinet: Mardi, jeudi et vendredi de 13h30 \u00e0 16h30 Place Jean de Bonnefon Calvinet T\u00e9l. 04 71 49 94 32 Mourjou: Mardi, jeudi et vendredi matin\u00a0de 9h \u00e0 12h00. Le bourg Mourjou Tel :\u00a004 71 49 96 37 Vous pouvez aussi\u2026","rel":"","context":"Article similaire","block_context":{"text":"Article similaire","link":""},"img":{"alt_text":"","src":"","width":0,"height":0},"classes":[]},{"id":9786,"url":"https:\/\/puycapel.fr\/index.php\/contacts-renseignements\/","url_meta":{"origin":145,"position":1},"title":"Contacts &amp; renseignements","author":"Mairie Puycapel","date":"17 f\u00e9vrier 2025","format":false,"excerpt":"ADRESSES POSTALES MAIRIES Mairie si\u00e8ge CALVINET, 1 place Jean de Bonnefon CALVINET 15340 PUYCAPELMairie d\u00e9l\u00e9gu\u00e9e MOURJOU, Rue du P\u00e9lou MOURJOU 15340 PUYCAPEL HORAIRES D'OUVERTURE AU PUBLIC des MAIRIES: CALVINET : mardi, jeudi, vendredi 13h30 \u00e0 16h30 - T\u00e9l\u00e9phone: 04 71 49 94 32 MOURJOU : mardi, jeudi, vendredi 9h00 \u00e0\u2026","rel":"","context":"Article similaire","block_context":{"text":"Article similaire","link":""},"img":{"alt_text":"","src":"","width":0,"height":0},"classes":[]},{"id":2883,"url":"https:\/\/puycapel.fr\/index.php\/urbanisme\/","url_meta":{"origin":145,"position":2},"title":"Urbanisme","author":"Mairie Puycapel","date":"4 septembre 2020","format":false,"excerpt":"--En priorit\u00e9 d\u00e9posez vos demandes d'urbanisme le mardi, jeudi matin (Mourjou) et vendredi apr\u00e8s-midi (Calvinet)- Les dossiers d'urbanisme sont enregistr\u00e9s en mairie et instruits ensuite par le Service ADS (Autorisation Droit des Sols) de la Communaut\u00e9 d'Agglom\u00e9ration du Bassin d'Aurillac. Pour toute demande de renseignements sur votre projet vous pouvez\u2026","rel":"","context":"Article similaire","block_context":{"text":"Article similaire","link":""},"img":{"alt_text":"","src":"","width":0,"height":0},"classes":[]},{"id":677,"url":"https:\/\/puycapel.fr\/index.php\/la-sante\/","url_meta":{"origin":145,"position":3},"title":"La sant\u00e9","author":"Mairie Puycapel","date":"18 mars 2019","format":false,"excerpt":"D\u00e9fibrillateurs : sur le mur ext\u00e9rieur gauche de la salle polyvalente, rue du Colombier \u00e0 CALVINET et dans le hall de la mairie \u00e0 MOURJOU MEDECINS Anne-Sophie MARRE-VOREUX & Pauline MERCIER:\u00a0M\u00e9decins g\u00e9n\u00e9ralistes- Maison de sant\u00e9-Route de la gendarmerie RD 66 CALVINET-04 71 49 17 40 \u2013\u00a0Sur RDV du lundi au\u2026","rel":"","context":"Article similaire","block_context":{"text":"Article similaire","link":""},"img":{"alt_text":"","src":"","width":0,"height":0},"classes":[]},{"id":3755,"url":"https:\/\/puycapel.fr\/index.php\/test-carte-terrains-a-vendre\/","url_meta":{"origin":145,"position":4},"title":"Terrains \u00e0 vendre \u00e0 Puycapel","author":"Antoine Puech","date":"3 avril 2021","format":false,"excerpt":"Des terrains constructibles sont \u00e0 vendre \u00e0 PUYCAPEL. Pour tous renseignements contactez la mairie : MOURJOU (matin) 04 71 49 96 37 CALVINET (apr\u00e8s-midi) 04 71 49 94 32","rel":"","context":"Article similaire","block_context":{"text":"Article similaire","link":""},"img":{"alt_text":"","src":"","width":0,"height":0},"classes":[]},{"id":656,"url":"https:\/\/puycapel.fr\/index.php\/les-bonnes-adresses\/commerces-et-services\/","url_meta":{"origin":145,"position":5},"title":"Commerces et services","author":"Mairie Puycapel","date":"18 mars 2019","format":false,"excerpt":"Agriculture Proxiel \u2013 aliment b\u00e9tail, engrais\u00a0: Rue du Colombier CALVINET Alimentation EPICERIE\u00a0: SARL ROUQUIER Sup\u00e9rette 8 \u00e0 8: Alimentation g\u00e9n\u00e9rale, produits r\u00e9gionaux et locaux, presse, fruits et l\u00e9gumes, fromage \u00e0 la coupe, charcuterie etc. \u2013 Rue de la Ch\u00e2taigneraie CALVINET T\u00e9l : \u00a004 71 49 91 65 ou sarl.rouquier@orange.fr BOULANGERIE:\u2026","rel":"","context":"Article similaire","block_context":{"text":"Article similaire","link":""},"img":{"alt_text":"","src":"","width":0,"height":0},"classes":[]}],"_links":{"self":[{"href":"https:\/\/puycapel.fr\/index.php\/wp-json\/wp\/v2\/pages\/145","targetHints":{"allow":["GET"]}}],"collection":[{"href":"https:\/\/puycapel.fr\/index.php\/wp-json\/wp\/v2\/pages"}],"about":[{"href":"https:\/\/puycapel.fr\/index.php\/wp-json\/wp\/v2\/types\/page"}],"author":[{"embeddable":true,"href":"https:\/\/puycapel.fr\/index.php\/wp-json\/wp\/v2\/users\/3"}],"replies":[{"embeddable":true,"href":"https:\/\/puycapel.fr\/index.php\/wp-json\/wp\/v2\/comments?post=145"}],"version-history":[{"count":23,"href":"https:\/\/puycapel.fr\/index.php\/wp-json\/wp\/v2\/pages\/145\/revisions"}],"predecessor-version":[{"id":10780,"href":"https:\/\/puycapel.fr\/index.php\/wp-json\/wp\/v2\/pages\/145\/revisions\/10780"}],"up":[{"embeddable":true,"href":"https:\/\/puycapel.fr\/index.php\/wp-json\/wp\/v2\/pages\/83"}],"wp:attachment":[{"href":"https:\/\/puycapel.fr\/index.php\/wp-json\/wp\/v2\/media?parent=145"}],"curies":[{"name":"wp","href":"https:\/\/api.w.org\/{rel}","templated":true}]}}