{"id":3412,"date":"2021-01-18T14:00:57","date_gmt":"2021-01-18T13:00:57","guid":{"rendered":"https:\/\/puycapel.fr\/?page_id=3412"},"modified":"2025-11-27T15:22:36","modified_gmt":"2025-11-27T14:22:36","slug":"services-municipaux","status":"publish","type":"page","link":"https:\/\/puycapel.fr\/index.php\/services-municipaux\/","title":{"rendered":"Services municipaux"},"content":{"rendered":"<div class=\"wp-block-image\">\n<figure class=\"aligncenter size-full\"><img data-recalc-dims=\"1\" loading=\"lazy\" decoding=\"async\" width=\"282\" height=\"296\" data-attachment-id=\"10627\" data-permalink=\"https:\/\/puycapel.fr\/index.php\/services-municipaux\/image-57\/\" data-orig-file=\"https:\/\/i0.wp.com\/puycapel.fr\/wp-content\/uploads\/2025\/11\/image.png?fit=282%2C296&amp;ssl=1\" data-orig-size=\"282,296\" data-comments-opened=\"0\" data-image-meta=\"{&quot;aperture&quot;:&quot;0&quot;,&quot;credit&quot;:&quot;&quot;,&quot;camera&quot;:&quot;&quot;,&quot;caption&quot;:&quot;&quot;,&quot;created_timestamp&quot;:&quot;0&quot;,&quot;copyright&quot;:&quot;&quot;,&quot;focal_length&quot;:&quot;0&quot;,&quot;iso&quot;:&quot;0&quot;,&quot;shutter_speed&quot;:&quot;0&quot;,&quot;title&quot;:&quot;&quot;,&quot;orientation&quot;:&quot;0&quot;}\" data-image-title=\"image\" data-image-description=\"\" data-image-caption=\"\" data-large-file=\"https:\/\/i0.wp.com\/puycapel.fr\/wp-content\/uploads\/2025\/11\/image.png?fit=282%2C296&amp;ssl=1\" src=\"https:\/\/i0.wp.com\/puycapel.fr\/wp-content\/uploads\/2025\/11\/image.png?resize=282%2C296&#038;ssl=1\" alt=\"\" class=\"wp-image-10627\"\/><\/figure>\n<\/div>\n\n\n<p class=\"has-text-align-center\">Tatiana MARIE agent administratif affect\u00e9 au secr\u00e9tariat de Mairie<\/p>\n\n\n<div class=\"wp-block-image is-resized is-style-rounded\">\n<figure class=\"alignright size-large\"><img data-recalc-dims=\"1\" loading=\"lazy\" decoding=\"async\" width=\"768\" height=\"1024\" data-attachment-id=\"3426\" data-permalink=\"https:\/\/puycapel.fr\/index.php\/services-municipaux\/nath\/\" data-orig-file=\"https:\/\/i0.wp.com\/puycapel.fr\/wp-content\/uploads\/2021\/01\/nath-scaled.jpg?fit=1920%2C2560&amp;ssl=1\" data-orig-size=\"1920,2560\" data-comments-opened=\"0\" data-image-meta=\"{&quot;aperture&quot;:&quot;2.2&quot;,&quot;credit&quot;:&quot;&quot;,&quot;camera&quot;:&quot;SM-J320FN&quot;,&quot;caption&quot;:&quot;&quot;,&quot;created_timestamp&quot;:&quot;1590490527&quot;,&quot;copyright&quot;:&quot;&quot;,&quot;focal_length&quot;:&quot;1.924&quot;,&quot;iso&quot;:&quot;50&quot;,&quot;shutter_speed&quot;:&quot;0.03030303030303&quot;,&quot;title&quot;:&quot;&quot;,&quot;orientation&quot;:&quot;1&quot;}\" data-image-title=\"nath\" data-image-description=\"\" data-image-caption=\"\" data-large-file=\"https:\/\/i0.wp.com\/puycapel.fr\/wp-content\/uploads\/2021\/01\/nath-scaled.jpg?fit=768%2C1024&amp;ssl=1\" src=\"https:\/\/i0.wp.com\/puycapel.fr\/wp-content\/uploads\/2021\/01\/nath.jpg?resize=768%2C1024&#038;ssl=1\" alt=\"\" class=\"wp-image-3426\" style=\"width:682px;height:auto\" srcset=\"https:\/\/i0.wp.com\/puycapel.fr\/wp-content\/uploads\/2021\/01\/nath-scaled.jpg?resize=768%2C1024&amp;ssl=1 768w, https:\/\/i0.wp.com\/puycapel.fr\/wp-content\/uploads\/2021\/01\/nath-scaled.jpg?resize=225%2C300&amp;ssl=1 225w, https:\/\/i0.wp.com\/puycapel.fr\/wp-content\/uploads\/2021\/01\/nath-scaled.jpg?resize=1152%2C1536&amp;ssl=1 1152w, https:\/\/i0.wp.com\/puycapel.fr\/wp-content\/uploads\/2021\/01\/nath-scaled.jpg?resize=1536%2C2048&amp;ssl=1 1536w, https:\/\/i0.wp.com\/puycapel.fr\/wp-content\/uploads\/2021\/01\/nath-scaled.jpg?resize=1320%2C1760&amp;ssl=1 1320w, https:\/\/i0.wp.com\/puycapel.fr\/wp-content\/uploads\/2021\/01\/nath-scaled.jpg?w=1920&amp;ssl=1 1920w\" sizes=\"auto, (max-width: 768px) 100vw, 768px\" \/><figcaption class=\"wp-element-caption\">Nathalie ROBERT-MALVEZIN Agent administratif affect\u00e9 au secr\u00e9tariat de mairie, animation, communication<br><br><br><\/figcaption><\/figure>\n<\/div>\n\n<div class=\"wp-block-image is-resized is-style-rounded\">\n<figure class=\"alignleft size-large\"><img data-recalc-dims=\"1\" loading=\"lazy\" decoding=\"async\" width=\"755\" height=\"1024\" data-attachment-id=\"3415\" data-permalink=\"https:\/\/puycapel.fr\/index.php\/services-municipaux\/charmes-c2\/\" data-orig-file=\"https:\/\/i0.wp.com\/puycapel.fr\/wp-content\/uploads\/2021\/01\/charmes-c2.jpg?fit=955%2C1296&amp;ssl=1\" data-orig-size=\"955,1296\" data-comments-opened=\"0\" data-image-meta=\"{&quot;aperture&quot;:&quot;0&quot;,&quot;credit&quot;:&quot;&quot;,&quot;camera&quot;:&quot;&quot;,&quot;caption&quot;:&quot;&quot;,&quot;created_timestamp&quot;:&quot;1591605694&quot;,&quot;copyright&quot;:&quot;&quot;,&quot;focal_length&quot;:&quot;0&quot;,&quot;iso&quot;:&quot;0&quot;,&quot;shutter_speed&quot;:&quot;0&quot;,&quot;title&quot;:&quot;&quot;,&quot;orientation&quot;:&quot;1&quot;}\" data-image-title=\"charmes-c2\" data-image-description=\"\" data-image-caption=\"\" data-large-file=\"https:\/\/i0.wp.com\/puycapel.fr\/wp-content\/uploads\/2021\/01\/charmes-c2.jpg?fit=755%2C1024&amp;ssl=1\" src=\"https:\/\/i0.wp.com\/puycapel.fr\/wp-content\/uploads\/2021\/01\/charmes-c2.jpg?resize=755%2C1024&#038;ssl=1\" alt=\"\" class=\"wp-image-3415\" srcset=\"https:\/\/i0.wp.com\/puycapel.fr\/wp-content\/uploads\/2021\/01\/charmes-c2.jpg?resize=755%2C1024&amp;ssl=1 755w, https:\/\/i0.wp.com\/puycapel.fr\/wp-content\/uploads\/2021\/01\/charmes-c2.jpg?resize=221%2C300&amp;ssl=1 221w, https:\/\/i0.wp.com\/puycapel.fr\/wp-content\/uploads\/2021\/01\/charmes-c2.jpg?resize=768%2C1042&amp;ssl=1 768w, https:\/\/i0.wp.com\/puycapel.fr\/wp-content\/uploads\/2021\/01\/charmes-c2.jpg?w=955&amp;ssl=1 955w\" sizes=\"auto, (max-width: 755px) 100vw, 755px\" \/><figcaption class=\"wp-element-caption\">              Christian CHARMES                        Agent technique<\/figcaption><\/figure>\n<\/div>\n\n<div class=\"wp-block-image is-resized is-style-rounded\">\n<figure class=\"alignright size-large\"><img data-recalc-dims=\"1\" loading=\"lazy\" decoding=\"async\" width=\"735\" height=\"1024\" data-attachment-id=\"3416\" data-permalink=\"https:\/\/puycapel.fr\/index.php\/services-municipaux\/hubert2\/\" data-orig-file=\"https:\/\/i0.wp.com\/puycapel.fr\/wp-content\/uploads\/2021\/01\/Hubert2-scaled.jpg?fit=1838%2C2560&amp;ssl=1\" data-orig-size=\"1838,2560\" data-comments-opened=\"0\" data-image-meta=\"{&quot;aperture&quot;:&quot;1.9&quot;,&quot;credit&quot;:&quot;&quot;,&quot;camera&quot;:&quot;POCOPHONE F1&quot;,&quot;caption&quot;:&quot;&quot;,&quot;created_timestamp&quot;:&quot;1591542949&quot;,&quot;copyright&quot;:&quot;&quot;,&quot;focal_length&quot;:&quot;3.94&quot;,&quot;iso&quot;:&quot;1360&quot;,&quot;shutter_speed&quot;:&quot;0.02&quot;,&quot;title&quot;:&quot;&quot;,&quot;orientation&quot;:&quot;1&quot;}\" data-image-title=\"Hubert2\" data-image-description=\"\" data-image-caption=\"\" data-large-file=\"https:\/\/i0.wp.com\/puycapel.fr\/wp-content\/uploads\/2021\/01\/Hubert2-scaled.jpg?fit=735%2C1024&amp;ssl=1\" src=\"https:\/\/i0.wp.com\/puycapel.fr\/wp-content\/uploads\/2021\/01\/Hubert2.jpg?resize=735%2C1024&#038;ssl=1\" alt=\"\" class=\"wp-image-3416\" srcset=\"https:\/\/i0.wp.com\/puycapel.fr\/wp-content\/uploads\/2021\/01\/Hubert2-scaled.jpg?resize=735%2C1024&amp;ssl=1 735w, https:\/\/i0.wp.com\/puycapel.fr\/wp-content\/uploads\/2021\/01\/Hubert2-scaled.jpg?resize=215%2C300&amp;ssl=1 215w, https:\/\/i0.wp.com\/puycapel.fr\/wp-content\/uploads\/2021\/01\/Hubert2-scaled.jpg?resize=768%2C1070&amp;ssl=1 768w, https:\/\/i0.wp.com\/puycapel.fr\/wp-content\/uploads\/2021\/01\/Hubert2-scaled.jpg?resize=1103%2C1536&amp;ssl=1 1103w, https:\/\/i0.wp.com\/puycapel.fr\/wp-content\/uploads\/2021\/01\/Hubert2-scaled.jpg?resize=1471%2C2048&amp;ssl=1 1471w, https:\/\/i0.wp.com\/puycapel.fr\/wp-content\/uploads\/2021\/01\/Hubert2-scaled.jpg?resize=1320%2C1838&amp;ssl=1 1320w, https:\/\/i0.wp.com\/puycapel.fr\/wp-content\/uploads\/2021\/01\/Hubert2-scaled.jpg?w=1838&amp;ssl=1 1838w\" sizes=\"auto, (max-width: 735px) 100vw, 735px\" \/><figcaption class=\"wp-element-caption\">              Hubert MOLENAT                              Agent technique<\/figcaption><\/figure>\n<\/div>\n\n\n<p><\/p>\n\n\n<div class=\"wp-block-image is-resized is-style-rounded\">\n<figure class=\"alignright size-large\"><img data-recalc-dims=\"1\" loading=\"lazy\" decoding=\"async\" width=\"767\" height=\"1024\" data-attachment-id=\"3420\" data-permalink=\"https:\/\/puycapel.fr\/index.php\/services-municipaux\/brigitte-bru\/\" data-orig-file=\"https:\/\/i0.wp.com\/puycapel.fr\/wp-content\/uploads\/2021\/01\/Brigitte-BRU.jpg?fit=1098%2C1466&amp;ssl=1\" data-orig-size=\"1098,1466\" data-comments-opened=\"0\" data-image-meta=\"{&quot;aperture&quot;:&quot;1.7&quot;,&quot;credit&quot;:&quot;&quot;,&quot;camera&quot;:&quot;SM-A705FN&quot;,&quot;caption&quot;:&quot;&quot;,&quot;created_timestamp&quot;:&quot;1591109360&quot;,&quot;copyright&quot;:&quot;&quot;,&quot;focal_length&quot;:&quot;3.92&quot;,&quot;iso&quot;:&quot;125&quot;,&quot;shutter_speed&quot;:&quot;0.02&quot;,&quot;title&quot;:&quot;&quot;,&quot;orientation&quot;:&quot;1&quot;}\" data-image-title=\"Brigitte-BRU\" data-image-description=\"\" data-image-caption=\"\" data-large-file=\"https:\/\/i0.wp.com\/puycapel.fr\/wp-content\/uploads\/2021\/01\/Brigitte-BRU.jpg?fit=767%2C1024&amp;ssl=1\" src=\"https:\/\/i0.wp.com\/puycapel.fr\/wp-content\/uploads\/2021\/01\/Brigitte-BRU.jpg?resize=767%2C1024&#038;ssl=1\" alt=\"\" class=\"wp-image-3420\" srcset=\"https:\/\/i0.wp.com\/puycapel.fr\/wp-content\/uploads\/2021\/01\/Brigitte-BRU.jpg?resize=767%2C1024&amp;ssl=1 767w, https:\/\/i0.wp.com\/puycapel.fr\/wp-content\/uploads\/2021\/01\/Brigitte-BRU.jpg?resize=225%2C300&amp;ssl=1 225w, https:\/\/i0.wp.com\/puycapel.fr\/wp-content\/uploads\/2021\/01\/Brigitte-BRU.jpg?resize=768%2C1025&amp;ssl=1 768w, https:\/\/i0.wp.com\/puycapel.fr\/wp-content\/uploads\/2021\/01\/Brigitte-BRU.jpg?w=1098&amp;ssl=1 1098w\" sizes=\"auto, (max-width: 767px) 100vw, 767px\" \/><figcaption class=\"wp-element-caption\">Brigitte BRU &#8211; animation des TAP et gestion de la m\u00e9diath\u00e8que <\/figcaption><\/figure>\n<\/div>\n\n<div class=\"wp-block-image is-resized is-style-rounded\">\n<figure class=\"alignleft size-large\"><img data-recalc-dims=\"1\" loading=\"lazy\" decoding=\"async\" width=\"844\" height=\"1024\" data-attachment-id=\"3419\" data-permalink=\"https:\/\/puycapel.fr\/index.php\/services-municipaux\/claudine\/\" data-orig-file=\"https:\/\/i0.wp.com\/puycapel.fr\/wp-content\/uploads\/2021\/01\/Claudine.jpg?fit=1974%2C2396&amp;ssl=1\" data-orig-size=\"1974,2396\" data-comments-opened=\"0\" data-image-meta=\"{&quot;aperture&quot;:&quot;0&quot;,&quot;credit&quot;:&quot;&quot;,&quot;camera&quot;:&quot;&quot;,&quot;caption&quot;:&quot;&quot;,&quot;created_timestamp&quot;:&quot;0&quot;,&quot;copyright&quot;:&quot;&quot;,&quot;focal_length&quot;:&quot;0&quot;,&quot;iso&quot;:&quot;0&quot;,&quot;shutter_speed&quot;:&quot;0&quot;,&quot;title&quot;:&quot;&quot;,&quot;orientation&quot;:&quot;0&quot;}\" data-image-title=\"Claudine\" data-image-description=\"\" data-image-caption=\"\" data-large-file=\"https:\/\/i0.wp.com\/puycapel.fr\/wp-content\/uploads\/2021\/01\/Claudine.jpg?fit=844%2C1024&amp;ssl=1\" src=\"https:\/\/i0.wp.com\/puycapel.fr\/wp-content\/uploads\/2021\/01\/Claudine.jpg?resize=844%2C1024&#038;ssl=1\" alt=\"\" class=\"wp-image-3419\" srcset=\"https:\/\/i0.wp.com\/puycapel.fr\/wp-content\/uploads\/2021\/01\/Claudine.jpg?resize=844%2C1024&amp;ssl=1 844w, https:\/\/i0.wp.com\/puycapel.fr\/wp-content\/uploads\/2021\/01\/Claudine.jpg?resize=247%2C300&amp;ssl=1 247w, https:\/\/i0.wp.com\/puycapel.fr\/wp-content\/uploads\/2021\/01\/Claudine.jpg?resize=768%2C932&amp;ssl=1 768w, https:\/\/i0.wp.com\/puycapel.fr\/wp-content\/uploads\/2021\/01\/Claudine.jpg?resize=1265%2C1536&amp;ssl=1 1265w, https:\/\/i0.wp.com\/puycapel.fr\/wp-content\/uploads\/2021\/01\/Claudine.jpg?resize=1687%2C2048&amp;ssl=1 1687w, https:\/\/i0.wp.com\/puycapel.fr\/wp-content\/uploads\/2021\/01\/Claudine.jpg?resize=1320%2C1602&amp;ssl=1 1320w, https:\/\/i0.wp.com\/puycapel.fr\/wp-content\/uploads\/2021\/01\/Claudine.jpg?w=1974&amp;ssl=1 1974w\" sizes=\"auto, (max-width: 844px) 100vw, 844px\" \/><figcaption class=\"wp-element-caption\">Claudine LACASSAGNE -ATSEM<\/figcaption><\/figure>\n<\/div>\n\n<div class=\"wp-block-image is-resized is-style-rounded\">\n<figure class=\"alignleft size-large\"><img data-recalc-dims=\"1\" loading=\"lazy\" decoding=\"async\" width=\"768\" height=\"1024\" data-attachment-id=\"3421\" data-permalink=\"https:\/\/puycapel.fr\/index.php\/services-municipaux\/sandrine\/\" data-orig-file=\"https:\/\/i0.wp.com\/puycapel.fr\/wp-content\/uploads\/2021\/01\/Sandrine-scaled.jpg?fit=1920%2C2560&amp;ssl=1\" data-orig-size=\"1920,2560\" data-comments-opened=\"0\" data-image-meta=\"{&quot;aperture&quot;:&quot;0&quot;,&quot;credit&quot;:&quot;&quot;,&quot;camera&quot;:&quot;&quot;,&quot;caption&quot;:&quot;&quot;,&quot;created_timestamp&quot;:&quot;0&quot;,&quot;copyright&quot;:&quot;&quot;,&quot;focal_length&quot;:&quot;0&quot;,&quot;iso&quot;:&quot;0&quot;,&quot;shutter_speed&quot;:&quot;0&quot;,&quot;title&quot;:&quot;&quot;,&quot;orientation&quot;:&quot;1&quot;}\" data-image-title=\"Sandrine\" data-image-description=\"\" data-image-caption=\"\" data-large-file=\"https:\/\/i0.wp.com\/puycapel.fr\/wp-content\/uploads\/2021\/01\/Sandrine-scaled.jpg?fit=768%2C1024&amp;ssl=1\" src=\"https:\/\/i0.wp.com\/puycapel.fr\/wp-content\/uploads\/2021\/01\/Sandrine.jpg?resize=768%2C1024&#038;ssl=1\" alt=\"\" class=\"wp-image-3421\" srcset=\"https:\/\/i0.wp.com\/puycapel.fr\/wp-content\/uploads\/2021\/01\/Sandrine-scaled.jpg?resize=768%2C1024&amp;ssl=1 768w, https:\/\/i0.wp.com\/puycapel.fr\/wp-content\/uploads\/2021\/01\/Sandrine-scaled.jpg?resize=225%2C300&amp;ssl=1 225w, https:\/\/i0.wp.com\/puycapel.fr\/wp-content\/uploads\/2021\/01\/Sandrine-scaled.jpg?resize=1152%2C1536&amp;ssl=1 1152w, https:\/\/i0.wp.com\/puycapel.fr\/wp-content\/uploads\/2021\/01\/Sandrine-scaled.jpg?resize=1536%2C2048&amp;ssl=1 1536w, https:\/\/i0.wp.com\/puycapel.fr\/wp-content\/uploads\/2021\/01\/Sandrine-scaled.jpg?resize=1320%2C1760&amp;ssl=1 1320w, https:\/\/i0.wp.com\/puycapel.fr\/wp-content\/uploads\/2021\/01\/Sandrine-scaled.jpg?w=1920&amp;ssl=1 1920w\" sizes=\"auto, (max-width: 768px) 100vw, 768px\" \/><figcaption class=\"wp-element-caption\">Sandrine MAURY-LASSERON<br>Agent administratif affect\u00e9 \u00e0 l&rsquo;Agence Postale et animation des TAP<br><br><br>Francine OLIVIER agent technique affect\u00e9 \u00e0 l&rsquo;entretien des locaux et animation des TAP<\/figcaption><\/figure>\n<\/div>\n\n<div class=\"wp-block-image is-resized is-style-rounded\">\n<figure class=\"alignright size-large\"><img data-recalc-dims=\"1\" loading=\"lazy\" decoding=\"async\" width=\"700\" height=\"1024\" data-attachment-id=\"3422\" data-permalink=\"https:\/\/puycapel.fr\/index.php\/services-municipaux\/brigitte-calmes\/\" data-orig-file=\"https:\/\/i0.wp.com\/puycapel.fr\/wp-content\/uploads\/2021\/01\/Brigitte-CALMES.jpg?fit=831%2C1215&amp;ssl=1\" data-orig-size=\"831,1215\" data-comments-opened=\"0\" data-image-meta=\"{&quot;aperture&quot;:&quot;0&quot;,&quot;credit&quot;:&quot;&quot;,&quot;camera&quot;:&quot;&quot;,&quot;caption&quot;:&quot;&quot;,&quot;created_timestamp&quot;:&quot;1591352663&quot;,&quot;copyright&quot;:&quot;&quot;,&quot;focal_length&quot;:&quot;0&quot;,&quot;iso&quot;:&quot;0&quot;,&quot;shutter_speed&quot;:&quot;0&quot;,&quot;title&quot;:&quot;&quot;,&quot;orientation&quot;:&quot;1&quot;}\" data-image-title=\"Brigitte-CALMES\" data-image-description=\"\" data-image-caption=\"\" data-large-file=\"https:\/\/i0.wp.com\/puycapel.fr\/wp-content\/uploads\/2021\/01\/Brigitte-CALMES.jpg?fit=700%2C1024&amp;ssl=1\" src=\"https:\/\/i0.wp.com\/puycapel.fr\/wp-content\/uploads\/2021\/01\/Brigitte-CALMES.jpg?resize=700%2C1024&#038;ssl=1\" alt=\"\" class=\"wp-image-3422\" srcset=\"https:\/\/i0.wp.com\/puycapel.fr\/wp-content\/uploads\/2021\/01\/Brigitte-CALMES.jpg?resize=700%2C1024&amp;ssl=1 700w, https:\/\/i0.wp.com\/puycapel.fr\/wp-content\/uploads\/2021\/01\/Brigitte-CALMES.jpg?resize=205%2C300&amp;ssl=1 205w, https:\/\/i0.wp.com\/puycapel.fr\/wp-content\/uploads\/2021\/01\/Brigitte-CALMES.jpg?resize=768%2C1123&amp;ssl=1 768w, https:\/\/i0.wp.com\/puycapel.fr\/wp-content\/uploads\/2021\/01\/Brigitte-CALMES.jpg?w=831&amp;ssl=1 831w\" sizes=\"auto, (max-width: 700px) 100vw, 700px\" \/><figcaption class=\"wp-element-caption\">Brigitte CALMES agent technique affect\u00e9 \u00e0 la cantine -CALVINET<\/figcaption><\/figure>\n<\/div>\n\n<div class=\"wp-block-image is-resized is-style-rounded\">\n<figure class=\"alignleft size-large\"><img data-recalc-dims=\"1\" loading=\"lazy\" decoding=\"async\" width=\"228\" height=\"290\" data-attachment-id=\"3423\" data-permalink=\"https:\/\/puycapel.fr\/index.php\/services-municipaux\/cathyb\/\" data-orig-file=\"https:\/\/i0.wp.com\/puycapel.fr\/wp-content\/uploads\/2021\/01\/Cathyb.jpg?fit=228%2C290&amp;ssl=1\" data-orig-size=\"228,290\" data-comments-opened=\"0\" data-image-meta=\"{&quot;aperture&quot;:&quot;0&quot;,&quot;credit&quot;:&quot;&quot;,&quot;camera&quot;:&quot;&quot;,&quot;caption&quot;:&quot;&quot;,&quot;created_timestamp&quot;:&quot;1591184354&quot;,&quot;copyright&quot;:&quot;&quot;,&quot;focal_length&quot;:&quot;0&quot;,&quot;iso&quot;:&quot;0&quot;,&quot;shutter_speed&quot;:&quot;0&quot;,&quot;title&quot;:&quot;&quot;,&quot;orientation&quot;:&quot;1&quot;}\" data-image-title=\"Cathyb\" data-image-description=\"\" data-image-caption=\"\" data-large-file=\"https:\/\/i0.wp.com\/puycapel.fr\/wp-content\/uploads\/2021\/01\/Cathyb.jpg?fit=228%2C290&amp;ssl=1\" src=\"https:\/\/i0.wp.com\/puycapel.fr\/wp-content\/uploads\/2021\/01\/Cathyb.jpg?resize=228%2C290&#038;ssl=1\" alt=\"\" class=\"wp-image-3423\" style=\"width:778px;height:auto\"\/><figcaption class=\"wp-element-caption\">Cathy AYMAR agent technique affect\u00e9 \u00e0 la cantine &#8211; MOURJOU<\/figcaption><\/figure>\n<\/div>\n\n\n<p><\/p>\n\n\n\n<p><\/p>\n","protected":false},"excerpt":{"rendered":"<p>Tatiana MARIE agent administratif affect\u00e9 au secr\u00e9tariat de Mairie<\/p>\n","protected":false},"author":2,"featured_media":0,"parent":0,"menu_order":0,"comment_status":"closed","ping_status":"closed","template":"","meta":{"_exactmetrics_skip_tracking":false,"_exactmetrics_sitenote_active":false,"_exactmetrics_sitenote_note":"","_exactmetrics_sitenote_category":0,"jetpack_post_was_ever_published":false,"footnotes":""},"class_list":["post-3412","page","type-page","status-publish","hentry"],"jetpack_sharing_enabled":true,"jetpack_shortlink":"https:\/\/wp.me\/PaADkW-T2","jetpack-related-posts":[{"id":83,"url":"https:\/\/puycapel.fr\/index.php\/accueil\/contactez-nous\/","url_meta":{"origin":3412,"position":0},"title":"La municipalit\u00e9","author":"admin5620","date":"2 janvier 2019","format":false,"excerpt":"Tatiana et Nathalie vous accueillent aux secr\u00e9tariats de Mairie Calvinet: Mardi, jeudi et vendredi de 13h30 \u00e0 16h30 Place Jean de Bonnefon Calvinet T\u00e9l. 04 71 49 94 32 Mourjou: Mardi, jeudi et vendredi matin\u00a0de 9h \u00e0 12h00. Le bourg Mourjou Tel :\u00a004 71 49 96 37 Vous pouvez aussi\u2026","rel":"","context":"Article similaire","block_context":{"text":"Article similaire","link":""},"img":{"alt_text":"","src":"","width":0,"height":0},"classes":[]},{"id":145,"url":"https:\/\/puycapel.fr\/index.php\/accueil\/contactez-nous\/formalites-administratives\/","url_meta":{"origin":3412,"position":1},"title":"Formalit\u00e9s administratives","author":"Antoine Puech","date":"16 janvier 2019","format":false,"excerpt":"SECRETARIAT DE MAIRIE Tatiana MARIE et Nathalie ROBERT-MALVEZIN vous accueillent au secr\u00e9tariat \u00e0 Mourjou les matins de 9h00 \u00e0 12h00 (mardi, jeudi et vendredi) - T 04 71 49 96 37 et \u00e0 Calvinet les apr\u00e8s-midi de 13h30 \u00e0 16h30 (mardi, jeudi et vendredi) - T 04 71 49 94\u2026","rel":"","context":"Article similaire","block_context":{"text":"Article similaire","link":""},"img":{"alt_text":"","src":"","width":0,"height":0},"classes":[]},{"id":2883,"url":"https:\/\/puycapel.fr\/index.php\/urbanisme\/","url_meta":{"origin":3412,"position":2},"title":"Urbanisme","author":"Mairie Puycapel","date":"4 septembre 2020","format":false,"excerpt":"--En priorit\u00e9 d\u00e9posez vos demandes d'urbanisme le mardi, jeudi matin (Mourjou) et vendredi apr\u00e8s-midi (Calvinet)- Les dossiers d'urbanisme sont enregistr\u00e9s en mairie et instruits ensuite par le Service ADS (Autorisation Droit des Sols) de la Communaut\u00e9 d'Agglom\u00e9ration du Bassin d'Aurillac. Pour toute demande de renseignements sur votre projet vous pouvez\u2026","rel":"","context":"Article similaire","block_context":{"text":"Article similaire","link":""},"img":{"alt_text":"","src":"","width":0,"height":0},"classes":[]},{"id":7995,"url":"https:\/\/puycapel.fr\/index.php\/transport-scolaire\/","url_meta":{"origin":3412,"position":3},"title":"Transport scolaire","author":"Mairie Puycapel","date":"27 avril 2023","format":false,"excerpt":"-SERVICE ORGANISE LOCALEMENT PAR LA COMMUNAUTE DE COMMUNES- L\u2019inscription des enfants au transport scolaire organis\u00e9 par la R\u00e9gion Auvergne-Rh\u00f4ne-Alpes et localement par la Communaut\u00e9 de Communes de la Ch\u00e2taigneraie Cantalienne (GPTS\u00a0: Gestionnaire de Proximit\u00e9 des Transports Scolaires),\u00a0s\u2019effectue en ligne.\u00a0 La Communaut\u00e9 de Communes reste l\u2019interlocuteur privil\u00e9gi\u00e9 pour fournir tous les\u2026","rel":"","context":"Article similaire","block_context":{"text":"Article similaire","link":""},"img":{"alt_text":"","src":"","width":0,"height":0},"classes":[]},{"id":92,"url":"https:\/\/puycapel.fr\/index.php\/poitique-de-confidentialite\/","url_meta":{"origin":3412,"position":4},"title":"Politique de Confidentialit\u00e9 et Mentions l\u00e9gales","author":"admin5620","date":"3 janvier 2019","format":false,"excerpt":"Qui sommes-nous\u00a0? L\u2019adresse de notre site Web est\u00a0: https:\/\/www.puycapel.fr. Directeur de la publication : Mr\u00a0Fran\u00e7ois Danemans et Mr Raymond Delcamp Editeur : Mairie de Puycapel H\u00e9bergeur :\u00a0OVH Le contenu est fourni \u00e0 titre informatif et peut contenir des erreurs , nous faisons tout pour y rem\u00e9dier. N\u2019h\u00e9sitez pas \u00e0 nous\u2026","rel":"","context":"Article similaire","block_context":{"text":"Article similaire","link":""},"img":{"alt_text":"","src":"","width":0,"height":0},"classes":[]},{"id":231,"url":"https:\/\/puycapel.fr\/index.php\/accueil\/les-associations-de-puycapel\/comite-danimation-de-calvinet\/","url_meta":{"origin":3412,"position":5},"title":"Comit\u00e9 d&rsquo;animation de Calvinet","author":"Antoine Puech","date":"26 janvier 2019","format":false,"excerpt":"D\u00e9clar\u00e9e le\u00a0 28\/10\/2002 en Pr\u00e9fecture n\u00b0\u00a0:W151000836 Siege social\u00a0 mairie de CALVINET\u00a0 association r\u00e9gie par la loi de 1901 OBJET\u00a0 \/ Animations touristiques, organisation de f\u00eates et spectacles Principales activit\u00e9s\u00a0: *repas\u00a0\/vente choux farcis\u00a0 le 13 juillet \u00a0\u00a0\u00a0\u00a0\u00a0\u00a0\u00a0\u00a0\u00a0\u00a0\u00a0 \u00a0\u00a0\u00a0\u00a0\u00a0\u00a0\u00a0\u00a0\u00a0\u00a0\u00a0\u00a0\u00a0\u00a0\u00a0\u00a0\u00a0\u00a0\u00a0\u00a0\u00a0\u00a0\u00a0\u00a0\u00a0\u00a0\u00a0\u00a0\u00a0\u00a0\u00a0\u00a0\u00a0\u00a0 *pique nique g\u00e9ant le 14 \u00a0 Juillet\u00a0 terrain de foot \u00a0\u00a0\u00a0\u00a0\u00a0\u00a0\u00a0\u00a0\u00a0\u00a0\u00a0\u00a0\u00a0\u00a0\u00a0\u00a0\u00a0\u00a0\u00a0\u00a0\u00a0\u00a0\u00a0\u00a0\u00a0\u00a0\u00a0\u00a0\u00a0\u00a0\u00a0\u00a0\u00a0\u00a0\u00a0\u00a0\u00a0\u00a0\u00a0\u00a0\u00a0\u00a0\u00a0\u00a0\u00a0\u00a0 *d\u00e9cembre organisation\u2026","rel":"","context":"Article similaire","block_context":{"text":"Article similaire","link":""},"img":{"alt_text":"","src":"","width":0,"height":0},"classes":[]}],"_links":{"self":[{"href":"https:\/\/puycapel.fr\/index.php\/wp-json\/wp\/v2\/pages\/3412","targetHints":{"allow":["GET"]}}],"collection":[{"href":"https:\/\/puycapel.fr\/index.php\/wp-json\/wp\/v2\/pages"}],"about":[{"href":"https:\/\/puycapel.fr\/index.php\/wp-json\/wp\/v2\/types\/page"}],"author":[{"embeddable":true,"href":"https:\/\/puycapel.fr\/index.php\/wp-json\/wp\/v2\/users\/2"}],"replies":[{"embeddable":true,"href":"https:\/\/puycapel.fr\/index.php\/wp-json\/wp\/v2\/comments?post=3412"}],"version-history":[{"count":27,"href":"https:\/\/puycapel.fr\/index.php\/wp-json\/wp\/v2\/pages\/3412\/revisions"}],"predecessor-version":[{"id":10631,"href":"https:\/\/puycapel.fr\/index.php\/wp-json\/wp\/v2\/pages\/3412\/revisions\/10631"}],"wp:attachment":[{"href":"https:\/\/puycapel.fr\/index.php\/wp-json\/wp\/v2\/media?parent=3412"}],"curies":[{"name":"wp","href":"https:\/\/api.w.org\/{rel}","templated":true}]}}