{"id":3768,"date":"2021-04-04T00:17:27","date_gmt":"2021-04-03T22:17:27","guid":{"rendered":"https:\/\/puycapel.fr\/?page_id=3768"},"modified":"2021-04-04T00:19:46","modified_gmt":"2021-04-03T22:19:46","slug":"borne-de-recharge-pour-vehicule-electrique","status":"publish","type":"page","link":"https:\/\/puycapel.fr\/index.php\/borne-de-recharge-pour-vehicule-electrique\/","title":{"rendered":"borne de recharge 22kw pour v\u00e9hicule \u00e9lectrique \u00e0 Puycapel"},"content":{"rendered":"\n<p>disponible au garage Fleys &#8211; infos et conditions d&rsquo;utilisation au guichet du garage &#8211; Renseignements 04 71 49 91 57 et\u00a0<a href=\"mailto:sarlfleys@orange.fr\">sarlfleys@orange.fr<\/a><\/p>\n","protected":false},"excerpt":{"rendered":"<p>disponible au garage Fleys &#8211; infos et conditions d&rsquo;utilisation au guichet du garage &#8211; Renseignements 04 71 49 91 57 et\u00a0sarlfleys@orange.fr<\/p>\n","protected":false},"author":3,"featured_media":0,"parent":0,"menu_order":0,"comment_status":"closed","ping_status":"closed","template":"","meta":{"_exactmetrics_skip_tracking":false,"_exactmetrics_sitenote_active":false,"_exactmetrics_sitenote_note":"","_exactmetrics_sitenote_category":0,"jetpack_post_was_ever_published":false,"footnotes":""},"class_list":["post-3768","page","type-page","status-publish","hentry"],"jetpack_sharing_enabled":true,"jetpack_shortlink":"https:\/\/wp.me\/PaADkW-YM","jetpack-related-posts":[{"id":420,"url":"https:\/\/puycapel.fr\/index.php\/les-bonnes-adresses\/","url_meta":{"origin":3768,"position":0},"title":"Les bonnes adresses","author":"Antoine Puech","date":"11 f\u00e9vrier 2019","format":false,"excerpt":"Pierre-Jean BOUQUIER Entreprise de travaux agricoles : enrubannage \/ ensilage herbe et ma\u00efs \/ moisson \/ pressage en bottes carr\u00e9esroute de Jalenques 15340 Mourjou\u0096T\u00e9l 04 71 49 95 80 ou 06 70 10 19 65 SARL BOUQUIER Patrick et Pierre-Jean Entreprise de travaux agricoles \u2013 N\u00e9goce paille \/ fourrageroute de\u2026","rel":"","context":"Article similaire","block_context":{"text":"Article similaire","link":""},"img":{"alt_text":"","src":"","width":0,"height":0},"classes":[]},{"id":631,"url":"https:\/\/puycapel.fr\/index.php\/les-bonnes-adresses\/les-entreprises\/","url_meta":{"origin":3768,"position":1},"title":"Les entreprises","author":"Mairie Puycapel","date":"18 mars 2019","format":false,"excerpt":"Brocante-\u00e9b\u00e9nisterie Jany St\u00e9phane \u2013 Impasse des Clarine CALVINET T\u00e9l\u00a0: 04 71 49 91 33 et www.brocante-antiquites-jany.com Electricit\u00e9 \/ Plomberie\u00a0\/ Chauffage: BRU Laurent \u2013 Rue des Prades CALVINET T\u00e9l\u00a0: 04 71 49 99 77 et 06 80 17 31 11 et bru-laurent@wanadoo.fr Salon de coiffure Le Salon d'Alice CALVINET : 0471624958\u2026","rel":"","context":"Article similaire","block_context":{"text":"Article similaire","link":""},"img":{"alt_text":"","src":"","width":0,"height":0},"classes":[]},{"id":145,"url":"https:\/\/puycapel.fr\/index.php\/accueil\/contactez-nous\/formalites-administratives\/","url_meta":{"origin":3768,"position":2},"title":"Formalit\u00e9s administratives","author":"Antoine Puech","date":"16 janvier 2019","format":false,"excerpt":"SECRETARIAT DE MAIRIE Tatiana MARIE et Nathalie ROBERT-MALVEZIN vous accueillent au secr\u00e9tariat \u00e0 Mourjou les matins de 9h00 \u00e0 12h00 (mardi, jeudi et vendredi) - T 04 71 49 96 37 et \u00e0 Calvinet les apr\u00e8s-midi de 13h30 \u00e0 16h30 (mardi, jeudi et vendredi) - T 04 71 49 94\u2026","rel":"","context":"Article similaire","block_context":{"text":"Article similaire","link":""},"img":{"alt_text":"","src":"","width":0,"height":0},"classes":[]}],"_links":{"self":[{"href":"https:\/\/puycapel.fr\/index.php\/wp-json\/wp\/v2\/pages\/3768","targetHints":{"allow":["GET"]}}],"collection":[{"href":"https:\/\/puycapel.fr\/index.php\/wp-json\/wp\/v2\/pages"}],"about":[{"href":"https:\/\/puycapel.fr\/index.php\/wp-json\/wp\/v2\/types\/page"}],"author":[{"embeddable":true,"href":"https:\/\/puycapel.fr\/index.php\/wp-json\/wp\/v2\/users\/3"}],"replies":[{"embeddable":true,"href":"https:\/\/puycapel.fr\/index.php\/wp-json\/wp\/v2\/comments?post=3768"}],"version-history":[{"count":5,"href":"https:\/\/puycapel.fr\/index.php\/wp-json\/wp\/v2\/pages\/3768\/revisions"}],"predecessor-version":[{"id":3775,"href":"https:\/\/puycapel.fr\/index.php\/wp-json\/wp\/v2\/pages\/3768\/revisions\/3775"}],"wp:attachment":[{"href":"https:\/\/puycapel.fr\/index.php\/wp-json\/wp\/v2\/media?parent=3768"}],"curies":[{"name":"wp","href":"https:\/\/api.w.org\/{rel}","templated":true}]}}

borne de recharge 22kw pour véhicule électrique à Puycapel

11 février 2019

Pierre-Jean BOUQUIER Entreprise de travaux agricoles : enrubannage / ensilage herbe et maïs / moisson / pressage en bottes carréesroute de Jalenques 15340 MourjouTél 04 71 49 95 80 ou 06 70 10 19 65 SARL BOUQUIER Patrick et Pierre-Jean Entreprise de travaux agricoles – Négoce paille / fourrageroute de…

Brocante-ébénisterie Jany Stéphane – Impasse des Clarine CALVINET Tél : 04 71 49 91 33 et www.brocante-antiquites-jany.com Electricité / Plomberie / Chauffage: BRU Laurent – Rue des Prades CALVINET Tél : 04 71 49 99 77 et 06 80 17 31 11 et bru-laurent@wanadoo.fr Salon de coiffure Le Salon d'Alice CALVINET : 0471624958…

Formalités administratives

SECRETARIAT DE MAIRIE Tatiana MARIE et Nathalie ROBERT-MALVEZIN vous accueillent au secrétariat à Mourjou les matins de 9h00 à 12h00 (mardi, jeudi et vendredi) - T 04 71 49 96 37 et à Calvinet les après-midi de 13h30 à 16h30 (mardi, jeudi et vendredi) - T 04 71 49 94…
