{"id":4115,"date":"2021-05-30T22:20:59","date_gmt":"2021-05-30T20:20:59","guid":{"rendered":"https:\/\/puycapel.fr\/?page_id=4115"},"modified":"2021-05-30T22:21:00","modified_gmt":"2021-05-30T20:21:00","slug":"test-contact","status":"publish","type":"page","link":"https:\/\/puycapel.fr\/index.php\/test-contact\/","title":{"rendered":"test contact"},"content":{"rendered":"\n<div class=\"wp-block-contact-form-7-contact-form-selector\"><p class=\"wpcf7-contact-form-not-found\"><strong>Erreur\u00a0:<\/strong> Formulaire de contact non trouv\u00e9\u00a0!<\/p><\/div>\n","protected":false},"excerpt":{"rendered":"","protected":false},"author":3,"featured_media":0,"parent":0,"menu_order":0,"comment_status":"closed","ping_status":"closed","template":"","meta":{"_exactmetrics_skip_tracking":false,"_exactmetrics_sitenote_active":false,"_exactmetrics_sitenote_note":"","_exactmetrics_sitenote_category":0,"jetpack_post_was_ever_published":false,"footnotes":""},"class_list":["post-4115","page","type-page","status-publish","hentry"],"jetpack_sharing_enabled":true,"jetpack_shortlink":"https:\/\/wp.me\/PaADkW-14n","jetpack-related-posts":[{"id":4394,"url":"https:\/\/puycapel.fr\/index.php\/signalement-biodiversite\/","url_meta":{"origin":4115,"position":0},"title":"signalement biodiversit\u00e9","author":"Antoine Puech","date":"2 juin 2021","format":false,"excerpt":"","rel":"","context":"Article similaire","block_context":{"text":"Article similaire","link":""},"img":{"alt_text":"","src":"","width":0,"height":0},"classes":[]},{"id":806,"url":"https:\/\/puycapel.fr\/index.php\/infos-pour-la-feuille-de-chataigner\/","url_meta":{"origin":4115,"position":1},"title":"Infos pour la feuille de Ch\u00e2taignier","author":"Antoine Puech","date":"9 avril 2019","format":false,"excerpt":"","rel":"","context":"Article similaire","block_context":{"text":"Article similaire","link":""},"img":{"alt_text":"","src":"","width":0,"height":0},"classes":[]},{"id":3755,"url":"https:\/\/puycapel.fr\/index.php\/test-carte-terrains-a-vendre\/","url_meta":{"origin":4115,"position":2},"title":"Terrains \u00e0 vendre \u00e0 Puycapel","author":"Antoine Puech","date":"3 avril 2021","format":false,"excerpt":"Des terrains constructibles sont \u00e0 vendre \u00e0 PUYCAPEL. Pour tous renseignements contactez la mairie : MOURJOU (matin) 04 71 49 96 37 CALVINET (apr\u00e8s-midi) 04 71 49 94 32","rel":"","context":"Article similaire","block_context":{"text":"Article similaire","link":""},"img":{"alt_text":"","src":"","width":0,"height":0},"classes":[]},{"id":9605,"url":"https:\/\/puycapel.fr\/index.php\/declaration-daccessibilite\/","url_meta":{"origin":4115,"position":3},"title":"D\u00e9claration d\u2019accessibilit\u00e9","author":"Antoine Puech","date":"27 novembre 2024","format":false,"excerpt":"EN COURS DE CONSTRUCTION La commune de Puycapel\u00a0s\u2019engage \u00e0 rendre ses sites internet, intranet, extranet et ses progiciels accessibles (et ses applications mobiles et mobilier urbain num\u00e9rique) conform\u00e9ment \u00e0 l\u2019article 47 de la loi n\u00b02005-102 du 11 f\u00e9vrier 2005. \u00c0 cette fin, elle met en \u0153uvre la strat\u00e9gie et les\u2026","rel":"","context":"Article similaire","block_context":{"text":"Article similaire","link":""},"img":{"alt_text":"","src":"","width":0,"height":0},"classes":[]},{"id":2324,"url":"https:\/\/puycapel.fr\/index.php\/ou-dormir\/","url_meta":{"origin":4115,"position":4},"title":"O\u00f9 dormir?","author":"Mairie Puycapel","date":"2 avril 2020","format":false,"excerpt":"Retrouvez ci-dessous quelques adresses d'h\u00e9bergements touristiques \u00e0 Calvinet et Mourjou Cette m\u00eame liste d'h\u00e9bergement est disponible sous forme de tableau synth\u00e8tique en suivant ce lien Chambres d'h\u00e9bergement et chambres d'h\u00f4tes Auberge de Mourjou: 4 chambres d'h\u00f4tes -dont 1 pour personnes \u00e0 mobilit\u00e9 r\u00e9duite et 1 familiale. Renseignements au 04 71\u2026","rel":"","context":"Article similaire","block_context":{"text":"Article similaire","link":""},"img":{"alt_text":"","src":"https:\/\/i0.wp.com\/puycapel.fr\/wp-content\/uploads\/2022\/01\/maison-MC-GAZAL-1-scaled.jpg?resize=350%2C200&ssl=1","width":350,"height":200,"srcset":"https:\/\/i0.wp.com\/puycapel.fr\/wp-content\/uploads\/2022\/01\/maison-MC-GAZAL-1-scaled.jpg?resize=350%2C200&ssl=1 1x, https:\/\/i0.wp.com\/puycapel.fr\/wp-content\/uploads\/2022\/01\/maison-MC-GAZAL-1-scaled.jpg?resize=525%2C300&ssl=1 1.5x, https:\/\/i0.wp.com\/puycapel.fr\/wp-content\/uploads\/2022\/01\/maison-MC-GAZAL-1-scaled.jpg?resize=700%2C400&ssl=1 2x, https:\/\/i0.wp.com\/puycapel.fr\/wp-content\/uploads\/2022\/01\/maison-MC-GAZAL-1-scaled.jpg?resize=1050%2C600&ssl=1 3x, https:\/\/i0.wp.com\/puycapel.fr\/wp-content\/uploads\/2022\/01\/maison-MC-GAZAL-1-scaled.jpg?resize=1400%2C800&ssl=1 4x"},"classes":[]},{"id":3831,"url":"https:\/\/puycapel.fr\/index.php\/webcam-chez-lili\/","url_meta":{"origin":4115,"position":5},"title":"Webcam \u00ab\u00a0Chez Lili\u00a0\u00bb &#8211; g\u00eete de France","author":"Antoine Puech","date":"14 avril 2021","format":false,"excerpt":"Le G\u00eete Chez Lili est ouvert 7 jours sur 7. Pour tout renseignement, contactez nous au 06 28 01 25 10 ou par mail 15340chezlili@gmail.com Lien vers le site Web du gite \"chez Lili\" Lien vers le site Web du gite \"chez Lili\"","rel":"","context":"Article similaire","block_context":{"text":"Article similaire","link":""},"img":{"alt_text":"","src":"","width":0,"height":0},"classes":[]}],"_links":{"self":[{"href":"https:\/\/puycapel.fr\/index.php\/wp-json\/wp\/v2\/pages\/4115","targetHints":{"allow":["GET"]}}],"collection":[{"href":"https:\/\/puycapel.fr\/index.php\/wp-json\/wp\/v2\/pages"}],"about":[{"href":"https:\/\/puycapel.fr\/index.php\/wp-json\/wp\/v2\/types\/page"}],"author":[{"embeddable":true,"href":"https:\/\/puycapel.fr\/index.php\/wp-json\/wp\/v2\/users\/3"}],"replies":[{"embeddable":true,"href":"https:\/\/puycapel.fr\/index.php\/wp-json\/wp\/v2\/comments?post=4115"}],"version-history":[{"count":1,"href":"https:\/\/puycapel.fr\/index.php\/wp-json\/wp\/v2\/pages\/4115\/revisions"}],"predecessor-version":[{"id":4117,"href":"https:\/\/puycapel.fr\/index.php\/wp-json\/wp\/v2\/pages\/4115\/revisions\/4117"}],"wp:attachment":[{"href":"https:\/\/puycapel.fr\/index.php\/wp-json\/wp\/v2\/media?parent=4115"}],"curies":[{"name":"wp","href":"https:\/\/api.w.org\/{rel}","templated":true}]}}

<div class="wp-block-contact-form-7-contact-form-selector"><p class="wpcf7-contact-form-not-found"><strong>Erreur :</strong> Formulaire de contact non trouvé !</p></div>

signalement biodiversité

Infos pour la feuille de Châtaignier

Terrains à vendre à Puycapel

Des terrains constructibles sont à vendre à PUYCAPEL. Pour tous renseignements contactez la mairie : MOURJOU (matin) 04 71 49 96 37 CALVINET (après-midi) 04 71 49 94 32

Déclaration d’accessibilité

EN COURS DE CONSTRUCTION La commune de Puycapel s’engage à rendre ses sites internet, intranet, extranet et ses progiciels accessibles (et ses applications mobiles et mobilier urbain numérique) conformément à l’article 47 de la loi n°2005-102 du 11 février 2005. À cette fin, elle met en œuvre la stratégie et les…

Où dormir?

Retrouvez ci-dessous quelques adresses d'hébergements touristiques à Calvinet et Mourjou Cette même liste d'hébergement est disponible sous forme de tableau synthètique en suivant ce lien Chambres d'hébergement et chambres d'hôtes Auberge de Mourjou: 4 chambres d'hôtes -dont 1 pour personnes à mobilité réduite et 1 familiale. Renseignements au 04 71…

Webcam « Chez Lili » &#8211; gîte de France

Le Gîte Chez Lili est ouvert 7 jours sur 7. Pour tout renseignement, contactez nous au 06 28 01 25 10 ou par mail 15340chezlili@gmail.com Lien vers le site Web du gite "chez Lili" Lien vers le site Web du gite "chez Lili"
