{"id":420,"date":"2019-02-11T21:16:34","date_gmt":"2019-02-11T20:16:34","guid":{"rendered":"https:\/\/puycapel.fr\/?page_id=420"},"modified":"2023-12-15T11:57:53","modified_gmt":"2023-12-15T10:57:53","slug":"les-bonnes-adresses","status":"publish","type":"page","link":"https:\/\/puycapel.fr\/index.php\/les-bonnes-adresses\/","title":{"rendered":"Les bonnes adresses"},"content":{"rendered":"\n<h3 class=\"wp-block-heading\">Pierre-Jean BOUQUIER<\/h3>\n\n\n\n<p>Entreprise de travaux agricoles : enrubannage \/ ensilage herbe et ma\u00efs \/ moisson \/ pressage en bottes carr\u00e9es<br>route de Jalenques 15340 Mourjou\u0096<br>T\u00e9l 04 71 49 95 80 ou 06 70 10 19 65<\/p>\n\n\n\n<hr class=\"wp-block-separator has-css-opacity\"\/>\n\n\n\n<h3 class=\"wp-block-heading\">SARL BOUQUIER Patrick et Pierre-Jean<\/h3>\n\n\n\n<p>Entreprise de travaux agricoles \u2013 N\u00e9goce paille \/ fourrage<br>route de Jalenques, 15340&nbsp;Mourjou<br>T\u00e9l 04 71 49 95 80 ou 06 84 08 25 83<\/p>\n\n\n\n<hr class=\"wp-block-separator has-css-opacity\"\/>\n\n\n\n<h3 class=\"wp-block-heading\">INTERLAB<\/h3>\n\n\n\n<p>Jalenques 15340 Mourjou<br>T\u00e9l: 04 71 49 94 74<br>email: be.interlab@tiscali.fr<br>C\u2019est en 1994 qu\u2019a \u00e9t\u00e9 cr\u00e9\u00e9e par Fran\u00e7ois Jalenques et son fils Emmanuel, Interlab, entreprise sp\u00e9cialis\u00e9e dans la fabrication de mat\u00e9riel scientifique de pointe utilis\u00e9 essentiellement dans les contr\u00f4les de qualit\u00e9 des laboratoires agro-alimentaire et dans des instituts publics.<br>Une dizaine d\u2019ing\u00e9nieurs, cadres et techniciens ont pour mission la cr\u00e9ation et la mise au point de nouveaux produits et autant de collaborateurs charg\u00e9s de la fabrication du mat\u00e9riel. Ainsi plus de 25 salari\u00e9s, dot\u00e9s de formation diverses et compl\u00e9mentaires travaillent \u00e0 Interlab.<br>Le mat\u00e9riel fabriqu\u00e9 est destin\u00e9 au contr\u00f4le bact\u00e9rien dans les laboratoires de l\u2019industrie agro-alimentaire ainsi les dilueurs, ensemenceurs, malaxeurs \u00e0 pales et sacs-filtre st\u00e9riles sont utilis\u00e9s pour analyser les \u00e9chantillons. Ces machines servent dans les cha\u00eenes de contr\u00f4le sanitaire pour assurer au public la consommation de produits sains.<br>Fabriqu\u00e9s \u00e0 Mourjou, ces produits sont export\u00e9s \u00e0 80% vers l\u2019\u00e9tranger dans plus de 100 pays: Japon, Chine, Nouvelle-Z\u00e9lande, Etats-Unis, Canada, Argentine, Br\u00e9sil\u2026<\/p>\n\n\n\n<hr class=\"wp-block-separator has-css-opacity\"\/>\n\n\n\n<h3 class=\"wp-block-heading\">J\u00e9r\u00e9my VAISSIERE<\/h3>\n\n\n\n<p>Entreprise de travaux publics : terrassement, drainage, assainissement, am\u00e9nagement divers,&nbsp;fourniture de mat\u00e9riaux.<br>Lacan \u2013 15340 Mourjou<br>T\u00e9l : 04 71 49 69 00<\/p>\n\n\n\n<hr class=\"wp-block-separator has-css-opacity\"\/>\n\n\n\n<h3 class=\"wp-block-heading\">Alimentation<\/h3>\n\n\n\n<ul class=\"wp-block-list\">\n<li>Sup\u00e9rette&nbsp;: 8 \u00e0 8 Tabac \u2013 Pierre ROUQUIER &#8211; <\/li>\n\n\n\n<li>Boulangerie : PIGANIOL Yannick<\/li>\n\n\n\n<li>Caf\u00e9 \u2013 restaurant des sports : Andr\u00e9 LACOSTE<\/li>\n<\/ul>\n\n\n\n<hr class=\"wp-block-separator has-css-opacity\"\/>\n\n\n\n<h3 class=\"wp-block-heading\">M\u00e9canique<\/h3>\n\n\n\n<ul class=\"wp-block-list\">\n<li>Garage Peugeot : FLEYS SARL<\/li>\n<\/ul>\n\n\n\n<h3 class=\"wp-block-heading\">Services<\/h3>\n\n\n\n<ul class=\"wp-block-list\">\n<li>Cabinet d\u2019expertise comptable <\/li>\n\n\n\n<li>Carin\u2019Couture : Carine LACIPIERE<\/li>\n\n\n\n<li>d\u00e9pannage, conseil, cr\u00e9ation et formation informatique :&nbsp;ORDILOGIQUE;&nbsp;Guillaume DENIEUL ;&nbsp;06 99 27 52 96 ;&nbsp;Site internet :&nbsp;<a rel=\"noreferrer noopener\" href=\"http:\/\/www.ordilogique.fr\/\" target=\"_blank\">http:\/\/www.ordilogique.fr<\/a><\/li>\n<\/ul>\n\n\n\n<ul class=\"wp-block-list\">\n<li>Cr\u00e9dit Agricole\u00a0\u00a0\u00a0\u00a0\u00a0\u00a0\u00a0\u00a0\u00a0\u00a0\u00a0\u00a0\u00a0\u00a0\u00a0\u00a0\u00a0\u00a0\u00a0\u00a0\u00a0 le vendredi matin &#8211; devant la mairie<\/li>\n<\/ul>\n\n\n\n<h3 class=\"wp-block-heading\">Agriculture<\/h3>\n\n\n\n<ul class=\"wp-block-list\">\n<li>Proxiel \u2013 aliment b\u00e9tail, engrais&nbsp;: M. MARTRE<\/li>\n\n\n\n<li>Producteur bio : la ferme de Prentegarde&nbsp;<a href=\"mailto:lafermedeprentegarde@orange.fr\">lafermedeprentegarde@orange.fr<\/a><\/li>\n<\/ul>\n\n\n\n<h3 class=\"wp-block-heading\">Commerces itin\u00e9rants:<\/h3>\n\n\n\n<ul class=\"wp-block-list\">\n<li>Vente de produits autour de l&rsquo;olive parfois le samedi matin sur la place du village de Calvinet<\/li>\n\n\n\n<li>Petit march\u00e9, le vendredi matin, vente de truites<\/li>\n<\/ul>\n","protected":false},"excerpt":{"rendered":"<p>Pierre-Jean BOUQUIER Entreprise de travaux agricoles : enrubannage \/ ensilage herbe et ma\u00efs \/ moisson \/ pressage en bottes carr\u00e9esroute de Jalenques 15340 Mourjou\u0096T\u00e9l 04 71 49 95 80 ou 06 70 10 19 65 SARL BOUQUIER Patrick et Pierre-Jean Entreprise de travaux agricoles \u2013 N\u00e9goce paille \/ fourrageroute de Jalenques, 15340&nbsp;MourjouT\u00e9l 04 71 49 [&hellip;]<\/p>\n","protected":false},"author":3,"featured_media":0,"parent":0,"menu_order":0,"comment_status":"closed","ping_status":"closed","template":"","meta":{"_exactmetrics_skip_tracking":false,"_exactmetrics_sitenote_active":false,"_exactmetrics_sitenote_note":"","_exactmetrics_sitenote_category":0,"jetpack_post_was_ever_published":false,"footnotes":""},"class_list":["post-420","page","type-page","status-publish","hentry"],"jetpack_sharing_enabled":true,"jetpack_shortlink":"https:\/\/wp.me\/PaADkW-6M","jetpack-related-posts":[{"id":631,"url":"https:\/\/puycapel.fr\/index.php\/les-bonnes-adresses\/les-entreprises\/","url_meta":{"origin":420,"position":0},"title":"Les entreprises","author":"Mairie Puycapel","date":"18 mars 2019","format":false,"excerpt":"Brocante-\u00e9b\u00e9nisterie Jany St\u00e9phane \u2013 Impasse des Clarine CALVINET T\u00e9l\u00a0: 04 71 49 91 33 et www.brocante-antiquites-jany.com Electricit\u00e9 \/ Plomberie\u00a0\/ Chauffage: BRU Laurent \u2013 Rue des Prades CALVINET T\u00e9l\u00a0: 04 71 49 99 77 et 06 80 17 31 11 et bru-laurent@wanadoo.fr Salon de coiffure Le Salon d'Alice CALVINET : 0471624958\u2026","rel":"","context":"Article similaire","block_context":{"text":"Article similaire","link":""},"img":{"alt_text":"","src":"","width":0,"height":0},"classes":[]},{"id":9786,"url":"https:\/\/puycapel.fr\/index.php\/contacts-renseignements\/","url_meta":{"origin":420,"position":1},"title":"Contacts &amp; renseignements","author":"Mairie Puycapel","date":"17 f\u00e9vrier 2025","format":false,"excerpt":"ADRESSES POSTALES MAIRIES Mairie si\u00e8ge CALVINET, 1 place Jean de Bonnefon CALVINET 15340 PUYCAPELMairie d\u00e9l\u00e9gu\u00e9e MOURJOU, Rue du P\u00e9lou MOURJOU 15340 PUYCAPEL HORAIRES D'OUVERTURE AU PUBLIC des MAIRIES: CALVINET : mardi, jeudi, vendredi 13h30 \u00e0 16h30 - T\u00e9l\u00e9phone: 04 71 49 94 32 MOURJOU : mardi, jeudi, vendredi 9h00 \u00e0\u2026","rel":"","context":"Article similaire","block_context":{"text":"Article similaire","link":""},"img":{"alt_text":"","src":"","width":0,"height":0},"classes":[]},{"id":656,"url":"https:\/\/puycapel.fr\/index.php\/les-bonnes-adresses\/commerces-et-services\/","url_meta":{"origin":420,"position":2},"title":"Commerces et services","author":"Mairie Puycapel","date":"18 mars 2019","format":false,"excerpt":"Agriculture Proxiel \u2013 aliment b\u00e9tail, engrais\u00a0: Rue du Colombier CALVINET Alimentation EPICERIE\u00a0: SARL ROUQUIER Sup\u00e9rette 8 \u00e0 8: Alimentation g\u00e9n\u00e9rale, produits r\u00e9gionaux et locaux, presse, fruits et l\u00e9gumes, fromage \u00e0 la coupe, charcuterie etc. \u2013 Rue de la Ch\u00e2taigneraie CALVINET T\u00e9l : \u00a004 71 49 91 65 ou sarl.rouquier@orange.fr BOULANGERIE:\u2026","rel":"","context":"Article similaire","block_context":{"text":"Article similaire","link":""},"img":{"alt_text":"","src":"","width":0,"height":0},"classes":[]},{"id":677,"url":"https:\/\/puycapel.fr\/index.php\/la-sante\/","url_meta":{"origin":420,"position":3},"title":"La sant\u00e9","author":"Mairie Puycapel","date":"18 mars 2019","format":false,"excerpt":"D\u00e9fibrillateurs : sur le mur ext\u00e9rieur gauche de la salle polyvalente, rue du Colombier \u00e0 CALVINET et dans le hall de la mairie \u00e0 MOURJOU MEDECINS Anne-Sophie MARRE-VOREUX & Pauline MERCIER:\u00a0M\u00e9decins g\u00e9n\u00e9ralistes- Maison de sant\u00e9-Route de la gendarmerie RD 66 CALVINET-04 71 49 17 40 \u2013\u00a0Sur RDV du lundi au\u2026","rel":"","context":"Article similaire","block_context":{"text":"Article similaire","link":""},"img":{"alt_text":"","src":"","width":0,"height":0},"classes":[]},{"id":2324,"url":"https:\/\/puycapel.fr\/index.php\/ou-dormir\/","url_meta":{"origin":420,"position":4},"title":"O\u00f9 dormir?","author":"Mairie Puycapel","date":"2 avril 2020","format":false,"excerpt":"Retrouvez ci-dessous quelques adresses d'h\u00e9bergements touristiques \u00e0 Calvinet et Mourjou Cette m\u00eame liste d'h\u00e9bergement est disponible sous forme de tableau synth\u00e8tique en suivant ce lien Chambres d'h\u00e9bergement et chambres d'h\u00f4tes Auberge de Mourjou: 4 chambres d'h\u00f4tes -dont 1 pour personnes \u00e0 mobilit\u00e9 r\u00e9duite et 1 familiale. Renseignements au 04 71\u2026","rel":"","context":"Article similaire","block_context":{"text":"Article similaire","link":""},"img":{"alt_text":"","src":"https:\/\/i0.wp.com\/puycapel.fr\/wp-content\/uploads\/2022\/01\/maison-MC-GAZAL-1-scaled.jpg?resize=350%2C200&ssl=1","width":350,"height":200,"srcset":"https:\/\/i0.wp.com\/puycapel.fr\/wp-content\/uploads\/2022\/01\/maison-MC-GAZAL-1-scaled.jpg?resize=350%2C200&ssl=1 1x, https:\/\/i0.wp.com\/puycapel.fr\/wp-content\/uploads\/2022\/01\/maison-MC-GAZAL-1-scaled.jpg?resize=525%2C300&ssl=1 1.5x, https:\/\/i0.wp.com\/puycapel.fr\/wp-content\/uploads\/2022\/01\/maison-MC-GAZAL-1-scaled.jpg?resize=700%2C400&ssl=1 2x, https:\/\/i0.wp.com\/puycapel.fr\/wp-content\/uploads\/2022\/01\/maison-MC-GAZAL-1-scaled.jpg?resize=1050%2C600&ssl=1 3x, https:\/\/i0.wp.com\/puycapel.fr\/wp-content\/uploads\/2022\/01\/maison-MC-GAZAL-1-scaled.jpg?resize=1400%2C800&ssl=1 4x"},"classes":[]},{"id":181,"url":"https:\/\/puycapel.fr\/index.php\/accueil\/les-associations-de-puycapel\/club-des-aines\/","url_meta":{"origin":420,"position":5},"title":"Club des A\u00een\u00e9s du Haut-C\u00e9l\u00e9","author":"Antoine Puech","date":"26 janvier 2019","format":false,"excerpt":"Le club des A\u00een\u00e9s a \u00e9t\u00e9 cr\u00e9\u00e9 en 1979 et compte plus de 150 adh\u00e9rents. Son objectif est de permettre \u00e0 nos retrait\u00e9(e)s et sympathisants non retrait\u00e9s de se retrouver pour partager des moments conviviaux lors de nombreuses activit\u00e9s mises en place. Venez profiter tout au long de l\u2019ann\u00e9e des\u2026","rel":"","context":"Article similaire","block_context":{"text":"Article similaire","link":""},"img":{"alt_text":"","src":"","width":0,"height":0},"classes":[]}],"_links":{"self":[{"href":"https:\/\/puycapel.fr\/index.php\/wp-json\/wp\/v2\/pages\/420","targetHints":{"allow":["GET"]}}],"collection":[{"href":"https:\/\/puycapel.fr\/index.php\/wp-json\/wp\/v2\/pages"}],"about":[{"href":"https:\/\/puycapel.fr\/index.php\/wp-json\/wp\/v2\/types\/page"}],"author":[{"embeddable":true,"href":"https:\/\/puycapel.fr\/index.php\/wp-json\/wp\/v2\/users\/3"}],"replies":[{"embeddable":true,"href":"https:\/\/puycapel.fr\/index.php\/wp-json\/wp\/v2\/comments?post=420"}],"version-history":[{"count":6,"href":"https:\/\/puycapel.fr\/index.php\/wp-json\/wp\/v2\/pages\/420\/revisions"}],"predecessor-version":[{"id":8695,"href":"https:\/\/puycapel.fr\/index.php\/wp-json\/wp\/v2\/pages\/420\/revisions\/8695"}],"wp:attachment":[{"href":"https:\/\/puycapel.fr\/index.php\/wp-json\/wp\/v2\/media?parent=420"}],"curies":[{"name":"wp","href":"https:\/\/api.w.org\/{rel}","templated":true}]}}