{"id":5945,"date":"2021-10-27T18:51:36","date_gmt":"2021-10-27T16:51:36","guid":{"rendered":"https:\/\/puycapel.fr\/?page_id=5945"},"modified":"2021-12-30T13:07:00","modified_gmt":"2021-12-30T12:07:00","slug":"extension-de-lusine-interlab-participation-du-public-par-voie-electronique","status":"publish","type":"page","link":"https:\/\/puycapel.fr\/index.php\/extension-de-lusine-interlab-participation-du-public-par-voie-electronique\/","title":{"rendered":"EXTENSION DE L&rsquo;USINE INTERLAB &#8211; PARTICIPATION DU PUBLIC PAR VOIE ELECTRONIQUE"},"content":{"rendered":"\n<div class=\"wp-block-file\"><a href=\"https:\/\/puycapel.fr\/wp-content\/uploads\/2021\/10\/Avis-dinformation-du-public-defrichement.pdf\">Avis-dinformation-du-public-defrichement<\/a><a href=\"https:\/\/puycapel.fr\/wp-content\/uploads\/2021\/10\/Avis-dinformation-du-public-defrichement.pdf\" class=\"wp-block-file__button\" download>T\u00e9l\u00e9charger<\/a><\/div>\n\n\n\n<div class=\"wp-block-file\"><a href=\"https:\/\/puycapel.fr\/wp-content\/uploads\/2021\/10\/Avis-dinformation-du-public-PC.pdf\">Avis-dinformation-du-public-PC<\/a><a href=\"https:\/\/puycapel.fr\/wp-content\/uploads\/2021\/10\/Avis-dinformation-du-public-PC.pdf\" class=\"wp-block-file__button\" download>T\u00e9l\u00e9charger<\/a><\/div>\n\n\n\n<div class=\"wp-block-file\"><a href=\"https:\/\/puycapel.fr\/wp-content\/uploads\/2021\/10\/PC-EXTENSION-USINE-INTERLAB-procedure-de-participation-du-public-par-voie-electronique.pdf\">PC-EXTENSION-USINE-INTERLAB-procedure-de-participation-du-public-par-voie-electronique<\/a><a href=\"https:\/\/puycapel.fr\/wp-content\/uploads\/2021\/10\/PC-EXTENSION-USINE-INTERLAB-procedure-de-participation-du-public-par-voie-electronique.pdf\" class=\"wp-block-file__button\" download>T\u00e9l\u00e9charger<\/a><\/div>\n\n\n\n<h2 class=\"wp-block-heading\"> <strong>DOCUMENTS MIS A DISPOSITION DU PUBLIC&nbsp;\u00bb&nbsp;<\/strong>&#8211; Publication du 12 novembre 2021<\/h2>\n\n\n\n<div class=\"wp-block-file\"><a href=\"https:\/\/puycapel.fr\/wp-content\/uploads\/2021\/11\/1-Arrete-douverture-de-la-participation-du-public-par-voie-electronique.pdf\">1-Arrete-douverture-de-la-participation-du-public-par-voie-electronique<\/a><a href=\"https:\/\/puycapel.fr\/wp-content\/uploads\/2021\/11\/1-Arrete-douverture-de-la-participation-du-public-par-voie-electronique.pdf\" class=\"wp-block-file__button\" download>T\u00e9l\u00e9charger<\/a><\/div>\n\n\n\n<div class=\"wp-block-file\"><a href=\"https:\/\/puycapel.fr\/wp-content\/uploads\/2021\/11\/2-Avis-douverture-de-la-procedure-de-PVE-du-Public.pdf\">2-Avis-douverture-de-la-procedure-de-PVE-du-Public<\/a><a href=\"https:\/\/puycapel.fr\/wp-content\/uploads\/2021\/11\/2-Avis-douverture-de-la-procedure-de-PVE-du-Public.pdf\" class=\"wp-block-file__button\" download>T\u00e9l\u00e9charger<\/a><\/div>\n\n\n\n<div class=\"wp-block-file\"><a href=\"https:\/\/puycapel.fr\/wp-content\/uploads\/2021\/11\/3-INT2_PC1_Plan-de-Situation.pdf\">3-INT2_PC1_Plan-de-Situation<\/a><a href=\"https:\/\/puycapel.fr\/wp-content\/uploads\/2021\/11\/3-INT2_PC1_Plan-de-Situation.pdf\" class=\"wp-block-file__button\" download>T\u00e9l\u00e9charger<\/a><\/div>\n\n\n\n<div class=\"wp-block-file\"><a href=\"https:\/\/puycapel.fr\/wp-content\/uploads\/2021\/11\/3-INT2_PC2.1_A1_Plan-de-masse-Existant.pdf\">3-INT2_PC2.1_A1_Plan-de-masse-Existant<\/a><a href=\"https:\/\/puycapel.fr\/wp-content\/uploads\/2021\/11\/3-INT2_PC2.1_A1_Plan-de-masse-Existant.pdf\" class=\"wp-block-file__button\" download>T\u00e9l\u00e9charger<\/a><\/div>\n\n\n\n<div class=\"wp-block-file\"><a href=\"https:\/\/puycapel.fr\/wp-content\/uploads\/2021\/11\/3-INT2_PC2.2_A1_Plan-de-masse-Projet.pdf\">3-INT2_PC2.2_A1_Plan-de-masse-Projet<\/a><a href=\"https:\/\/puycapel.fr\/wp-content\/uploads\/2021\/11\/3-INT2_PC2.2_A1_Plan-de-masse-Projet.pdf\" class=\"wp-block-file__button\" download>T\u00e9l\u00e9charger<\/a><\/div>\n\n\n\n<div class=\"wp-block-file\"><a href=\"https:\/\/puycapel.fr\/wp-content\/uploads\/2021\/11\/3-INT2_PC3_A3_Coupes-sur-terrain.pdf\">3-INT2_PC3_A3_Coupes-sur-terrain<\/a><a href=\"https:\/\/puycapel.fr\/wp-content\/uploads\/2021\/11\/3-INT2_PC3_A3_Coupes-sur-terrain.pdf\" class=\"wp-block-file__button\" download>T\u00e9l\u00e9charger<\/a><\/div>\n\n\n\n<div class=\"wp-block-file\"><a href=\"https:\/\/puycapel.fr\/wp-content\/uploads\/2021\/11\/3-INT2_PC4_Notice-Architecturale.pdf\">3-INT2_PC4_Notice-Architecturale<\/a><a href=\"https:\/\/puycapel.fr\/wp-content\/uploads\/2021\/11\/3-INT2_PC4_Notice-Architecturale.pdf\" class=\"wp-block-file__button\" download>T\u00e9l\u00e9charger<\/a><\/div>\n\n\n\n<div class=\"wp-block-file\"><a href=\"https:\/\/puycapel.fr\/wp-content\/uploads\/2021\/11\/3-INT2_PC5_Batiment-Production.pdf\">3-INT2_PC5_Batiment-Production<\/a><a href=\"https:\/\/puycapel.fr\/wp-content\/uploads\/2021\/11\/3-INT2_PC5_Batiment-Production.pdf\" class=\"wp-block-file__button\" download>T\u00e9l\u00e9charger<\/a><\/div>\n\n\n\n<div class=\"wp-block-file\"><a href=\"https:\/\/puycapel.fr\/wp-content\/uploads\/2021\/11\/3-INT2_PC5_Batiment-Stockage.pdf\">3-INT2_PC5_Batiment-Stockage<\/a><a href=\"https:\/\/puycapel.fr\/wp-content\/uploads\/2021\/11\/3-INT2_PC5_Batiment-Stockage.pdf\" class=\"wp-block-file__button\" download>T\u00e9l\u00e9charger<\/a><\/div>\n\n\n\n<div class=\"wp-block-file\"><a href=\"https:\/\/puycapel.fr\/wp-content\/uploads\/2021\/11\/3-INT2_PC5_Locaux-Techniques.pdf\">3-INT2_PC5_Locaux-Techniques<\/a><a href=\"https:\/\/puycapel.fr\/wp-content\/uploads\/2021\/11\/3-INT2_PC5_Locaux-Techniques.pdf\" class=\"wp-block-file__button\" download>T\u00e9l\u00e9charger<\/a><\/div>\n\n\n\n<div class=\"wp-block-file\"><a href=\"https:\/\/puycapel.fr\/wp-content\/uploads\/2021\/11\/3-INT2_PC6_Insertion-Projet.pdf\">3-INT2_PC6_Insertion-Projet<\/a><a href=\"https:\/\/puycapel.fr\/wp-content\/uploads\/2021\/11\/3-INT2_PC6_Insertion-Projet.pdf\" class=\"wp-block-file__button\" download>T\u00e9l\u00e9charger<\/a><\/div>\n\n\n\n<div class=\"wp-block-file\"><a href=\"https:\/\/puycapel.fr\/wp-content\/uploads\/2021\/11\/3-INT2_PC7-8_Photos.pdf\">3-INT2_PC7-8_Photos<\/a><a href=\"https:\/\/puycapel.fr\/wp-content\/uploads\/2021\/11\/3-INT2_PC7-8_Photos.pdf\" class=\"wp-block-file__button\" download>T\u00e9l\u00e9charger<\/a><\/div>\n\n\n\n<div class=\"wp-block-file\"><a href=\"https:\/\/puycapel.fr\/wp-content\/uploads\/2021\/11\/3-INT2_PC11-3_Conformite-ANC.pdf\">3-INT2_PC11-3_Conformite-ANC<\/a><a href=\"https:\/\/puycapel.fr\/wp-content\/uploads\/2021\/11\/3-INT2_PC11-3_Conformite-ANC.pdf\" class=\"wp-block-file__button\" download>T\u00e9l\u00e9charger<\/a><\/div>\n\n\n\n<div class=\"wp-block-file\"><a href=\"https:\/\/puycapel.fr\/wp-content\/uploads\/2021\/11\/3-INT2_PC21_Reglementation-Thermique.pdf\">3-INT2_PC21_Reglementation-Thermique<\/a><a href=\"https:\/\/puycapel.fr\/wp-content\/uploads\/2021\/11\/3-INT2_PC21_Reglementation-Thermique.pdf\" class=\"wp-block-file__button\" download>T\u00e9l\u00e9charger<\/a><\/div>\n\n\n\n<div class=\"wp-block-file\"><a href=\"https:\/\/puycapel.fr\/wp-content\/uploads\/2021\/11\/3-INT2_PC24_Autorisation-Defrichement_Recepisse.pdf\">3-INT2_PC24_Autorisation-Defrichement_Recepisse<\/a><a href=\"https:\/\/puycapel.fr\/wp-content\/uploads\/2021\/11\/3-INT2_PC24_Autorisation-Defrichement_Recepisse.pdf\" class=\"wp-block-file__button\" download>T\u00e9l\u00e9charger<\/a><\/div>\n\n\n\n<div class=\"wp-block-file\"><a href=\"https:\/\/puycapel.fr\/wp-content\/uploads\/2021\/11\/3-INT2_PC25_ICPE.pdf\">3-INT2_PC25_ICPE<\/a><a href=\"https:\/\/puycapel.fr\/wp-content\/uploads\/2021\/11\/3-INT2_PC25_ICPE.pdf\" class=\"wp-block-file__button\" download>T\u00e9l\u00e9charger<\/a><\/div>\n\n\n\n<div class=\"wp-block-file\"><a href=\"https:\/\/puycapel.fr\/wp-content\/uploads\/2021\/11\/3-INT2_PC32_Division-parcellaire.pdf\">3-INT2_PC32_Division-parcellaire<\/a><a href=\"https:\/\/puycapel.fr\/wp-content\/uploads\/2021\/11\/3-INT2_PC32_Division-parcellaire.pdf\" class=\"wp-block-file__button\" download>T\u00e9l\u00e9charger<\/a><\/div>\n\n\n\n<div class=\"wp-block-file\"><a href=\"https:\/\/puycapel.fr\/wp-content\/uploads\/2021\/11\/4-ETUDE-DIMPACT-ENVIRONNEMENTAL.pdf\">4-ETUDE-DIMPACT-ENVIRONNEMENTAL<\/a><a href=\"https:\/\/puycapel.fr\/wp-content\/uploads\/2021\/11\/4-ETUDE-DIMPACT-ENVIRONNEMENTAL.pdf\" class=\"wp-block-file__button\" download>T\u00e9l\u00e9charger<\/a><\/div>\n\n\n\n<div class=\"wp-block-file\"><a href=\"https:\/\/puycapel.fr\/wp-content\/uploads\/2021\/11\/5-DECISION-DE-LAUTORITE-ENVIRONNEMENTALE.pdf\">5-DECISION-DE-LAUTORITE-ENVIRONNEMENTALE<\/a><a href=\"https:\/\/puycapel.fr\/wp-content\/uploads\/2021\/11\/5-DECISION-DE-LAUTORITE-ENVIRONNEMENTALE.pdf\" class=\"wp-block-file__button\" download>T\u00e9l\u00e9charger<\/a><\/div>\n\n\n\n<div class=\"wp-block-file\"><a href=\"https:\/\/puycapel.fr\/wp-content\/uploads\/2021\/11\/6-AVIS-MISSION-REGIONALE-DAUTORITE-ENVIRONNEMENTALE.pdf\">6-AVIS-MISSION-REGIONALE-DAUTORITE-ENVIRONNEMENTALE<\/a><a href=\"https:\/\/puycapel.fr\/wp-content\/uploads\/2021\/11\/6-AVIS-MISSION-REGIONALE-DAUTORITE-ENVIRONNEMENTALE.pdf\" class=\"wp-block-file__button\" download>T\u00e9l\u00e9charger<\/a><\/div>\n\n\n\n<div class=\"wp-block-file\"><a href=\"https:\/\/puycapel.fr\/wp-content\/uploads\/2021\/11\/7-REPONSE-A-AVIS-DE-LA-MISSION-REGIONALE-DAUTORITE-ENVIRONNEMENTALE.pdf\">7-REPONSE-A-AVIS-DE-LA-MISSION-REGIONALE-DAUTORITE-ENVIRONNEMENTALE<\/a><a href=\"https:\/\/puycapel.fr\/wp-content\/uploads\/2021\/11\/7-REPONSE-A-AVIS-DE-LA-MISSION-REGIONALE-DAUTORITE-ENVIRONNEMENTALE.pdf\" class=\"wp-block-file__button\" download>T\u00e9l\u00e9charger<\/a><\/div>\n\n\n\n<h2 class=\"wp-block-heading\">Publication du 24\/12\/2021<\/h2>\n\n\n\n<div class=\"wp-block-file\"><a href=\"https:\/\/puycapel.fr\/wp-content\/uploads\/2021\/12\/BILAN-PVE-DU-23-12-2021.pdf\">BILAN-PVE-DU-23-12-2021<\/a><a href=\"https:\/\/puycapel.fr\/wp-content\/uploads\/2021\/12\/BILAN-PVE-DU-23-12-2021.pdf\" class=\"wp-block-file__button\" download>T\u00e9l\u00e9charger<\/a><\/div>\n\n\n\n<div class=\"wp-block-file\"><a href=\"https:\/\/puycapel.fr\/wp-content\/uploads\/2021\/12\/ANNEXE-1-Arrete-douverture-de-la-participation-du-public-par-voie-electronique.pdf\">ANNEXE-1-Arrete-douverture-de-la-participation-du-public-par-voie-electronique<\/a><a href=\"https:\/\/puycapel.fr\/wp-content\/uploads\/2021\/12\/ANNEXE-1-Arrete-douverture-de-la-participation-du-public-par-voie-electronique.pdf\" class=\"wp-block-file__button\" download>T\u00e9l\u00e9charger<\/a><\/div>\n\n\n\n<div class=\"wp-block-file\"><a href=\"https:\/\/puycapel.fr\/wp-content\/uploads\/2021\/12\/ANNEXES-2-ANNEXE-6-ANNEXE-8certificat-affichage.pdf\">ANNEXES-2-ANNEXE-6-ANNEXE-8certificat-affichage<\/a><a href=\"https:\/\/puycapel.fr\/wp-content\/uploads\/2021\/12\/ANNEXES-2-ANNEXE-6-ANNEXE-8certificat-affichage.pdf\" class=\"wp-block-file__button\" download>T\u00e9l\u00e9charger<\/a><\/div>\n\n\n\n<div class=\"wp-block-file\"><a href=\"https:\/\/puycapel.fr\/wp-content\/uploads\/2021\/12\/ANNEXE-3-Captures-decran-Site-Internet.pdf\">ANNEXE-3-Captures-decran-Site-Internet<\/a><a href=\"https:\/\/puycapel.fr\/wp-content\/uploads\/2021\/12\/ANNEXE-3-Captures-decran-Site-Internet.pdf\" class=\"wp-block-file__button\" download>T\u00e9l\u00e9charger<\/a><\/div>\n\n\n\n<div class=\"wp-block-file\"><a href=\"https:\/\/puycapel.fr\/wp-content\/uploads\/2021\/12\/ANNEXE-4-Avis-douverture-de-la-procedure-de-PVE-du-Public.pdf\">ANNEXE-4-Avis-douverture-de-la-procedure-de-PVE-du-Public<\/a><a href=\"https:\/\/puycapel.fr\/wp-content\/uploads\/2021\/12\/ANNEXE-4-Avis-douverture-de-la-procedure-de-PVE-du-Public.pdf\" class=\"wp-block-file__button\" download>T\u00e9l\u00e9charger<\/a><\/div>\n\n\n\n<div class=\"wp-block-file\"><a href=\"https:\/\/puycapel.fr\/wp-content\/uploads\/2021\/12\/ANNEXE-4-1-Avis-dinformation-La-Montagne.pdf\">ANNEXE-4-1-Avis-dinformation-La-Montagne<\/a><a href=\"https:\/\/puycapel.fr\/wp-content\/uploads\/2021\/12\/ANNEXE-4-1-Avis-dinformation-La-Montagne.pdf\" class=\"wp-block-file__button\" download>T\u00e9l\u00e9charger<\/a><\/div>\n\n\n\n<div class=\"wp-block-file\"><a href=\"https:\/\/puycapel.fr\/wp-content\/uploads\/2021\/12\/ANNEXE-4-2Avis-dinformation-UAR.pdf\">ANNEXE-4-2Avis-dinformation-UAR<\/a><a href=\"https:\/\/puycapel.fr\/wp-content\/uploads\/2021\/12\/ANNEXE-4-2Avis-dinformation-UAR.pdf\" class=\"wp-block-file__button\" download>T\u00e9l\u00e9charger<\/a><\/div>\n\n\n\n<div class=\"wp-block-file\"><a href=\"https:\/\/puycapel.fr\/wp-content\/uploads\/2021\/12\/ANNEXE-5-Affichage-PVE-MAIRIE.jpg\">ANNEXE-5-Affichage-PVE-MAIRIE<\/a><a href=\"https:\/\/puycapel.fr\/wp-content\/uploads\/2021\/12\/ANNEXE-5-Affichage-PVE-MAIRIE.jpg\" class=\"wp-block-file__button\" download>T\u00e9l\u00e9charger<\/a><\/div>\n\n\n\n<div class=\"wp-block-file\"><a href=\"https:\/\/puycapel.fr\/wp-content\/uploads\/2021\/12\/Annexe-6-certificat-daffichage-en-date-du-16-decembre-2021.pdf\">Annexe-6-certificat-daffichage-en-date-du-16-decembre-2021<\/a><a href=\"https:\/\/puycapel.fr\/wp-content\/uploads\/2021\/12\/Annexe-6-certificat-daffichage-en-date-du-16-decembre-2021.pdf\" class=\"wp-block-file__button\" download>T\u00e9l\u00e9charger<\/a><\/div>\n\n\n\n<div class=\"wp-block-file\"><a href=\"https:\/\/puycapel.fr\/wp-content\/uploads\/2021\/12\/ANNEXE-7-affichage-a-lusine-IINTERLAB.pdf\">ANNEXE-7-affichage-a-lusine-IINTERLAB<\/a><a href=\"https:\/\/puycapel.fr\/wp-content\/uploads\/2021\/12\/ANNEXE-7-affichage-a-lusine-IINTERLAB.pdf\" class=\"wp-block-file__button\" download>T\u00e9l\u00e9charger<\/a><\/div>\n\n\n\n<div class=\"wp-block-file\"><a href=\"https:\/\/puycapel.fr\/wp-content\/uploads\/2021\/12\/Annexe-8-certificat-daffichage-en-date-du-16-decembre-2021.pdf\">Annexe-8-certificat-daffichage-en-date-du-16-decembre-2021<\/a><a href=\"https:\/\/puycapel.fr\/wp-content\/uploads\/2021\/12\/Annexe-8-certificat-daffichage-en-date-du-16-decembre-2021.pdf\" class=\"wp-block-file__button\" download>T\u00e9l\u00e9charger<\/a><\/div>\n\n\n","protected":false},"excerpt":{"rendered":"<p>DOCUMENTS MIS A DISPOSITION DU PUBLIC&nbsp;\u00bb&nbsp;&#8211; Publication du 12 novembre 2021 Publication du 24\/12\/2021<\/p>\n","protected":false},"author":3,"featured_media":0,"parent":0,"menu_order":0,"comment_status":"closed","ping_status":"closed","template":"","meta":{"_exactmetrics_skip_tracking":false,"_exactmetrics_sitenote_active":false,"_exactmetrics_sitenote_note":"","_exactmetrics_sitenote_category":0,"footnotes":""},"class_list":["post-5945","page","type-page","status-publish","hentry"],"jetpack_sharing_enabled":true,"jetpack_shortlink":"https:\/\/wp.me\/PaADkW-1xT","jetpack-related-posts":[{"id":2028,"url":"https:\/\/puycapel.fr\/index.php\/paiement-en-ligne-tipi\/","url_meta":{"origin":5945,"position":0},"title":"Paiement en ligne TIPI","author":"Antoine Puech","date":"16 f\u00e9vrier 2020","format":false,"excerpt":"Ci dessous \u00e0 votre disposition, gratuitement, ce site internet s\u00e9curis\u00e9 pour faciliter le paiement de vos services publics locaux (Comme les frais de cantine par exemple.) En haut a droite de l\u2019avis figure un num\u00e9ro d\u2019identifiant de collectivit\u00e9 qui doit \u00eatre renseign\u00e9, ainsi que\u00a0la r\u00e9f\u00e9rence telle qu\u2019elle appara\u00eet sur votre\u2026","rel":"","context":"Article similaire","block_context":{"text":"Article similaire","link":""},"img":{"alt_text":"","src":"https:\/\/i0.wp.com\/puycapel.fr\/wp-content\/uploads\/2020\/02\/tipi2-150x150-1.jpg?ssl=1&resize=350%2C200","width":350,"height":200},"classes":[]},{"id":411,"url":"https:\/\/puycapel.fr\/index.php\/accueil\/contactez-nous\/lecole-de-puycapel-paiement-tipi\/","url_meta":{"origin":5945,"position":1},"title":"L&rsquo;\u00e9cole de Puycapel","author":"Antoine Puech","date":"11 f\u00e9vrier 2019","format":false,"excerpt":"Restauration scolaire La cantine scolaire est \u00e0 la disposition des enfants de l\u2019\u00e9cole tout au long de l\u2019ann\u00e9e scolaire. Les d\u00e9jeuners sont pr\u00e9par\u00e9s par un agent communal, charg\u00e9 \u00e9galement de l\u2019approvisionnement des denr\u00e9es alimentaires. Nous privil\u00e9gions les commerces et producteurs de proximit\u00e9. Le prix du repas est de 2,90\u20ac\u00a0(Rentr\u00e9e 2024\/2025)\u2026","rel":"","context":"Article similaire","block_context":{"text":"Article similaire","link":""},"img":{"alt_text":"","src":"https:\/\/i0.wp.com\/puycapel.fr\/wp-content\/uploads\/2020\/02\/tipi2-150x150-1.jpg?resize=350%2C200&ssl=1","width":350,"height":200},"classes":[]},{"id":253,"url":"https:\/\/puycapel.fr\/index.php\/accueil\/les-associations-de-puycapel\/les-cailloux-brulants\/","url_meta":{"origin":5945,"position":2},"title":"Les cailloux Br\u00fblants","author":"Antoine Puech","date":"26 janvier 2019","format":false,"excerpt":"La compagnie Les Cailloux Br\u00fblants, implant\u00e9e \u00e0 Calvinet depuis 2015, propose des spectacles adress\u00e9s en particulier au jeune public, ainsi que diverses interventions cont\u00e9es pour le tout public. A sa t\u00eate, C\u00e9cile Demaison s\u2019entoure de coll\u00e8gues crois\u00e9s sur les routes, avec qui elle d\u00e9sire cr\u00e9er des spectacles. La compagnie intervient\u2026","rel":"","context":"Article similaire","block_context":{"text":"Article similaire","link":""},"img":{"alt_text":"","src":"https:\/\/i0.wp.com\/puycapel.fr\/wp-content\/uploads\/2019\/01\/cailloux-brulants.jpg?resize=350%2C200&ssl=1","width":350,"height":200,"srcset":"https:\/\/i0.wp.com\/puycapel.fr\/wp-content\/uploads\/2019\/01\/cailloux-brulants.jpg?resize=350%2C200&ssl=1 1x, https:\/\/i0.wp.com\/puycapel.fr\/wp-content\/uploads\/2019\/01\/cailloux-brulants.jpg?resize=525%2C300&ssl=1 1.5x"},"classes":[]},{"id":9786,"url":"https:\/\/puycapel.fr\/index.php\/contacts-renseignements\/","url_meta":{"origin":5945,"position":3},"title":"Contacts &amp; renseignements","author":"Mairie Puycapel","date":"17 f\u00e9vrier 2025","format":false,"excerpt":"Permanence du Maire Emmanuel BILLOT, Maire de Puycapel, tient des permanences ouvertes au public, sans rendez-vous : \u00a0- Le 1er samedi de chaque mois de 9h00 \u00e0 12h00 \u00e0 la mairie de Mourjou \u00a0- les autres samedis de 9h00 \u00e0 12h00 \u00e0 la mairie de Calvinet. ------------------------------------- ADRESSES POSTALES MAIRIES\u2026","rel":"","context":"Article similaire","block_context":{"text":"Article similaire","link":""},"img":{"alt_text":"","src":"","width":0,"height":0},"classes":[]},{"id":8420,"url":"https:\/\/puycapel.fr\/index.php\/avis-denquete-publique-3\/","url_meta":{"origin":5945,"position":4},"title":"AVIS D&rsquo;ENQUETE PUBLIQUE","author":"Mairie Puycapel","date":"11 septembre 2023","format":false,"excerpt":"Relative \u00e0 la d\u00e9saffectation, pour ali\u00e9nation du chemin rural situ\u00e9 au lieu-dit Le Loriot \u00e0 Mourjou, Commune de PUYCAPEL. ****************** DOSSIER D'ENQUETE PUBLIQUE pour consultation ***************** Arr\u00eat\u00e9 d\u2019ouverture d\u2019enqu\u00eate publique\u00a0(t\u00e9l\u00e9chargez l\u2019arr\u00eat\u00e9 en cliquant sur les deux images ci-dessous) Arr\u00eat\u00e9 Enqu\u00eate publiqueT\u00e9l\u00e9charger","rel":"","context":"Article similaire","block_context":{"text":"Article similaire","link":""},"img":{"alt_text":"","src":"","width":0,"height":0},"classes":[]},{"id":136,"url":"https:\/\/puycapel.fr\/index.php\/accueil\/contactez-nous\/presentation-du-conseil-municipal-de-puycapel-2019\/","url_meta":{"origin":5945,"position":5},"title":"Pr\u00e9sentation du conseil municipal de Puycapel","author":"Antoine Puech","date":"13 janvier 2019","format":false,"excerpt":"Permanence du Maire Emmanuel BILLOT, Maire de Puycapel, tient des permanences ouvertes au public, sans rendez-vous : \u00a0- Le 1er samedi de chaque mois de 9h00 \u00e0 12h00 \u00e0 la mairie de Mourjou \u00a0- les autres samedis de 9h00 \u00e0 12h00 \u00e0 la mairie de Calvinet. ----------------------------------------------------------------- Suite \u00e0 la\u2026","rel":"","context":"Article similaire","block_context":{"text":"Article similaire","link":""},"img":{"alt_text":"","src":"https:\/\/i0.wp.com\/puycapel.fr\/wp-content\/uploads\/2026\/03\/CM-26-A-32.png?resize=350%2C200&ssl=1","width":350,"height":200},"classes":[]}],"_links":{"self":[{"href":"https:\/\/puycapel.fr\/index.php\/wp-json\/wp\/v2\/pages\/5945","targetHints":{"allow":["GET"]}}],"collection":[{"href":"https:\/\/puycapel.fr\/index.php\/wp-json\/wp\/v2\/pages"}],"about":[{"href":"https:\/\/puycapel.fr\/index.php\/wp-json\/wp\/v2\/types\/page"}],"author":[{"embeddable":true,"href":"https:\/\/puycapel.fr\/index.php\/wp-json\/wp\/v2\/users\/3"}],"replies":[{"embeddable":true,"href":"https:\/\/puycapel.fr\/index.php\/wp-json\/wp\/v2\/comments?post=5945"}],"version-history":[{"count":8,"href":"https:\/\/puycapel.fr\/index.php\/wp-json\/wp\/v2\/pages\/5945\/revisions"}],"predecessor-version":[{"id":6256,"href":"https:\/\/puycapel.fr\/index.php\/wp-json\/wp\/v2\/pages\/5945\/revisions\/6256"}],"wp:attachment":[{"href":"https:\/\/puycapel.fr\/index.php\/wp-json\/wp\/v2\/media?parent=5945"}],"curies":[{"name":"wp","href":"https:\/\/api.w.org\/{rel}","templated":true}]}}