{"id":696,"date":"2019-03-18T15:57:25","date_gmt":"2019-03-18T14:57:25","guid":{"rendered":"https:\/\/puycapel.fr\/?page_id=696"},"modified":"2024-02-23T10:02:59","modified_gmt":"2024-02-23T09:02:59","slug":"la-maison-de-la-chataigne","status":"publish","type":"page","link":"https:\/\/puycapel.fr\/index.php\/la-maison-de-la-chataigne\/","title":{"rendered":"La Maison de la ch\u00e2taigne"},"content":{"rendered":"\n<p> <strong>La Maison de la&nbsp;Ch\u00e2taigne<\/strong><br> MOURJOU<br> T\u00e9l\u00e9phone: 04.71.49.98.00<br> email: <a rel=\"noreferrer noopener\" href=\"mailto:maisondelachataigne@gmail.com\" target=\"_blank\">maisondelachataigne@gmail.com<br> <\/a><br> <a rel=\"noreferrer noopener\" href=\"http:\/\/www.maisondelachataigne.com\" target=\"_blank\"> www.maisondelachataigne.com<\/a><br> <a rel=\"noreferrer noopener\" href=\"https:\/\/www.facebook.com\/maisondela.chataigne\" target=\"_blank\"> Facebook.com\/maisondela.chataigne<\/a><\/p>\n\n\n\n<h4 class=\"wp-block-heading\">Pr\u00e9sentation de la maison de la ch\u00e2taigne<\/h4>\n\n\n\n<p>D\u00e9couvrez dans cet espace de d\u00e9couverte ludique l\u2019histoire du ch\u00e2taignier et de la r\u00e9gion qui porte son nom : <strong>la Ch\u00e2taigneraie<\/strong>.<br>\nEntrez dans un monde couleur ch\u00e2taigne, <strong>bourr\u00e9 d\u2019images et de sons, de sculptures et d\u2019objets, de parfums et de saveurs! Histoire, culture, production, d\u00e9gustations\u2026&nbsp;<\/strong>vous conna\u00eetrez tout sur cet arbre symbole !<\/p>\n\n\n\n<p>Am\u00e9nag\u00e9 dans un ancien corps de ferme, \ncet \u00e9comus\u00e9e associe un espace mus\u00e9ographique richement document\u00e9 et des\n espaces ext\u00e9rieurs que vous pourrez visiter : vergers de ch\u00e2taigniers \net d\u2019arbres fruitiers de la r\u00e9gion, jardin potager-vivrier et jardin \nd\u2019aromates\u2026 Vous trouverez \u00e9galement une p\u00e9pini\u00e8re de jeunes plants de \nch\u00e2taigniers o\u00f9 sont greff\u00e9es des vari\u00e9t\u00e9s locales\u2026<\/p>\n\n\n\n<p><strong>Colette Castanier<\/strong>, \nma\u00eetresse des lieux, sera l\u00e0 pour vous recevoir et partager un agr\u00e9able \nmoment avec vous\u2026 Vous ne repartirez pas sans avoir d\u00e9gust\u00e9 des produits\n \u00e0 base de ch\u00e2taigne en vente dans la boutique.<\/p>\n\n\n\n<hr class=\"wp-block-separator has-css-opacity\"\/>\n\n\n\n<h4 class=\"wp-block-heading\">Une visite ludique et pratique pour toute la famille !<\/h4>\n\n\n\n<p>Des animaux pr\u00e9sents sur place vous r\u00e9servent \u00e9galement un tr\u00e8s bon accueil !<br> Jeux pour petits et grands&nbsp;!<\/p>\n\n\n\n<p>Pour compl\u00e9ter votre visite&nbsp;: <a href=\"http:\/\/www.mourjou.com\/balade-tresors-haut-cele\/\">sentier d\u2019interpr\u00e9tation<\/a>&nbsp;: \u00ab<em>&nbsp;les tr\u00e9sors du Haut-C\u00e9l\u00e9<\/em>&nbsp;\u00bb d\u2019une distance de 3,5 Km class\u00e9 au PDIPR.<\/p>\n\n\n\n<figure class=\"wp-block-gallery has-nested-images columns-4 is-cropped wp-block-gallery-2 is-layout-flex wp-block-gallery-is-layout-flex\">\n<figure class=\"wp-block-image\"><img data-recalc-dims=\"1\" loading=\"lazy\" decoding=\"async\" width=\"1024\" height=\"614\" data-attachment-id=\"703\" data-permalink=\"https:\/\/puycapel.fr\/index.php\/la-maison-de-la-chataigne\/2017-08-03-20-17-30\/\" data-orig-file=\"https:\/\/i0.wp.com\/puycapel.fr\/wp-content\/uploads\/2019\/03\/2017-08-03-20.17.30.jpg?fit=2560%2C1536&amp;ssl=1\" data-orig-size=\"2560,1536\" data-comments-opened=\"0\" data-image-meta=\"{&quot;aperture&quot;:&quot;2.2&quot;,&quot;credit&quot;:&quot;&quot;,&quot;camera&quot;:&quot;SM-G389F&quot;,&quot;caption&quot;:&quot;&quot;,&quot;created_timestamp&quot;:&quot;1501791450&quot;,&quot;copyright&quot;:&quot;&quot;,&quot;focal_length&quot;:&quot;3.3&quot;,&quot;iso&quot;:&quot;50&quot;,&quot;shutter_speed&quot;:&quot;0.0096153846153846&quot;,&quot;title&quot;:&quot;&quot;,&quot;orientation&quot;:&quot;1&quot;}\" data-image-title=\"2017-08-03-20.17.30\" data-image-description=\"\" data-image-caption=\"\" data-large-file=\"https:\/\/i0.wp.com\/puycapel.fr\/wp-content\/uploads\/2019\/03\/2017-08-03-20.17.30.jpg?fit=1024%2C614&amp;ssl=1\" data-id=\"703\" src=\"https:\/\/i0.wp.com\/puycapel.fr\/wp-content\/uploads\/2019\/03\/2017-08-03-20.17.30.jpg?resize=1024%2C614&#038;ssl=1\" alt=\"\" class=\"wp-image-703\" srcset=\"https:\/\/i0.wp.com\/puycapel.fr\/wp-content\/uploads\/2019\/03\/2017-08-03-20.17.30.jpg?resize=1024%2C614&amp;ssl=1 1024w, https:\/\/i0.wp.com\/puycapel.fr\/wp-content\/uploads\/2019\/03\/2017-08-03-20.17.30.jpg?resize=300%2C180&amp;ssl=1 300w, https:\/\/i0.wp.com\/puycapel.fr\/wp-content\/uploads\/2019\/03\/2017-08-03-20.17.30.jpg?resize=768%2C461&amp;ssl=1 768w, https:\/\/i0.wp.com\/puycapel.fr\/wp-content\/uploads\/2019\/03\/2017-08-03-20.17.30.jpg?resize=1320%2C792&amp;ssl=1 1320w, https:\/\/i0.wp.com\/puycapel.fr\/wp-content\/uploads\/2019\/03\/2017-08-03-20.17.30.jpg?w=2000&amp;ssl=1 2000w\" sizes=\"auto, (max-width: 1000px) 100vw, 1000px\" \/><\/figure>\n\n\n\n<figure class=\"wp-block-image\"><img data-recalc-dims=\"1\" loading=\"lazy\" decoding=\"async\" width=\"900\" height=\"675\" data-attachment-id=\"704\" data-permalink=\"https:\/\/puycapel.fr\/index.php\/la-maison-de-la-chataigne\/sanyo-digital-camera\/\" data-orig-file=\"https:\/\/i0.wp.com\/puycapel.fr\/wp-content\/uploads\/2019\/03\/atelier-enfants.jpg?fit=900%2C675&amp;ssl=1\" data-orig-size=\"900,675\" data-comments-opened=\"0\" data-image-meta=\"{&quot;aperture&quot;:&quot;3.5&quot;,&quot;credit&quot;:&quot;&quot;,&quot;camera&quot;:&quot;CA6&quot;,&quot;caption&quot;:&quot;SANYO DIGITAL CAMERA&quot;,&quot;created_timestamp&quot;:&quot;1279815641&quot;,&quot;copyright&quot;:&quot;&quot;,&quot;focal_length&quot;:&quot;6.3&quot;,&quot;iso&quot;:&quot;100&quot;,&quot;shutter_speed&quot;:&quot;0.033333333333333&quot;,&quot;title&quot;:&quot;SANYO DIGITAL CAMERA&quot;,&quot;orientation&quot;:&quot;1&quot;}\" data-image-title=\"SANYO DIGITAL CAMERA\" data-image-description=\"\" data-image-caption=\"&lt;p&gt;SANYO DIGITAL CAMERA&lt;\/p&gt;\n\" data-large-file=\"https:\/\/i0.wp.com\/puycapel.fr\/wp-content\/uploads\/2019\/03\/atelier-enfants.jpg?fit=900%2C675&amp;ssl=1\" data-id=\"704\" src=\"https:\/\/i0.wp.com\/puycapel.fr\/wp-content\/uploads\/2019\/03\/atelier-enfants.jpg?resize=900%2C675&#038;ssl=1\" alt=\"\" class=\"wp-image-704\" srcset=\"https:\/\/i0.wp.com\/puycapel.fr\/wp-content\/uploads\/2019\/03\/atelier-enfants.jpg?w=900&amp;ssl=1 900w, https:\/\/i0.wp.com\/puycapel.fr\/wp-content\/uploads\/2019\/03\/atelier-enfants.jpg?resize=300%2C225&amp;ssl=1 300w, https:\/\/i0.wp.com\/puycapel.fr\/wp-content\/uploads\/2019\/03\/atelier-enfants.jpg?resize=768%2C576&amp;ssl=1 768w\" sizes=\"auto, (max-width: 900px) 100vw, 900px\" \/><figcaption class=\"wp-element-caption\">SANYO DIGITAL CAMERA<\/figcaption><\/figure>\n\n\n\n<figure class=\"wp-block-image\"><img data-recalc-dims=\"1\" loading=\"lazy\" decoding=\"async\" width=\"1000\" height=\"750\" data-attachment-id=\"705\" data-permalink=\"https:\/\/puycapel.fr\/index.php\/la-maison-de-la-chataigne\/dscn0218\/\" data-orig-file=\"https:\/\/i0.wp.com\/puycapel.fr\/wp-content\/uploads\/2019\/03\/DSCN0218.jpg?fit=1000%2C750&amp;ssl=1\" data-orig-size=\"1000,750\" data-comments-opened=\"0\" data-image-meta=\"{&quot;aperture&quot;:&quot;5&quot;,&quot;credit&quot;:&quot;&quot;,&quot;camera&quot;:&quot;E5700&quot;,&quot;caption&quot;:&quot;&quot;,&quot;created_timestamp&quot;:&quot;1284735169&quot;,&quot;copyright&quot;:&quot;&quot;,&quot;focal_length&quot;:&quot;8.9&quot;,&quot;iso&quot;:&quot;100&quot;,&quot;shutter_speed&quot;:&quot;0.0062460961898813&quot;,&quot;title&quot;:&quot;&quot;,&quot;orientation&quot;:&quot;1&quot;}\" data-image-title=\"DSCN0218\" data-image-description=\"\" data-image-caption=\"\" data-large-file=\"https:\/\/i0.wp.com\/puycapel.fr\/wp-content\/uploads\/2019\/03\/DSCN0218.jpg?fit=1000%2C750&amp;ssl=1\" data-id=\"705\" src=\"https:\/\/i0.wp.com\/puycapel.fr\/wp-content\/uploads\/2019\/03\/DSCN0218.jpg?resize=1000%2C750&#038;ssl=1\" alt=\"\" class=\"wp-image-705\" srcset=\"https:\/\/i0.wp.com\/puycapel.fr\/wp-content\/uploads\/2019\/03\/DSCN0218.jpg?w=1000&amp;ssl=1 1000w, https:\/\/i0.wp.com\/puycapel.fr\/wp-content\/uploads\/2019\/03\/DSCN0218.jpg?resize=300%2C225&amp;ssl=1 300w, https:\/\/i0.wp.com\/puycapel.fr\/wp-content\/uploads\/2019\/03\/DSCN0218.jpg?resize=768%2C576&amp;ssl=1 768w\" sizes=\"auto, (max-width: 1000px) 100vw, 1000px\" \/><\/figure>\n\n\n\n<figure class=\"wp-block-image\"><img data-recalc-dims=\"1\" loading=\"lazy\" decoding=\"async\" width=\"800\" height=\"600\" data-attachment-id=\"706\" data-permalink=\"https:\/\/puycapel.fr\/index.php\/la-maison-de-la-chataigne\/sanyo-digital-camera-2\/\" data-orig-file=\"https:\/\/i0.wp.com\/puycapel.fr\/wp-content\/uploads\/2019\/03\/groupe.jpg?fit=800%2C600&amp;ssl=1\" data-orig-size=\"800,600\" data-comments-opened=\"0\" data-image-meta=\"{&quot;aperture&quot;:&quot;4.3&quot;,&quot;credit&quot;:&quot;&quot;,&quot;camera&quot;:&quot;CA6&quot;,&quot;caption&quot;:&quot;SANYO DIGITAL CAMERA&quot;,&quot;created_timestamp&quot;:&quot;&quot;,&quot;copyright&quot;:&quot;&quot;,&quot;focal_length&quot;:&quot;23.2&quot;,&quot;iso&quot;:&quot;50&quot;,&quot;shutter_speed&quot;:&quot;0.0029913251570446&quot;,&quot;title&quot;:&quot;SANYO DIGITAL CAMERA&quot;,&quot;orientation&quot;:&quot;1&quot;}\" data-image-title=\"SANYO DIGITAL CAMERA\" data-image-description=\"\" data-image-caption=\"&lt;p&gt;SANYO DIGITAL CAMERA&lt;\/p&gt;\n\" data-large-file=\"https:\/\/i0.wp.com\/puycapel.fr\/wp-content\/uploads\/2019\/03\/groupe.jpg?fit=800%2C600&amp;ssl=1\" data-id=\"706\" src=\"https:\/\/i0.wp.com\/puycapel.fr\/wp-content\/uploads\/2019\/03\/groupe.jpg?resize=800%2C600&#038;ssl=1\" alt=\"\" class=\"wp-image-706\" srcset=\"https:\/\/i0.wp.com\/puycapel.fr\/wp-content\/uploads\/2019\/03\/groupe.jpg?w=800&amp;ssl=1 800w, https:\/\/i0.wp.com\/puycapel.fr\/wp-content\/uploads\/2019\/03\/groupe.jpg?resize=300%2C225&amp;ssl=1 300w, https:\/\/i0.wp.com\/puycapel.fr\/wp-content\/uploads\/2019\/03\/groupe.jpg?resize=768%2C576&amp;ssl=1 768w\" sizes=\"auto, (max-width: 800px) 100vw, 800px\" \/><figcaption class=\"wp-element-caption\">SANYO DIGITAL CAMERA<\/figcaption><\/figure>\n\n\n\n<figure class=\"wp-block-image\"><img data-recalc-dims=\"1\" loading=\"lazy\" decoding=\"async\" width=\"1024\" height=\"683\" data-attachment-id=\"707\" data-permalink=\"https:\/\/puycapel.fr\/index.php\/la-maison-de-la-chataigne\/l1170988\/\" data-orig-file=\"https:\/\/i0.wp.com\/puycapel.fr\/wp-content\/uploads\/2019\/03\/L1170988.jpg?fit=1181%2C788&amp;ssl=1\" data-orig-size=\"1181,788\" data-comments-opened=\"0\" data-image-meta=\"{&quot;aperture&quot;:&quot;1.4&quot;,&quot;credit&quot;:&quot;&quot;,&quot;camera&quot;:&quot;D-LUX 6&quot;,&quot;caption&quot;:&quot;&quot;,&quot;created_timestamp&quot;:&quot;1526764078&quot;,&quot;copyright&quot;:&quot;&quot;,&quot;focal_length&quot;:&quot;4.7&quot;,&quot;iso&quot;:&quot;1600&quot;,&quot;shutter_speed&quot;:&quot;0.25&quot;,&quot;title&quot;:&quot;&quot;,&quot;orientation&quot;:&quot;1&quot;}\" data-image-title=\"L1170988\" data-image-description=\"\" data-image-caption=\"\" data-large-file=\"https:\/\/i0.wp.com\/puycapel.fr\/wp-content\/uploads\/2019\/03\/L1170988.jpg?fit=1024%2C683&amp;ssl=1\" data-id=\"707\" src=\"https:\/\/i0.wp.com\/puycapel.fr\/wp-content\/uploads\/2019\/03\/L1170988.jpg?resize=1024%2C683&#038;ssl=1\" alt=\"\" class=\"wp-image-707\" srcset=\"https:\/\/i0.wp.com\/puycapel.fr\/wp-content\/uploads\/2019\/03\/L1170988.jpg?resize=1024%2C683&amp;ssl=1 1024w, https:\/\/i0.wp.com\/puycapel.fr\/wp-content\/uploads\/2019\/03\/L1170988.jpg?resize=300%2C200&amp;ssl=1 300w, https:\/\/i0.wp.com\/puycapel.fr\/wp-content\/uploads\/2019\/03\/L1170988.jpg?resize=768%2C512&amp;ssl=1 768w, https:\/\/i0.wp.com\/puycapel.fr\/wp-content\/uploads\/2019\/03\/L1170988.jpg?resize=120%2C80&amp;ssl=1 120w, https:\/\/i0.wp.com\/puycapel.fr\/wp-content\/uploads\/2019\/03\/L1170988.jpg?w=1181&amp;ssl=1 1181w\" sizes=\"auto, (max-width: 1000px) 100vw, 1000px\" \/><\/figure>\n\n\n\n<figure class=\"wp-block-image\"><img data-recalc-dims=\"1\" loading=\"lazy\" decoding=\"async\" width=\"1000\" height=\"750\" data-attachment-id=\"708\" data-permalink=\"https:\/\/puycapel.fr\/index.php\/la-maison-de-la-chataigne\/olympus-digital-camera\/\" data-orig-file=\"https:\/\/i0.wp.com\/puycapel.fr\/wp-content\/uploads\/2019\/03\/P3150012.jpg?fit=1000%2C750&amp;ssl=1\" data-orig-size=\"1000,750\" data-comments-opened=\"0\" data-image-meta=\"{&quot;aperture&quot;:&quot;3.1&quot;,&quot;credit&quot;:&quot;&quot;,&quot;camera&quot;:&quot;FE190\/X750&quot;,&quot;caption&quot;:&quot;OLYMPUS DIGITAL CAMERA&quot;,&quot;created_timestamp&quot;:&quot;1300177036&quot;,&quot;copyright&quot;:&quot;&quot;,&quot;focal_length&quot;:&quot;6.3&quot;,&quot;iso&quot;:&quot;80&quot;,&quot;shutter_speed&quot;:&quot;0.002&quot;,&quot;title&quot;:&quot;OLYMPUS DIGITAL CAMERA&quot;,&quot;orientation&quot;:&quot;1&quot;}\" data-image-title=\"OLYMPUS DIGITAL CAMERA\" data-image-description=\"\" data-image-caption=\"&lt;p&gt;OLYMPUS DIGITAL CAMERA&lt;\/p&gt;\n\" data-large-file=\"https:\/\/i0.wp.com\/puycapel.fr\/wp-content\/uploads\/2019\/03\/P3150012.jpg?fit=1000%2C750&amp;ssl=1\" data-id=\"708\" src=\"https:\/\/i0.wp.com\/puycapel.fr\/wp-content\/uploads\/2019\/03\/P3150012.jpg?resize=1000%2C750&#038;ssl=1\" alt=\"\" class=\"wp-image-708\" srcset=\"https:\/\/i0.wp.com\/puycapel.fr\/wp-content\/uploads\/2019\/03\/P3150012.jpg?w=1000&amp;ssl=1 1000w, https:\/\/i0.wp.com\/puycapel.fr\/wp-content\/uploads\/2019\/03\/P3150012.jpg?resize=300%2C225&amp;ssl=1 300w, https:\/\/i0.wp.com\/puycapel.fr\/wp-content\/uploads\/2019\/03\/P3150012.jpg?resize=768%2C576&amp;ssl=1 768w\" sizes=\"auto, (max-width: 1000px) 100vw, 1000px\" \/><figcaption class=\"wp-element-caption\">OLYMPUS DIGITAL CAMERA<\/figcaption><\/figure>\n\n\n\n<figure class=\"wp-block-image\"><img data-recalc-dims=\"1\" loading=\"lazy\" decoding=\"async\" width=\"768\" height=\"1024\" data-attachment-id=\"709\" data-permalink=\"https:\/\/puycapel.fr\/index.php\/la-maison-de-la-chataigne\/olympus-digital-camera-2\/\" data-orig-file=\"https:\/\/i0.wp.com\/puycapel.fr\/wp-content\/uploads\/2019\/03\/P6200064.jpg?fit=2112%2C2816&amp;ssl=1\" data-orig-size=\"2112,2816\" data-comments-opened=\"0\" data-image-meta=\"{&quot;aperture&quot;:&quot;4.2&quot;,&quot;credit&quot;:&quot;&quot;,&quot;camera&quot;:&quot;FE190\/X750&quot;,&quot;caption&quot;:&quot;OLYMPUS DIGITAL CAMERA&quot;,&quot;created_timestamp&quot;:&quot;1308562664&quot;,&quot;copyright&quot;:&quot;&quot;,&quot;focal_length&quot;:&quot;10.3&quot;,&quot;iso&quot;:&quot;80&quot;,&quot;shutter_speed&quot;:&quot;0.0125&quot;,&quot;title&quot;:&quot;OLYMPUS DIGITAL CAMERA&quot;,&quot;orientation&quot;:&quot;0&quot;}\" data-image-title=\"OLYMPUS DIGITAL CAMERA\" data-image-description=\"\" data-image-caption=\"&lt;p&gt;OLYMPUS DIGITAL CAMERA&lt;\/p&gt;\n\" data-large-file=\"https:\/\/i0.wp.com\/puycapel.fr\/wp-content\/uploads\/2019\/03\/P6200064.jpg?fit=768%2C1024&amp;ssl=1\" data-id=\"709\" src=\"https:\/\/i0.wp.com\/puycapel.fr\/wp-content\/uploads\/2019\/03\/P6200064.jpg?resize=768%2C1024&#038;ssl=1\" alt=\"\" class=\"wp-image-709\" srcset=\"https:\/\/i0.wp.com\/puycapel.fr\/wp-content\/uploads\/2019\/03\/P6200064.jpg?resize=768%2C1024&amp;ssl=1 768w, https:\/\/i0.wp.com\/puycapel.fr\/wp-content\/uploads\/2019\/03\/P6200064.jpg?resize=225%2C300&amp;ssl=1 225w, https:\/\/i0.wp.com\/puycapel.fr\/wp-content\/uploads\/2019\/03\/P6200064.jpg?resize=1320%2C1760&amp;ssl=1 1320w, https:\/\/i0.wp.com\/puycapel.fr\/wp-content\/uploads\/2019\/03\/P6200064.jpg?w=2000&amp;ssl=1 2000w\" sizes=\"auto, (max-width: 768px) 100vw, 768px\" \/><figcaption class=\"wp-element-caption\">OLYMPUS DIGITAL CAMERA<\/figcaption><\/figure>\n\n\n\n<figure class=\"wp-block-image\"><img data-recalc-dims=\"1\" loading=\"lazy\" decoding=\"async\" width=\"800\" height=\"600\" data-attachment-id=\"710\" data-permalink=\"https:\/\/puycapel.fr\/index.php\/la-maison-de-la-chataigne\/olympus-digital-camera-3\/\" data-orig-file=\"https:\/\/i0.wp.com\/puycapel.fr\/wp-content\/uploads\/2019\/03\/ramasseuse-%C3%A9bogueuse.jpg?fit=800%2C600&amp;ssl=1\" data-orig-size=\"800,600\" data-comments-opened=\"0\" data-image-meta=\"{&quot;aperture&quot;:&quot;3.1&quot;,&quot;credit&quot;:&quot;&quot;,&quot;camera&quot;:&quot;FE190\/X750&quot;,&quot;caption&quot;:&quot;OLYMPUS DIGITAL CAMERA&quot;,&quot;created_timestamp&quot;:&quot;1314112063&quot;,&quot;copyright&quot;:&quot;&quot;,&quot;focal_length&quot;:&quot;6.3&quot;,&quot;iso&quot;:&quot;80&quot;,&quot;shutter_speed&quot;:&quot;0.0015625&quot;,&quot;title&quot;:&quot;OLYMPUS DIGITAL CAMERA&quot;,&quot;orientation&quot;:&quot;1&quot;}\" data-image-title=\"OLYMPUS DIGITAL CAMERA\" data-image-description=\"\" data-image-caption=\"&lt;p&gt;OLYMPUS DIGITAL CAMERA&lt;\/p&gt;\n\" data-large-file=\"https:\/\/i0.wp.com\/puycapel.fr\/wp-content\/uploads\/2019\/03\/ramasseuse-%C3%A9bogueuse.jpg?fit=800%2C600&amp;ssl=1\" data-id=\"710\" src=\"https:\/\/i0.wp.com\/puycapel.fr\/wp-content\/uploads\/2019\/03\/ramasseuse-%C3%A9bogueuse.jpg?resize=800%2C600&#038;ssl=1\" alt=\"\" class=\"wp-image-710\" srcset=\"https:\/\/i0.wp.com\/puycapel.fr\/wp-content\/uploads\/2019\/03\/ramasseuse-%C3%A9bogueuse.jpg?w=800&amp;ssl=1 800w, https:\/\/i0.wp.com\/puycapel.fr\/wp-content\/uploads\/2019\/03\/ramasseuse-%C3%A9bogueuse.jpg?resize=300%2C225&amp;ssl=1 300w, https:\/\/i0.wp.com\/puycapel.fr\/wp-content\/uploads\/2019\/03\/ramasseuse-%C3%A9bogueuse.jpg?resize=768%2C576&amp;ssl=1 768w\" sizes=\"auto, (max-width: 800px) 100vw, 800px\" \/><figcaption class=\"wp-element-caption\">OLYMPUS DIGITAL CAMERA<\/figcaption><\/figure>\n\n\n\n<figure class=\"wp-block-image\"><img data-recalc-dims=\"1\" loading=\"lazy\" decoding=\"async\" width=\"800\" height=\"480\" data-attachment-id=\"711\" data-permalink=\"https:\/\/puycapel.fr\/index.php\/la-maison-de-la-chataigne\/vieux-chataignier-avec-public\/\" data-orig-file=\"https:\/\/i0.wp.com\/puycapel.fr\/wp-content\/uploads\/2019\/03\/VIEUX-CHATAIGNIER-AVEC-PUBLIC.jpg?fit=800%2C480&amp;ssl=1\" data-orig-size=\"800,480\" data-comments-opened=\"0\" data-image-meta=\"{&quot;aperture&quot;:&quot;0&quot;,&quot;credit&quot;:&quot;&quot;,&quot;camera&quot;:&quot;&quot;,&quot;caption&quot;:&quot;&quot;,&quot;created_timestamp&quot;:&quot;0&quot;,&quot;copyright&quot;:&quot;&quot;,&quot;focal_length&quot;:&quot;0&quot;,&quot;iso&quot;:&quot;0&quot;,&quot;shutter_speed&quot;:&quot;0&quot;,&quot;title&quot;:&quot;&quot;,&quot;orientation&quot;:&quot;0&quot;}\" data-image-title=\"VIEUX-CHATAIGNIER-AVEC-PUBLIC\" data-image-description=\"\" data-image-caption=\"\" data-large-file=\"https:\/\/i0.wp.com\/puycapel.fr\/wp-content\/uploads\/2019\/03\/VIEUX-CHATAIGNIER-AVEC-PUBLIC.jpg?fit=800%2C480&amp;ssl=1\" data-id=\"711\" src=\"https:\/\/i0.wp.com\/puycapel.fr\/wp-content\/uploads\/2019\/03\/VIEUX-CHATAIGNIER-AVEC-PUBLIC.jpg?resize=800%2C480&#038;ssl=1\" alt=\"\" class=\"wp-image-711\" srcset=\"https:\/\/i0.wp.com\/puycapel.fr\/wp-content\/uploads\/2019\/03\/VIEUX-CHATAIGNIER-AVEC-PUBLIC.jpg?w=800&amp;ssl=1 800w, https:\/\/i0.wp.com\/puycapel.fr\/wp-content\/uploads\/2019\/03\/VIEUX-CHATAIGNIER-AVEC-PUBLIC.jpg?resize=300%2C180&amp;ssl=1 300w, https:\/\/i0.wp.com\/puycapel.fr\/wp-content\/uploads\/2019\/03\/VIEUX-CHATAIGNIER-AVEC-PUBLIC.jpg?resize=768%2C461&amp;ssl=1 768w\" sizes=\"auto, (max-width: 800px) 100vw, 800px\" \/><\/figure>\n<\/figure>\n\n\n\n<p><a href=\"http:\/\/www.mourjou.com\/wp-content\/uploads\/2016\/03\/epicerie-maison-chataigne.jpg\"><\/a><\/p>\n","protected":false},"excerpt":{"rendered":"<p>La Maison de la&nbsp;Ch\u00e2taigne MOURJOU T\u00e9l\u00e9phone: 04.71.49.98.00 email: maisondelachataigne@gmail.com www.maisondelachataigne.com Facebook.com\/maisondela.chataigne Pr\u00e9sentation de la maison de la ch\u00e2taigne D\u00e9couvrez dans cet espace de d\u00e9couverte ludique l\u2019histoire du ch\u00e2taignier et de la r\u00e9gion qui porte son nom : la Ch\u00e2taigneraie. Entrez dans un monde couleur ch\u00e2taigne, bourr\u00e9 d\u2019images et de sons, de sculptures et d\u2019objets, de [&hellip;]<\/p>\n","protected":false},"author":2,"featured_media":0,"parent":0,"menu_order":0,"comment_status":"closed","ping_status":"closed","template":"","meta":{"_exactmetrics_skip_tracking":false,"_exactmetrics_sitenote_active":false,"_exactmetrics_sitenote_note":"","_exactmetrics_sitenote_category":0,"jetpack_post_was_ever_published":false,"footnotes":""},"class_list":["post-696","page","type-page","status-publish","hentry"],"jetpack_sharing_enabled":true,"jetpack_shortlink":"https:\/\/wp.me\/PaADkW-be","jetpack-related-posts":[{"id":1178,"url":"https:\/\/puycapel.fr\/index.php\/maison-de-la-chataigne\/","url_meta":{"origin":696,"position":0},"title":"Maison de la ch\u00e2taigne","author":"Mairie Puycapel","date":"3 juin 2019","format":false,"excerpt":"Depuis 1990 la Foire de la Ch\u00e2taigne, la Fi\u00e8ra de la Castanha, anime la commune l\u2019avant-dernier week-end d\u2019octobre. L\u2019association du P\u00e9lou et tout le village se mobilisent pour accueillir plus de 20 000 visiteurs venus de la r\u00e9gion et de beaucoup plus loin. C\u2019est pour unir hier et aujourd\u2019hui que\u2026","rel":"","context":"Article similaire","block_context":{"text":"Article similaire","link":""},"img":{"alt_text":"","src":"https:\/\/i0.wp.com\/puycapel.fr\/wp-content\/uploads\/2019\/06\/epicerie-site-1.jpg?resize=350%2C200&ssl=1","width":350,"height":200},"classes":[]},{"id":1073,"url":"https:\/\/puycapel.fr\/index.php\/site-remarquable-du-gout-mourjou-chataigneraie-cantalienne\/","url_meta":{"origin":696,"position":1},"title":"Site remarquable du go\u00fbt  Mourjou, Ch\u00e2taigneraie cantalienne","author":"Mairie Puycapel","date":"23 mai 2019","format":false,"excerpt":"La Ch\u00e2taigneraie cantalienne a rejoint fin 2018 les 70 sites fran\u00e7ais qui b\u00e9n\u00e9ficient du label \u00ab\u00a0Site remarquable du go\u00fbt\u00a0\u00bb, cr\u00e9\u00e9 en 1995 par les minist\u00e8res de la Culture, du Tourisme, de l\u2019Environnement et de l\u2019agriculture. C\u2019est \u00e9videmment pour son produit embl\u00e9matique qu\u2019est la ch\u00e2taigne que notre pays castanhaire a \u00e9t\u00e9\u2026","rel":"","context":"Article similaire","block_context":{"text":"Article similaire","link":""},"img":{"alt_text":"","src":"https:\/\/i0.wp.com\/puycapel.fr\/wp-content\/uploads\/2019\/05\/LABELOCTOBRE-1.jpg?resize=350%2C200&ssl=1","width":350,"height":200,"srcset":"https:\/\/i0.wp.com\/puycapel.fr\/wp-content\/uploads\/2019\/05\/LABELOCTOBRE-1.jpg?resize=350%2C200&ssl=1 1x, https:\/\/i0.wp.com\/puycapel.fr\/wp-content\/uploads\/2019\/05\/LABELOCTOBRE-1.jpg?resize=525%2C300&ssl=1 1.5x, https:\/\/i0.wp.com\/puycapel.fr\/wp-content\/uploads\/2019\/05\/LABELOCTOBRE-1.jpg?resize=700%2C400&ssl=1 2x, https:\/\/i0.wp.com\/puycapel.fr\/wp-content\/uploads\/2019\/05\/LABELOCTOBRE-1.jpg?resize=1050%2C600&ssl=1 3x, https:\/\/i0.wp.com\/puycapel.fr\/wp-content\/uploads\/2019\/05\/LABELOCTOBRE-1.jpg?resize=1400%2C800&ssl=1 4x"},"classes":[]},{"id":715,"url":"https:\/\/puycapel.fr\/index.php\/les-animations-2019\/","url_meta":{"origin":696,"position":2},"title":"Les animations 2025","author":"Mairie Puycapel","date":"20 mars 2019","format":false,"excerpt":"D\u00e9couvrez le riche programme de la nouvelle saison d'animations 2025 \u00e0 la Maison de la ch\u00e2taigne : PROGRAMME 2025 Toutes les informations https:\/\/maisondelachataigne.com\/","rel":"","context":"Article similaire","block_context":{"text":"Article similaire","link":""},"img":{"alt_text":"","src":"","width":0,"height":0},"classes":[]},{"id":9957,"url":"https:\/\/puycapel.fr\/index.php\/greffe-de-chataigner\/","url_meta":{"origin":696,"position":3},"title":"greffe de chataigner","author":"Antoine Puech","date":"12 avril 2025","format":false,"excerpt":"greffeT\u00e9l\u00e9charger","rel":"","context":"Article similaire","block_context":{"text":"Article similaire","link":""},"img":{"alt_text":"","src":"","width":0,"height":0},"classes":[]},{"id":1198,"url":"https:\/\/puycapel.fr\/index.php\/info-a-communiquer-pour-la-feuille-de-chataigner\/","url_meta":{"origin":696,"position":4},"title":"info a communiquer pour la feuille de chataigner","author":"Antoine Puech","date":"3 juin 2019","format":false,"excerpt":"","rel":"","context":"Article similaire","block_context":{"text":"Article similaire","link":""},"img":{"alt_text":"","src":"","width":0,"height":0},"classes":[]},{"id":806,"url":"https:\/\/puycapel.fr\/index.php\/infos-pour-la-feuille-de-chataigner\/","url_meta":{"origin":696,"position":5},"title":"Infos pour la feuille de Ch\u00e2taignier","author":"Antoine Puech","date":"9 avril 2019","format":false,"excerpt":"","rel":"","context":"Article similaire","block_context":{"text":"Article similaire","link":""},"img":{"alt_text":"","src":"","width":0,"height":0},"classes":[]}],"_links":{"self":[{"href":"https:\/\/puycapel.fr\/index.php\/wp-json\/wp\/v2\/pages\/696","targetHints":{"allow":["GET"]}}],"collection":[{"href":"https:\/\/puycapel.fr\/index.php\/wp-json\/wp\/v2\/pages"}],"about":[{"href":"https:\/\/puycapel.fr\/index.php\/wp-json\/wp\/v2\/types\/page"}],"author":[{"embeddable":true,"href":"https:\/\/puycapel.fr\/index.php\/wp-json\/wp\/v2\/users\/2"}],"replies":[{"embeddable":true,"href":"https:\/\/puycapel.fr\/index.php\/wp-json\/wp\/v2\/comments?post=696"}],"version-history":[{"count":4,"href":"https:\/\/puycapel.fr\/index.php\/wp-json\/wp\/v2\/pages\/696\/revisions"}],"predecessor-version":[{"id":8884,"href":"https:\/\/puycapel.fr\/index.php\/wp-json\/wp\/v2\/pages\/696\/revisions\/8884"}],"wp:attachment":[{"href":"https:\/\/puycapel.fr\/index.php\/wp-json\/wp\/v2\/media?parent=696"}],"curies":[{"name":"wp","href":"https:\/\/api.w.org\/{rel}","templated":true}]}}