{"id":7397,"date":"2022-09-28T21:28:40","date_gmt":"2022-09-28T19:28:40","guid":{"rendered":"https:\/\/puycapel.fr\/?page_id=7397"},"modified":"2022-09-28T21:28:42","modified_gmt":"2022-09-28T19:28:42","slug":"sterilisateur-abc-730-005-standard-notice","status":"publish","type":"page","link":"https:\/\/puycapel.fr\/index.php\/sterilisateur-abc-730-005-standard-notice\/","title":{"rendered":"st\u00e9rilisateur ABC 730 005 standard notice"},"content":{"rendered":"\n<div data-wp-interactive=\"core\/file\" class=\"wp-block-file\"><object data-wp-bind--hidden=\"!state.hasPdfPreview\" hidden class=\"wp-block-file__embed\" data=\"https:\/\/puycapel.fr\/wp-content\/uploads\/2022\/09\/sterilisateur-730-005-standard-ABC.pdf\" type=\"application\/pdf\" style=\"width:100%;height:600px\" aria-label=\"Contenu embarqu\u00e9 Contenu embarqu\u00e9 sterilisateur 730 005 standard ABC..\"><\/object><a id=\"wp-block-file--media-95fcfcf2-7d95-43bb-930e-80307839c178\" href=\"https:\/\/puycapel.fr\/wp-content\/uploads\/2022\/09\/sterilisateur-730-005-standard-ABC.pdf\">sterilisateur 730 005 standard ABC<\/a><a href=\"https:\/\/puycapel.fr\/wp-content\/uploads\/2022\/09\/sterilisateur-730-005-standard-ABC.pdf\" class=\"wp-block-file__button\" download aria-describedby=\"wp-block-file--media-95fcfcf2-7d95-43bb-930e-80307839c178\">T\u00e9l\u00e9charger<\/a><\/div>\n","protected":false},"excerpt":{"rendered":"","protected":false},"author":3,"featured_media":0,"parent":0,"menu_order":0,"comment_status":"closed","ping_status":"closed","template":"","meta":{"_exactmetrics_skip_tracking":false,"_exactmetrics_sitenote_active":false,"_exactmetrics_sitenote_note":"","_exactmetrics_sitenote_category":0,"jetpack_post_was_ever_published":false,"footnotes":""},"class_list":["post-7397","page","type-page","status-publish","hentry"],"jetpack_sharing_enabled":true,"jetpack_shortlink":"https:\/\/wp.me\/PaADkW-1Vj","jetpack-related-posts":[{"id":10248,"url":"https:\/\/puycapel.fr\/index.php\/association-wild-notes-groupe-de-musique\/","url_meta":{"origin":7397,"position":0},"title":"Association WILD NOTES (groupe de musique)","author":"Mairie Puycapel","date":"3 juillet 2025","format":false,"excerpt":"Groupe de musiciens issu de la formation Carte Blanche de Calvinet Reprise standard pop \/ rock bassiste\/batteur\/chanteuse\/guitariste Plus d'infos sur la page Facebook du groupe ici. Contacts: 07 70 07 84 14 wildnotes15@gmail.com https:\/\/www.facebook.com\/share\/1NihqcqrSx","rel":"","context":"Article similaire","block_context":{"text":"Article similaire","link":""},"img":{"alt_text":"","src":"https:\/\/i0.wp.com\/puycapel.fr\/wp-content\/uploads\/2025\/07\/489683298_1210821651047975_3352092215005540462_n.jpg?resize=350%2C200&ssl=1","width":350,"height":200,"srcset":"https:\/\/i0.wp.com\/puycapel.fr\/wp-content\/uploads\/2025\/07\/489683298_1210821651047975_3352092215005540462_n.jpg?resize=350%2C200&ssl=1 1x, https:\/\/i0.wp.com\/puycapel.fr\/wp-content\/uploads\/2025\/07\/489683298_1210821651047975_3352092215005540462_n.jpg?resize=525%2C300&ssl=1 1.5x, https:\/\/i0.wp.com\/puycapel.fr\/wp-content\/uploads\/2025\/07\/489683298_1210821651047975_3352092215005540462_n.jpg?resize=700%2C400&ssl=1 2x, https:\/\/i0.wp.com\/puycapel.fr\/wp-content\/uploads\/2025\/07\/489683298_1210821651047975_3352092215005540462_n.jpg?resize=1050%2C600&ssl=1 3x"},"classes":[]},{"id":9153,"url":"https:\/\/puycapel.fr\/index.php\/abc-2021-2023-livret-biodiversite\/","url_meta":{"origin":7397,"position":1},"title":"ABC 2021\/2023 &#8211; LIVRET BIODIVERSITE","author":"Mairie Puycapel","date":"22 mai 2024","format":false,"excerpt":"LIVRET-ABC-PUYCAPEL_compressed-1T\u00e9l\u00e9charger","rel":"","context":"Article similaire","block_context":{"text":"Article similaire","link":""},"img":{"alt_text":"","src":"","width":0,"height":0},"classes":[]},{"id":3651,"url":"https:\/\/puycapel.fr\/index.php\/atlas-de-la-biodiversite-de-puycapel\/","url_meta":{"origin":7397,"position":2},"title":"ATLAS DE LA BIODIVERSITE 2021\/2023- RAPPORT TECHNIQUE","author":"Mairie Puycapel","date":"12 mars 2021","format":false,"excerpt":"Rapport-technique-ABC-PUYCAPEL_compressed-1T\u00e9l\u00e9charger","rel":"","context":"Article similaire","block_context":{"text":"Article similaire","link":""},"img":{"alt_text":"","src":"","width":0,"height":0},"classes":[]},{"id":1757,"url":"https:\/\/puycapel.fr\/index.php\/liens-avec-la-principaute-de-monaco\/","url_meta":{"origin":7397,"position":3},"title":"Liens avec la Principaut\u00e9 de Monaco","author":"Antoine Puech","date":"24 novembre 2019","format":false,"excerpt":"Les liens entre la Principaut\u00e9 de Monaco et la commune de Calvinet datent du XVII\u00e8me si\u00e8cle.Par le Trait\u00e9 de P\u00e9ronne du 14 septembre 1641, Honor\u00e9 II Grimaldi, Prince de Monaco, abandonne le protectorat de l\u2019Espagne pour se mettre sous la protection du roi de France Louis XIII, qui lui avait\u2026","rel":"","context":"Article similaire","block_context":{"text":"Article similaire","link":""},"img":{"alt_text":"","src":"","width":0,"height":0},"classes":[]},{"id":1754,"url":"https:\/\/puycapel.fr\/index.php\/calvinet-et-eustache-de-beaumarchais\/","url_meta":{"origin":7397,"position":4},"title":"Calvinet et Eustache de Beaumarchais","author":"Antoine Puech","date":"24 novembre 2019","format":false,"excerpt":"Extrait de la notice historique sur le canton de Montsalvy, r\u00e9dig\u00e9e par Gabriel ESQUER (1876-1961), archiviste du d\u00e9partement du Cantal entre 1903 et 1909, publi\u00e9e dans les \u00e9ditions successives de l\u2019annuaire de l\u2019Association amicale des originaires du canton de Montsalvy. Le pr\u00e9sent extrait est tir\u00e9 de l\u2019\u00e9dition de cet annuaire\u2026","rel":"","context":"Article similaire","block_context":{"text":"Article similaire","link":""},"img":{"alt_text":"","src":"","width":0,"height":0},"classes":[]}],"_links":{"self":[{"href":"https:\/\/puycapel.fr\/index.php\/wp-json\/wp\/v2\/pages\/7397","targetHints":{"allow":["GET"]}}],"collection":[{"href":"https:\/\/puycapel.fr\/index.php\/wp-json\/wp\/v2\/pages"}],"about":[{"href":"https:\/\/puycapel.fr\/index.php\/wp-json\/wp\/v2\/types\/page"}],"author":[{"embeddable":true,"href":"https:\/\/puycapel.fr\/index.php\/wp-json\/wp\/v2\/users\/3"}],"replies":[{"embeddable":true,"href":"https:\/\/puycapel.fr\/index.php\/wp-json\/wp\/v2\/comments?post=7397"}],"version-history":[{"count":1,"href":"https:\/\/puycapel.fr\/index.php\/wp-json\/wp\/v2\/pages\/7397\/revisions"}],"predecessor-version":[{"id":7399,"href":"https:\/\/puycapel.fr\/index.php\/wp-json\/wp\/v2\/pages\/7397\/revisions\/7399"}],"wp:attachment":[{"href":"https:\/\/puycapel.fr\/index.php\/wp-json\/wp\/v2\/media?parent=7397"}],"curies":[{"name":"wp","href":"https:\/\/api.w.org\/{rel}","templated":true}]}}

stérilisateur ABC 730 005 standard notice

<div data-wp-interactive="core/file" class="wp-block-file"><object data-wp-bind--hidden="!state.hasPdfPreview" hidden class="wp-block-file__embed" data="https://puycapel.fr/wp-content/uploads/2022/09/sterilisateur-730-005-standard-ABC.pdf" type="application/pdf" style="width:100%;height:600px" aria-label="Contenu embarqué Contenu embarqué sterilisateur 730 005 standard ABC.."></object><a id="wp-block-file--media-95fcfcf2-7d95-43bb-930e-80307839c178" href="https://puycapel.fr/wp-content/uploads/2022/09/sterilisateur-730-005-standard-ABC.pdf">sterilisateur 730 005 standard ABC</a><a href="https://puycapel.fr/wp-content/uploads/2022/09/sterilisateur-730-005-standard-ABC.pdf" class="wp-block-file__button" download aria-describedby="wp-block-file--media-95fcfcf2-7d95-43bb-930e-80307839c178">Télécharger</a></div>

LIVRET-ABC-PUYCAPEL_compressed-1Télécharger

Rapport-technique-ABC-PUYCAPEL_compressed-1Télécharger

Liens avec la Principauté de Monaco

Les liens entre la Principauté de Monaco et la commune de Calvinet datent du XVIIème siècle.Par le Traité de Péronne du 14 septembre 1641, Honoré II Grimaldi, Prince de Monaco, abandonne le protectorat de l’Espagne pour se mettre sous la protection du roi de France Louis XIII, qui lui avait…

Extrait de la notice historique sur le canton de Montsalvy, rédigée par Gabriel ESQUER (1876-1961), archiviste du département du Cantal entre 1903 et 1909, publiée dans les éditions successives de l’annuaire de l’Association amicale des originaires du canton de Montsalvy. Le présent extrait est tiré de l’édition de cet annuaire…
