{"id":9786,"date":"2025-02-17T12:03:41","date_gmt":"2025-02-17T11:03:41","guid":{"rendered":"https:\/\/puycapel.fr\/?page_id=9786"},"modified":"2026-04-23T11:59:57","modified_gmt":"2026-04-23T09:59:57","slug":"contacts-renseignements","status":"publish","type":"page","link":"https:\/\/puycapel.fr\/index.php\/contacts-renseignements\/","title":{"rendered":"Contacts &amp; renseignements"},"content":{"rendered":"\n<p><strong><em>Permanence du Maire<\/em><\/strong><\/p>\n\n\n\n<p>Emmanuel BILLOT, Maire de Puycapel, tient des permanences ouvertes au public, sans rendez-vous :<\/p>\n\n\n\n<p>&nbsp;&#8211; Le 1er samedi de chaque mois de 9h00 \u00e0 12h00 \u00e0 la mairie de Mourjou<\/p>\n\n\n\n<p>&nbsp;&#8211; les autres samedis de 9h00 \u00e0 12h00 \u00e0 la mairie de Calvinet.<\/p>\n\n\n\n<p>&#8212;&#8212;&#8212;&#8212;&#8212;&#8212;&#8212;&#8212;&#8212;&#8212;&#8212;&#8212;-<\/p>\n\n\n\n<p class=\"has-luminous-vivid-amber-background-color has-background\"><strong>ADRESSES POSTALES<\/strong> <strong><em>MAIRIES<\/em><\/strong><\/p>\n\n\n\n<p><a href=\"https:\/\/maps.google.com\/maps?z=16&amp;q=mairie%2Bsi%C3%A8ge%2Bcalvinet%2C%2Bplace%2Bjean%2Bde%2Bbonnefon%2Bmairie%2Bd%C3%A9l%C3%A9gu%C3%A9e%2Bmourjou%2C%2Ble%2Bbourg\" target=\"_blank\" rel=\"noreferrer noopener\">Mairie si\u00e8ge CALVINET, 1 place Jean de Bonnefon CALVINET 15340 PUYCAPEL<br>Mairie d\u00e9l\u00e9gu\u00e9e MOURJOU, Rue du P\u00e9lou MOURJOU 15340 PUYCAPEL<\/a><\/p>\n\n\n\n<p class=\"has-luminous-vivid-amber-background-color has-background\"><strong>HORAIRES D&rsquo;OUVERTURE AU PUBLIC des <\/strong><em><strong>MAIRIE<\/strong><\/em><strong>S:<\/strong><\/p>\n\n\n\n<ul class=\"wp-block-list\">\n<li><strong><em>CALVINET :  <\/em><\/strong>mardi, jeudi, vendredi <strong><em>13h30 \u00e0 16h30<\/em><\/strong> &#8211; T\u00e9l\u00e9phone: <em><strong>04 71 49 94 32<\/strong><\/em><br><\/li>\n\n\n\n<li><strong><em>MOURJOU :<\/em><\/strong> mardi, jeudi, vendredi<strong><em> 9h00 \u00e0 12h00<\/em><\/strong> &#8211; T\u00e9l\u00e9phone: <em><strong>04 71 49 96 37<\/strong><\/em><\/li>\n<\/ul>\n\n\n\n<p class=\"has-luminous-vivid-amber-background-color has-background\"><strong><em>Adresse mail de contact: <\/em><\/strong><a href=\"mailto:mairie@puycapel.fr\">mairie@puycapel.fr<\/a><\/p>\n\n\n\n<p><\/p>\n","protected":false},"excerpt":{"rendered":"<p>Permanence du Maire Emmanuel BILLOT, Maire de Puycapel, tient des permanences ouvertes au public, sans rendez-vous : &nbsp;&#8211; Le 1er samedi de chaque mois de 9h00 \u00e0 12h00 \u00e0 la mairie de Mourjou &nbsp;&#8211; les autres samedis de 9h00 \u00e0 12h00 \u00e0 la mairie de Calvinet. &#8212;&#8212;&#8212;&#8212;&#8212;&#8212;&#8212;&#8212;&#8212;&#8212;&#8212;&#8212;- ADRESSES POSTALES MAIRIES Mairie si\u00e8ge CALVINET, 1 place [&hellip;]<\/p>\n","protected":false},"author":2,"featured_media":0,"parent":0,"menu_order":0,"comment_status":"closed","ping_status":"closed","template":"","meta":{"_exactmetrics_skip_tracking":false,"_exactmetrics_sitenote_active":false,"_exactmetrics_sitenote_note":"","_exactmetrics_sitenote_category":0,"jetpack_post_was_ever_published":false,"footnotes":""},"class_list":["post-9786","page","type-page","status-publish","hentry"],"jetpack_sharing_enabled":true,"jetpack_shortlink":"https:\/\/wp.me\/PaADkW-2xQ","jetpack-related-posts":[{"id":136,"url":"https:\/\/puycapel.fr\/index.php\/accueil\/contactez-nous\/presentation-du-conseil-municipal-de-puycapel-2019\/","url_meta":{"origin":9786,"position":0},"title":"Pr\u00e9sentation du conseil municipal de Puycapel","author":"Antoine Puech","date":"13 janvier 2019","format":false,"excerpt":"Permanence du Maire Emmanuel BILLOT, Maire de Puycapel, tient des permanences ouvertes au public, sans rendez-vous : \u00a0- Le 1er samedi de chaque mois de 9h00 \u00e0 12h00 \u00e0 la mairie de Mourjou \u00a0- les autres samedis de 9h00 \u00e0 12h00 \u00e0 la mairie de Calvinet. ----------------------------------------------------------------- Suite \u00e0 la\u2026","rel":"","context":"Article similaire","block_context":{"text":"Article similaire","link":""},"img":{"alt_text":"","src":"https:\/\/i0.wp.com\/puycapel.fr\/wp-content\/uploads\/2026\/03\/CM-26-A-32.png?resize=350%2C200&ssl=1","width":350,"height":200},"classes":[]},{"id":1141,"url":"https:\/\/puycapel.fr\/index.php\/les-equipements\/","url_meta":{"origin":9786,"position":1},"title":"Equipements et loisirs","author":"Mairie Puycapel","date":"27 mai 2019","format":false,"excerpt":"Toutes les infos touristiques\u00a0: CALVINET\u00a0: agence postale, MOURJOU\u00a0: m\u00e9diath\u00e8que ou https:\/\/chataigneraie-cantal.com\/ Bornes wifi\u00a0: CALVINET\u00a0: agence postale, MOURJOU parking devant la mairie et salle d\u2019activit\u00e9s Terrains de sport \u00e0 Calvinet et Mourjou Salles des f\u00eates \u00e0 Calvinet et Mourjou (grande capacit\u00e9). R\u00e9servation des salles aupr\u00e8s de la mairie. Tarifs : *\u2026","rel":"","context":"Article similaire","block_context":{"text":"Article similaire","link":""},"img":{"alt_text":"","src":"https:\/\/i0.wp.com\/puycapel.fr\/wp-content\/uploads\/2019\/05\/eau-calvinet.jpg?resize=350%2C200&ssl=1","width":350,"height":200},"classes":[]},{"id":83,"url":"https:\/\/puycapel.fr\/index.php\/accueil\/contactez-nous\/","url_meta":{"origin":9786,"position":2},"title":"La municipalit\u00e9","author":"admin5620","date":"2 janvier 2019","format":false,"excerpt":"Tatiana et Nathalie vous accueillent aux secr\u00e9tariats de Mairie Calvinet: Mardi, jeudi et vendredi de 13h30 \u00e0 16h30 Place Jean de Bonnefon Calvinet T\u00e9l. 04 71 49 94 32 Mourjou: Mardi, jeudi et vendredi matin\u00a0de 9h \u00e0 12h00. Le bourg Mourjou Tel :\u00a004 71 49 96 37 Vous pouvez aussi\u2026","rel":"","context":"Article similaire","block_context":{"text":"Article similaire","link":""},"img":{"alt_text":"","src":"","width":0,"height":0},"classes":[]},{"id":2883,"url":"https:\/\/puycapel.fr\/index.php\/urbanisme\/","url_meta":{"origin":9786,"position":3},"title":"Urbanisme","author":"Mairie Puycapel","date":"4 septembre 2020","format":false,"excerpt":"--En priorit\u00e9 d\u00e9posez vos demandes d'urbanisme le mardi, jeudi matin (Mourjou) et vendredi apr\u00e8s-midi (Calvinet)- Les dossiers d'urbanisme sont enregistr\u00e9s en mairie et instruits ensuite par le Service ADS (Autorisation Droit des Sols) de la Communaut\u00e9 d'Agglom\u00e9ration du Bassin d'Aurillac. Pour toute demande de renseignements sur votre projet vous pouvez\u2026","rel":"","context":"Article similaire","block_context":{"text":"Article similaire","link":""},"img":{"alt_text":"","src":"","width":0,"height":0},"classes":[]},{"id":145,"url":"https:\/\/puycapel.fr\/index.php\/accueil\/contactez-nous\/formalites-administratives\/","url_meta":{"origin":9786,"position":4},"title":"Formalit\u00e9s administratives","author":"Antoine Puech","date":"16 janvier 2019","format":false,"excerpt":"SECRETARIAT DE MAIRIE Tatiana MARIE et Nathalie ROBERT-MALVEZIN vous accueillent au secr\u00e9tariat \u00e0 Mourjou les matins de 9h00 \u00e0 12h00 (mardi, jeudi et vendredi) - T 04 71 49 96 37 et \u00e0 Calvinet les apr\u00e8s-midi de 13h30 \u00e0 16h30 (mardi, jeudi et vendredi) - T 04 71 49 94\u2026","rel":"","context":"Article similaire","block_context":{"text":"Article similaire","link":""},"img":{"alt_text":"","src":"","width":0,"height":0},"classes":[]},{"id":656,"url":"https:\/\/puycapel.fr\/index.php\/les-bonnes-adresses\/commerces-et-services\/","url_meta":{"origin":9786,"position":5},"title":"Commerces et services","author":"Mairie Puycapel","date":"18 mars 2019","format":false,"excerpt":"Agriculture Proxiel \u2013 aliment b\u00e9tail, engrais\u00a0: Rue du Colombier CALVINET Alimentation EPICERIE\u00a0: SARL ROUQUIER Sup\u00e9rette 8 \u00e0 8: Alimentation g\u00e9n\u00e9rale, produits r\u00e9gionaux et locaux, presse, fruits et l\u00e9gumes, fromage \u00e0 la coupe, charcuterie etc. \u2013 Rue de la Ch\u00e2taigneraie CALVINET T\u00e9l : \u00a004 71 49 91 65 ou sarl.rouquier@orange.fr BOULANGERIE:\u2026","rel":"","context":"Article similaire","block_context":{"text":"Article similaire","link":""},"img":{"alt_text":"","src":"","width":0,"height":0},"classes":[]}],"_links":{"self":[{"href":"https:\/\/puycapel.fr\/index.php\/wp-json\/wp\/v2\/pages\/9786","targetHints":{"allow":["GET"]}}],"collection":[{"href":"https:\/\/puycapel.fr\/index.php\/wp-json\/wp\/v2\/pages"}],"about":[{"href":"https:\/\/puycapel.fr\/index.php\/wp-json\/wp\/v2\/types\/page"}],"author":[{"embeddable":true,"href":"https:\/\/puycapel.fr\/index.php\/wp-json\/wp\/v2\/users\/2"}],"replies":[{"embeddable":true,"href":"https:\/\/puycapel.fr\/index.php\/wp-json\/wp\/v2\/comments?post=9786"}],"version-history":[{"count":4,"href":"https:\/\/puycapel.fr\/index.php\/wp-json\/wp\/v2\/pages\/9786\/revisions"}],"predecessor-version":[{"id":11146,"href":"https:\/\/puycapel.fr\/index.php\/wp-json\/wp\/v2\/pages\/9786\/revisions\/11146"}],"wp:attachment":[{"href":"https:\/\/puycapel.fr\/index.php\/wp-json\/wp\/v2\/media?parent=9786"}],"curies":[{"name":"wp","href":"https:\/\/api.w.org\/{rel}","templated":true}]}}

<p><strong><em>Permanence du Maire</em></strong></p>



<p>Emmanuel BILLOT, Maire de Puycapel, tient des permanences ouvertes au public, sans rendez-vous :</p>



<p>&nbsp;&#8211; Le 1er samedi de chaque mois de 9h00 à 12h00 à la mairie de Mourjou</p>



<p>&nbsp;&#8211; les autres samedis de 9h00 à 12h00 à la mairie de Calvinet.</p>



<p>&#8212;&#8212;&#8212;&#8212;&#8212;&#8212;&#8212;&#8212;&#8212;&#8212;&#8212;&#8212;-</p>



<p class="has-luminous-vivid-amber-background-color has-background"><strong>ADRESSES POSTALES</strong> <strong><em>MAIRIES</em></strong></p>



<p><a href="https://maps.google.com/maps?z=16&amp;q=mairie%2Bsi%C3%A8ge%2Bcalvinet%2C%2Bplace%2Bjean%2Bde%2Bbonnefon%2Bmairie%2Bd%C3%A9l%C3%A9gu%C3%A9e%2Bmourjou%2C%2Ble%2Bbourg" target="_blank" rel="noreferrer noopener">Mairie siège CALVINET, 1 place Jean de Bonnefon CALVINET 15340 PUYCAPEL<br>Mairie déléguée MOURJOU, Rue du Pélou MOURJOU 15340 PUYCAPEL</a></p>



<p class="has-luminous-vivid-amber-background-color has-background"><strong>HORAIRES D&rsquo;OUVERTURE AU PUBLIC des </strong><em><strong>MAIRIE</strong></em><strong>S:</strong></p>



<ul class="wp-block-list">
<li><strong><em>CALVINET :  </em></strong>mardi, jeudi, vendredi <strong><em>13h30 à 16h30</em></strong> &#8211; Téléphone: <em><strong>04 71 49 94 32</strong></em><br></li>



<li><strong><em>MOURJOU :</em></strong> mardi, jeudi, vendredi<strong><em> 9h00 à 12h00</em></strong> &#8211; Téléphone: <em><strong>04 71 49 96 37</strong></em></li>
</ul>



<p class="has-luminous-vivid-amber-background-color has-background"><strong><em>Adresse mail de contact: </em></strong><a href="mailto:mairie@puycapel.fr">mairie@puycapel.fr</a></p>



<p></p>

<p>Permanence du Maire Emmanuel BILLOT, Maire de Puycapel, tient des permanences ouvertes au public, sans rendez-vous : &nbsp;&#8211; Le 1er samedi de chaque mois de 9h00 à 12h00 à la mairie de Mourjou &nbsp;&#8211; les autres samedis de 9h00 à 12h00 à la mairie de Calvinet. &#8212;&#8212;&#8212;&#8212;&#8212;&#8212;&#8212;&#8212;&#8212;&#8212;&#8212;&#8212;- ADRESSES POSTALES MAIRIES Mairie siège CALVINET, 1 place [&hellip;]</p>

Présentation du conseil municipal de Puycapel

Permanence du Maire Emmanuel BILLOT, Maire de Puycapel, tient des permanences ouvertes au public, sans rendez-vous :  - Le 1er samedi de chaque mois de 9h00 à 12h00 à la mairie de Mourjou  - les autres samedis de 9h00 à 12h00 à la mairie de Calvinet. ----------------------------------------------------------------- Suite à la…

Toutes les infos touristiques : CALVINET : agence postale, MOURJOU : médiathèque ou https://chataigneraie-cantal.com/ Bornes wifi : CALVINET : agence postale, MOURJOU parking devant la mairie et salle d’activités Terrains de sport à Calvinet et Mourjou Salles des fêtes à Calvinet et Mourjou (grande capacité). Réservation des salles auprès de la mairie. Tarifs : *…

La municipalité

Tatiana et Nathalie vous accueillent aux secrétariats de Mairie Calvinet: Mardi, jeudi et vendredi de 13h30 à 16h30 Place Jean de Bonnefon Calvinet Tél. 04 71 49 94 32 Mourjou: Mardi, jeudi et vendredi matin de 9h à 12h00. Le bourg Mourjou Tel : 04 71 49 96 37 Vous pouvez aussi…

--En priorité déposez vos demandes d'urbanisme le mardi, jeudi matin (Mourjou) et vendredi après-midi (Calvinet)- Les dossiers d'urbanisme sont enregistrés en mairie et instruits ensuite par le Service ADS (Autorisation Droit des Sols) de la Communauté d'Agglomération du Bassin d'Aurillac. Pour toute demande de renseignements sur votre projet vous pouvez…

Formalités administratives

SECRETARIAT DE MAIRIE Tatiana MARIE et Nathalie ROBERT-MALVEZIN vous accueillent au secrétariat à Mourjou les matins de 9h00 à 12h00 (mardi, jeudi et vendredi) - T 04 71 49 96 37 et à Calvinet les après-midi de 13h30 à 16h30 (mardi, jeudi et vendredi) - T 04 71 49 94…

Agriculture Proxiel – aliment bétail, engrais : Rue du Colombier CALVINET Alimentation EPICERIE : SARL ROUQUIER Supérette 8 à 8: Alimentation générale, produits régionaux et locaux, presse, fruits et légumes, fromage à la coupe, charcuterie etc. – Rue de la Châtaigneraie CALVINET Tél :  04 71 49 91 65 ou sarl.rouquier@orange.fr BOULANGERIE:…
